{"id":4020,"date":"2026-04-28T10:47:01","date_gmt":"2026-04-28T10:47:01","guid":{"rendered":"https:\/\/rcsyd.se\/swedeamp\/?page_id=4020"},"modified":"2026-04-28T10:48:18","modified_gmt":"2026-04-28T10:48:18","slug":"2026-2","status":"publish","type":"page","link":"https:\/\/rcsyd.se\/swedeamp\/om-swedeamp\/anvandarmoten\/2026-2","title":{"rendered":"2026"},"content":{"rendered":"<h1>2026<\/h1>\n<p>V\u00e4lkommen till SwedeAmps (Amputations- och protesregister f\u00f6r nedre extremiteten) anv\u00e4ndarm\u00f6te 2026!<\/p>\n<p><strong>Datum:<\/strong> 19\u201320 oktober<\/p>\n<p><strong>Tid:<\/strong> Start 12:00 den 19 oktober och avslut 12:00 den 20 oktober<\/p>\n<p><strong>Plats:<\/strong> V\u00e4xj\u00f6 Konserthus<\/p>\n<h2>Inbjudan, program och anm\u00e4lan<\/h2>\n<p><a href=\"https:\/\/rcsyd.se\/swedeamp\/wp-content\/uploads\/sites\/21\/2026\/04\/Inbjudan-till-SwedeAmp-mote-2026.pdf\" target=\"_blank\" rel=\"noopener\">Klicka h\u00e4r f\u00f6r att ladda ner fullst\u00e4ndig inbjudan med program och anm\u00e4lningsinformation<\/a> (PDF-format 4 MB).<\/p>\n<p><a href=\"https:\/\/rcsyd.se\/swedeamp\/wp-content\/uploads\/sites\/21\/2026\/04\/Anmalningsblankett-till-SwedeAmp-mote-2026.docx\" target=\"_blank\" rel=\"noopener\">Klicka h\u00e4r f\u00f6r att ladda ner anm\u00e4lningsblankett<\/a> (Word-format, 64 kB).<\/p>\n","protected":false},"excerpt":{"rendered":"<p>2026 V\u00e4lkommen till SwedeAmps (Amputations- och protesregister f\u00f6r nedre extremiteten) anv\u00e4ndarm\u00f6te 2026! Datum: 19\u201320 oktober Tid: Start 12:00 den 19 oktober och avslut 12:00 den 20 oktober Plats: V\u00e4xj\u00f6 Konserthus Inbjudan, program och anm\u00e4lan Klicka h\u00e4r f\u00f6r att ladda ner fullst\u00e4ndig inbjudan med program och anm\u00e4lningsinformation (PDF-format 4 MB). Klicka h\u00e4r f\u00f6r att ladda ner&#8230; <a class=\"read-more\" href=\"https:\/\/rcsyd.se\/swedeamp\/om-swedeamp\/anvandarmoten\/2026-2\">L\u00e4s mer<\/a><\/p>\n","protected":false},"author":3,"featured_media":0,"parent":2805,"menu_order":0,"comment_status":"closed","ping_status":"closed","template":"","meta":{"_acf_changed":false,"footnotes":""},"acf":[],"_links":{"self":[{"href":"https:\/\/rcsyd.se\/swedeamp\/wp-json\/wp\/v2\/pages\/4020"}],"collection":[{"href":"https:\/\/rcsyd.se\/swedeamp\/wp-json\/wp\/v2\/pages"}],"about":[{"href":"https:\/\/rcsyd.se\/swedeamp\/wp-json\/wp\/v2\/types\/page"}],"author":[{"embeddable":true,"href":"https:\/\/rcsyd.se\/swedeamp\/wp-json\/wp\/v2\/users\/3"}],"replies":[{"embeddable":true,"href":"https:\/\/rcsyd.se\/swedeamp\/wp-json\/wp\/v2\/comments?post=4020"}],"version-history":[{"count":3,"href":"https:\/\/rcsyd.se\/swedeamp\/wp-json\/wp\/v2\/pages\/4020\/revisions"}],"predecessor-version":[{"id":4025,"href":"https:\/\/rcsyd.se\/swedeamp\/wp-json\/wp\/v2\/pages\/4020\/revisions\/4025"}],"up":[{"embeddable":true,"href":"https:\/\/rcsyd.se\/swedeamp\/wp-json\/wp\/v2\/pages\/2805"}],"wp:attachment":[{"href":"https:\/\/rcsyd.se\/swedeamp\/wp-json\/wp\/v2\/media?parent=4020"}],"curies":[{"name":"wp","href":"https:\/\/api.w.org\/{rel}","templated":true}]}}

<h1>2026</h1>
<p>Välkommen till SwedeAmps (Amputations- och protesregister för nedre extremiteten) användarmöte 2026!</p>
<p><strong>Datum:</strong> 19–20 oktober</p>
<p><strong>Tid:</strong> Start 12:00 den 19 oktober och avslut 12:00 den 20 oktober</p>
<p><strong>Plats:</strong> Växjö Konserthus</p>
<h2>Inbjudan, program och anmälan</h2>
<p><a href="https://rcsyd.se/swedeamp/wp-content/uploads/sites/21/2026/04/Inbjudan-till-SwedeAmp-mote-2026.pdf" target="_blank" rel="noopener">Klicka här för att ladda ner fullständig inbjudan med program och anmälningsinformation</a> (PDF-format 4 MB).</p>
<p><a href="https://rcsyd.se/swedeamp/wp-content/uploads/sites/21/2026/04/Anmalningsblankett-till-SwedeAmp-mote-2026.docx" target="_blank" rel="noopener">Klicka här för att ladda ner anmälningsblankett</a> (Word-format, 64 kB).</p>

<p>2026 Välkommen till SwedeAmps (Amputations- och protesregister för nedre extremiteten) användarmöte 2026! Datum: 19–20 oktober Tid: Start 12:00 den 19 oktober och avslut 12:00 den 20 oktober Plats: Växjö Konserthus Inbjudan, program och anmälan Klicka här för att ladda ner fullständig inbjudan med program och anmälningsinformation (PDF-format 4 MB). Klicka här för att ladda ner&#8230; <a class="read-more" href="https://rcsyd.se/swedeamp/om-swedeamp/anvandarmoten/2026-2">Läs mer</a></p>
