{"id":3973,"date":"2026-02-05T12:32:03","date_gmt":"2026-02-05T12:32:03","guid":{"rendered":"https:\/\/rcsyd.se\/swedeamp\/?page_id=3973"},"modified":"2026-02-05T13:59:17","modified_gmt":"2026-02-05T13:59:17","slug":"datauttag","status":"publish","type":"page","link":"https:\/\/rcsyd.se\/swedeamp\/forskning\/datauttag","title":{"rendered":"Datauttag"},"content":{"rendered":"<h1>Datauttag<\/h1>\n<p>Vi v\u00e4lkomnar att data fr\u00e5n SwedeAmp (Amputations- och protesregister f\u00f6r nedre extremiteten) anv\u00e4nds f\u00f6r forskning. F\u00f6r detta kr\u00e4vs tv\u00e5 olika tillst\u00e5nd, f\u00f6rst fr\u00e5n Etikpr\u00f6vningsmyndigheten och d\u00e4refter fr\u00e5n Region Sk\u00e5ne genom en godk\u00e4nd s\u00e5 kallad KVB-ans\u00f6kan. KVB st\u00e5r f\u00f6r Kvalitetsregister, V\u00e5rddatabaser och Beredningsfunktionen. B\u00e5da ans\u00f6kningar har en kostnad som den ans\u00f6kande forskaren sj\u00e4lv st\u00e5r f\u00f6r.<\/p>\n<p>Du hittar detaljerad information via l\u00e4nkarna nedan.<\/p>\n<h2>Ans\u00f6kan om etikpr\u00f6vning<\/h2>\n<p>Hos Etikpr\u00f6vningsmyndigheten ans\u00f6ker du om etikpr\u00f6vning.<\/p>\n<p><a href=\"https:\/\/etikprovningsmyndigheten.se\/\" target=\"_blank\" rel=\"noopener\">Klicka h\u00e4r f\u00f6r att komma till Etikpr\u00f6vningsmyndighetens startsida.<\/a><\/p>\n<h2>Ans\u00f6kan om datauttag<\/h2>\n<p>Hos Region Sk\u00e5ne ans\u00f6ker du om datauttag via KVB-ans\u00f6kan.<\/p>\n<p><a href=\"https:\/\/www.skane.se\/om-region-skane\/forskning\/for-dig-som-forskar\/personuppgifter-och-patientdata\/kvb-ansokan-for-utlamnande-av-patientdata\/\" target=\"_blank\" rel=\"noopener\">Klicka h\u00e4r f\u00f6r att komma till Region Sk\u00e5nes sida f\u00f6r KVB-ans\u00f6kan.<\/a><\/p>\n<h2>SwedeAmps variabler hos Vetenskapsr\u00e5det<\/h2>\n<p>Hos Vetenskapsr\u00e5det hittar du i deras verktyg RUT (Register Utiliser Tool) beskrivningar av SwedeAmps alla variabler. F\u00f6r tillg\u00e5ng till verktyget beh\u00f6ver du en inloggning.<\/p>\n<p><a href=\"https:\/\/rut.registerforskning.se\/\" target=\"_blank\" rel=\"noopener\">Klicka h\u00e4r f\u00f6r att komma till Vetenskapsr\u00e5dets verktyg RUT.<\/a><\/p>\n<h2>Kontakt med SwedeAmp<\/h2>\n<p>Har du funderingar runt ett kommande forskningsprojekt baserat p\u00e5 SwedeAmp-data \u00e4r du alltid v\u00e4lkommen att st\u00e4lla fr\u00e5gor via <a href=\"mailto:info@swedeamp.com\">info@swedeamp.com<\/a> s\u00e5 kommer du i kontakt med styrgruppen.<\/p>\n","protected":false},"excerpt":{"rendered":"<p>Datauttag Vi v\u00e4lkomnar att data fr\u00e5n SwedeAmp (Amputations- och protesregister f\u00f6r nedre extremiteten) anv\u00e4nds f\u00f6r forskning. F\u00f6r detta kr\u00e4vs tv\u00e5 olika tillst\u00e5nd, f\u00f6rst fr\u00e5n Etikpr\u00f6vningsmyndigheten och d\u00e4refter fr\u00e5n Region Sk\u00e5ne genom en godk\u00e4nd s\u00e5 kallad KVB-ans\u00f6kan. KVB st\u00e5r f\u00f6r Kvalitetsregister, V\u00e5rddatabaser och Beredningsfunktionen. B\u00e5da ans\u00f6kningar har en kostnad som den ans\u00f6kande forskaren sj\u00e4lv st\u00e5r f\u00f6r&#8230;. <a class=\"read-more\" href=\"https:\/\/rcsyd.se\/swedeamp\/forskning\/datauttag\">L\u00e4s mer<\/a><\/p>\n","protected":false},"author":3,"featured_media":0,"parent":3967,"menu_order":0,"comment_status":"closed","ping_status":"closed","template":"","meta":{"_acf_changed":false,"footnotes":""},"acf":[],"_links":{"self":[{"href":"https:\/\/rcsyd.se\/swedeamp\/wp-json\/wp\/v2\/pages\/3973"}],"collection":[{"href":"https:\/\/rcsyd.se\/swedeamp\/wp-json\/wp\/v2\/pages"}],"about":[{"href":"https:\/\/rcsyd.se\/swedeamp\/wp-json\/wp\/v2\/types\/page"}],"author":[{"embeddable":true,"href":"https:\/\/rcsyd.se\/swedeamp\/wp-json\/wp\/v2\/users\/3"}],"replies":[{"embeddable":true,"href":"https:\/\/rcsyd.se\/swedeamp\/wp-json\/wp\/v2\/comments?post=3973"}],"version-history":[{"count":6,"href":"https:\/\/rcsyd.se\/swedeamp\/wp-json\/wp\/v2\/pages\/3973\/revisions"}],"predecessor-version":[{"id":3983,"href":"https:\/\/rcsyd.se\/swedeamp\/wp-json\/wp\/v2\/pages\/3973\/revisions\/3983"}],"up":[{"embeddable":true,"href":"https:\/\/rcsyd.se\/swedeamp\/wp-json\/wp\/v2\/pages\/3967"}],"wp:attachment":[{"href":"https:\/\/rcsyd.se\/swedeamp\/wp-json\/wp\/v2\/media?parent=3973"}],"curies":[{"name":"wp","href":"https:\/\/api.w.org\/{rel}","templated":true}]}}