{"id":3675,"date":"2024-08-12T09:16:09","date_gmt":"2024-08-12T09:16:09","guid":{"rendered":"https:\/\/rcsyd.se\/swedeamp\/?page_id=3675"},"modified":"2024-09-30T07:20:03","modified_gmt":"2024-09-30T07:20:03","slug":"kontakt","status":"publish","type":"page","link":"https:\/\/rcsyd.se\/swedeamp\/kontakt","title":{"rendered":"Kontakt"},"content":{"rendered":"<h1>Kontakt<\/h1>\n<h2>Allm\u00e4nna fr\u00e5gor<\/h2>\n<p>F\u00f6r kontakt med registret i allm\u00e4nna fr\u00e5gor anv\u00e4nd kontaktformul\u00e4ret nedan eller h\u00f6r av er direkt till <a href=\"mailto:info@swedeamp.com\">info@swedeamp.com<\/a>.<\/p>\n<h2>Inloggningsrelaterade eller tekniska fr\u00e5gor<\/h2>\n<p>F\u00f6r fr\u00e5gor som r\u00f6r inloggning till eller problem med registerplattformen kontakta Registercentrum Syd via <a href=\"mailto:penelope.lindegren@skane.se\">penelope.lindegren@skane.se<\/a>.<\/p>\n","protected":false},"excerpt":{"rendered":"<p>Kontakt Allm\u00e4nna fr\u00e5gor F\u00f6r kontakt med registret i allm\u00e4nna fr\u00e5gor anv\u00e4nd kontaktformul\u00e4ret nedan eller h\u00f6r av er direkt till info@swedeamp.com. Inloggningsrelaterade eller tekniska fr\u00e5gor F\u00f6r fr\u00e5gor som r\u00f6r inloggning till eller problem med registerplattformen kontakta Registercentrum Syd via penelope.lindegren@skane.se.<\/p>\n","protected":false},"author":3,"featured_media":0,"parent":0,"menu_order":0,"comment_status":"closed","ping_status":"closed","template":"templates\/contact-template.php","meta":{"_acf_changed":false,"footnotes":""},"acf":[],"_links":{"self":[{"href":"https:\/\/rcsyd.se\/swedeamp\/wp-json\/wp\/v2\/pages\/3675"}],"collection":[{"href":"https:\/\/rcsyd.se\/swedeamp\/wp-json\/wp\/v2\/pages"}],"about":[{"href":"https:\/\/rcsyd.se\/swedeamp\/wp-json\/wp\/v2\/types\/page"}],"author":[{"embeddable":true,"href":"https:\/\/rcsyd.se\/swedeamp\/wp-json\/wp\/v2\/users\/3"}],"replies":[{"embeddable":true,"href":"https:\/\/rcsyd.se\/swedeamp\/wp-json\/wp\/v2\/comments?post=3675"}],"version-history":[{"count":3,"href":"https:\/\/rcsyd.se\/swedeamp\/wp-json\/wp\/v2\/pages\/3675\/revisions"}],"predecessor-version":[{"id":3762,"href":"https:\/\/rcsyd.se\/swedeamp\/wp-json\/wp\/v2\/pages\/3675\/revisions\/3762"}],"wp:attachment":[{"href":"https:\/\/rcsyd.se\/swedeamp\/wp-json\/wp\/v2\/media?parent=3675"}],"curies":[{"name":"wp","href":"https:\/\/api.w.org\/{rel}","templated":true}]}}