{"id":3537,"date":"2024-08-08T10:01:13","date_gmt":"2024-08-08T10:01:13","guid":{"rendered":"https:\/\/rcsyd.se\/swedeamp\/?page_id=3537"},"modified":"2024-08-08T10:54:39","modified_gmt":"2024-08-08T10:54:39","slug":"artiklar-och-inslag-i-massmedia","status":"publish","type":"page","link":"https:\/\/rcsyd.se\/swedeamp\/publikationer\/artiklar-och-inslag-i-massmedia","title":{"rendered":"Artiklar och inslag i massmedia"},"content":{"rendered":"<h1>Artiklar och inslag i massmedia<\/h1>\n<h2>Tidningsartiklar<\/h2>\n<p>Rapport fr\u00e5n workshop och information Sthlm 15 nov 2018: Ortopediskt Magasin 2018; 4: 26-27.<br \/>\n<a href=\"https:\/\/issuu.com\/ortopedisktmagasin\/docs\/om_4_2018\/26\" target=\"_blank\" rel=\"noopener\">Klicka h\u00e4r f\u00f6r att komma till artikeln.<\/a><\/p>\n<p>Jarl, Gustav och Johannesson, Anton, L\u00e5t inte orten styra var benet amputeras. Dagens Medicin 2016-11-28<br \/>\n<a href=\"https:\/\/www.dagensmedicin.se\/artiklar\/2016\/11\/28\/lat-inte-orten-styra-hur-hogt-upp-benet-amputeras\/\" target=\"_blank\" rel=\"noopener\">Klicka h\u00e4r f\u00f6r att komma till artikeln.<\/a><\/p>\n<p>Larsson, Jan, SwedeAmp \u2013 Amputations- och Protesregistret f\u00f6r nedre extremiteten. Ett kvalitetsregister f\u00f6r en central l\u00e4nk i en l\u00e5ng v\u00e5rdkedja. Diabetolognytt 2015; 28(1-2): 21-22.<br \/>\n<a href=\"http:\/\/swedeamp.com\/wp-content\/uploads\/2019\/03\/Diabetolognytt-2015.pdf\" target=\"_blank\" rel=\"noopener\">Klicka h\u00e4r f\u00f6r att komma till artikeln.<\/a><\/p>\n<p>Larsson, Jan och S\u00f6derberg, Bengt, Amputation: Varf\u00f6r, hur \u2013 och sedan? Ortopediskt Magasin 2014; 2: 10-11.<br \/>\n<a href=\"http:\/\/issuu.com\/jesper.ohlsson\/docs\/om-2-2014-hela-tidning\/10\" target=\"_blank\" rel=\"noopener\">Klicka h\u00e4r f\u00f6r att komma till artikeln.<\/a><\/p>\n<h2>Radio- och poddinslag<\/h2>\n<h2>TV-inslag<\/h2>\n","protected":false},"excerpt":{"rendered":"<p>Artiklar och inslag i massmedia Tidningsartiklar Rapport fr\u00e5n workshop och information Sthlm 15 nov 2018: Ortopediskt Magasin 2018; 4: 26-27. Klicka h\u00e4r f\u00f6r att komma till artikeln. Jarl, Gustav och Johannesson, Anton, L\u00e5t inte orten styra var benet amputeras. Dagens Medicin 2016-11-28 Klicka h\u00e4r f\u00f6r att komma till artikeln. Larsson, Jan, SwedeAmp \u2013 Amputations- och&#8230; <a class=\"read-more\" href=\"https:\/\/rcsyd.se\/swedeamp\/publikationer\/artiklar-och-inslag-i-massmedia\">L\u00e4s mer<\/a><\/p>\n","protected":false},"author":3,"featured_media":0,"parent":3635,"menu_order":0,"comment_status":"closed","ping_status":"closed","template":"","meta":{"_acf_changed":false,"footnotes":""},"acf":[],"_links":{"self":[{"href":"https:\/\/rcsyd.se\/swedeamp\/wp-json\/wp\/v2\/pages\/3537"}],"collection":[{"href":"https:\/\/rcsyd.se\/swedeamp\/wp-json\/wp\/v2\/pages"}],"about":[{"href":"https:\/\/rcsyd.se\/swedeamp\/wp-json\/wp\/v2\/types\/page"}],"author":[{"embeddable":true,"href":"https:\/\/rcsyd.se\/swedeamp\/wp-json\/wp\/v2\/users\/3"}],"replies":[{"embeddable":true,"href":"https:\/\/rcsyd.se\/swedeamp\/wp-json\/wp\/v2\/comments?post=3537"}],"version-history":[{"count":2,"href":"https:\/\/rcsyd.se\/swedeamp\/wp-json\/wp\/v2\/pages\/3537\/revisions"}],"predecessor-version":[{"id":3551,"href":"https:\/\/rcsyd.se\/swedeamp\/wp-json\/wp\/v2\/pages\/3537\/revisions\/3551"}],"up":[{"embeddable":true,"href":"https:\/\/rcsyd.se\/swedeamp\/wp-json\/wp\/v2\/pages\/3635"}],"wp:attachment":[{"href":"https:\/\/rcsyd.se\/swedeamp\/wp-json\/wp\/v2\/media?parent=3537"}],"curies":[{"name":"wp","href":"https:\/\/api.w.org\/{rel}","templated":true}]}}

<h1>Artiklar och inslag i massmedia</h1>
<h2>Tidningsartiklar</h2>
<p>Rapport från workshop och information Sthlm 15 nov 2018: Ortopediskt Magasin 2018; 4: 26-27.<br />
<a href="https://issuu.com/ortopedisktmagasin/docs/om_4_2018/26" target="_blank" rel="noopener">Klicka här för att komma till artikeln.</a></p>
<p>Jarl, Gustav och Johannesson, Anton, Låt inte orten styra var benet amputeras. Dagens Medicin 2016-11-28<br />
<a href="https://www.dagensmedicin.se/artiklar/2016/11/28/lat-inte-orten-styra-hur-hogt-upp-benet-amputeras/" target="_blank" rel="noopener">Klicka här för att komma till artikeln.</a></p>
<p>Larsson, Jan, SwedeAmp – Amputations- och Protesregistret för nedre extremiteten. Ett kvalitetsregister för en central länk i en lång vårdkedja. Diabetolognytt 2015; 28(1-2): 21-22.<br />
<a href="http://swedeamp.com/wp-content/uploads/2019/03/Diabetolognytt-2015.pdf" target="_blank" rel="noopener">Klicka här för att komma till artikeln.</a></p>
<p>Larsson, Jan och Söderberg, Bengt, Amputation: Varför, hur – och sedan? Ortopediskt Magasin 2014; 2: 10-11.<br />
<a href="http://issuu.com/jesper.ohlsson/docs/om-2-2014-hela-tidning/10" target="_blank" rel="noopener">Klicka här för att komma till artikeln.</a></p>
<h2>Radio- och poddinslag</h2>
<h2>TV-inslag</h2>

<p>Artiklar och inslag i massmedia Tidningsartiklar Rapport från workshop och information Sthlm 15 nov 2018: Ortopediskt Magasin 2018; 4: 26-27. Klicka här för att komma till artikeln. Jarl, Gustav och Johannesson, Anton, Låt inte orten styra var benet amputeras. Dagens Medicin 2016-11-28 Klicka här för att komma till artikeln. Larsson, Jan, SwedeAmp – Amputations- och&#8230; <a class="read-more" href="https://rcsyd.se/swedeamp/publikationer/artiklar-och-inslag-i-massmedia">Läs mer</a></p>
