{"id":3147,"date":"2023-10-20T14:40:17","date_gmt":"2023-10-20T14:40:17","guid":{"rendered":"https:\/\/rcsyd.se\/swedeamp\/?page_id=3147"},"modified":"2025-11-19T13:10:16","modified_gmt":"2025-11-19T13:10:16","slug":"2023-2","status":"publish","type":"page","link":"https:\/\/rcsyd.se\/swedeamp\/om-swedeamp\/anvandarmoten\/2023-2","title":{"rendered":"2023"},"content":{"rendered":"<h1>2023<\/h1>\n<h2>Inledning och program<\/h2>\n<p><a href=\"https:\/\/rcsyd.se\/swedeamp\/wp-content\/uploads\/sites\/21\/2024\/05\/Program-Vaxjo-2023.pdf\" target=\"_blank\" rel=\"noopener\">Program V\u00e4xjo 2023 \u2013 SwedeAmp<\/a> (PDF-format, 236 kB)<\/p>\n<h2>Presentationer i programordning<\/h2>\n<p><a href=\"https:\/\/rcsyd.se\/swedeamp\/wp-content\/uploads\/sites\/21\/2024\/05\/Vaxjos-vardkedja-vid-benamputation-\u2013-Teamet-i-Vaxjo.pdf\" target=\"_blank\" rel=\"noopener\">V\u00e4xj\u00f6s v\u00e5rdkedja vid benamputation \u2013 Teamet i V\u00e4xj\u00f6<\/a> (PDF-format, 2 MB)<\/p>\n<p><a href=\"https:\/\/rcsyd.se\/swedeamp\/wp-content\/uploads\/sites\/21\/2024\/05\/Datastyrda-protesknaleder-\u2013-Otto-Bock.pdf\" target=\"_blank\" rel=\"noopener\">Datastyrda proteskn\u00e4leder \u2013 Otto Bock<\/a> (PDF-format, 2 MB)<\/p>\n<p><a href=\"https:\/\/rcsyd.se\/swedeamp\/wp-content\/uploads\/sites\/21\/2024\/05\/Arsrapport-2022-med-diskussion-\u2013-SwedeAmp.pdf\" target=\"_blank\" rel=\"noopener\">\u00c5rsrapport 2022 med diskussion \u2013 SwedeAmp<\/a> (PDF-format, 2 MB)<\/p>\n<p><a href=\"https:\/\/rcsyd.se\/swedeamp\/wp-content\/uploads\/sites\/21\/2024\/05\/Registercentrum-Syd-bakom-kulisserna-\u2013-Registercentrum-Syd.pdf\" target=\"_blank\" rel=\"noopener\">Registercentrum Syd bakom kulisserna \u2013 Registercentrum Syd<\/a> (PDF-format, 404 kB)<\/p>\n<p><a href=\"https:\/\/rcsyd.se\/swedeamp\/wp-content\/uploads\/sites\/21\/2024\/05\/Efter-covid-\u2013-vad-ser-vi-\u2013-SwedeAmp.pdf\" target=\"_blank\" rel=\"noopener\">Efter covid \u2013 vad ser vi? \u2013 SwedeAmp<\/a> (PDF-format, 99 kB)<\/p>\n<p><a href=\"https:\/\/rcsyd.se\/swedeamp\/wp-content\/uploads\/sites\/21\/2024\/05\/Momentum-Sverige-\u2013-Christoffer-Lindhe.pdf\" target=\"_blank\" rel=\"noopener\">Momentum Sverige \u2013 Christoffer Lindhe<\/a> (PDF-format, 2 MB)<\/p>\n<p><a href=\"https:\/\/rcsyd.se\/swedeamp\/wp-content\/uploads\/sites\/21\/2024\/05\/Baselinedata-\u2013-varfor-\u2013-SwedeAmp.pdf\" target=\"_blank\" rel=\"noopener\">Baselinedata \u2013 varf\u00f6r? \u2013 Swedeamp<\/a> (PDF-format, 136 kB)<\/p>\n<p><a href=\"https:\/\/rcsyd.se\/swedeamp\/wp-content\/uploads\/sites\/21\/2025\/11\/Undertrycksbehandling-av-amputationsar-\u2013-Viveka-Larsson-Ryhov-Jonkoping.pdf\" target=\"_blank\" rel=\"noopener\">Undertrycksbehandling av amputationss\u00e5r \u2013 Viveka Larsson, Ryhov J\u00f6nk\u00f6ping<\/a> (PDF-format, 480 kB)<\/p>\n<p><a href=\"https:\/\/rcsyd.se\/swedeamp\/wp-content\/uploads\/sites\/21\/2025\/11\/DS-interface-som-en-del-av-larbensprotes-\u2013-Ossur.pdf\" target=\"_blank\" rel=\"noopener\">DS interface som en del av l\u00e5rbensprotes \u2013 \u00d6ssur<\/a> (PDF-format, 2 MB)<\/p>\n<p><a href=\"https:\/\/rcsyd.se\/swedeamp\/wp-content\/uploads\/sites\/21\/2025\/11\/Regionala-skillnader-\u2013-verksamhetsutveckling-baserad-pa-lokal-SwedeAmp-statistik-och-Varden-i-siffror-\u2013-SwedeAmp.pdf\" target=\"_blank\" rel=\"noopener\">Regionala skillnader \u2013 verksamhetsutveckling baserad p\u00e5 lokal SwedeAmp-statistik och V\u00e5rden i siffror \u2013 SwedeAmp<\/a> (PDF-format, 2 MB)<\/p>\n<p><a href=\"https:\/\/rcsyd.se\/swedeamp\/wp-content\/uploads\/sites\/21\/2025\/11\/Forskning-pa-SwedeAmp-data-\u2013-SwedeAmp.pdf\" target=\"_blank\" rel=\"noopener\">Forskning p\u00e5 SwedeAmp-data \u2013 SwedeAmp<\/a> (PDF-format, 525 kB)<\/p>\n","protected":false},"excerpt":{"rendered":"<p>2023 Inledning och program Program V\u00e4xjo 2023 \u2013 SwedeAmp (PDF-format, 236 kB) Presentationer i programordning V\u00e4xj\u00f6s v\u00e5rdkedja vid benamputation \u2013 Teamet i V\u00e4xj\u00f6 (PDF-format, 2 MB) Datastyrda proteskn\u00e4leder \u2013 Otto Bock (PDF-format, 2 MB) \u00c5rsrapport 2022 med diskussion \u2013 SwedeAmp (PDF-format, 2 MB) Registercentrum Syd bakom kulisserna \u2013 Registercentrum Syd (PDF-format, 404 kB) Efter covid&#8230; <a class=\"read-more\" href=\"https:\/\/rcsyd.se\/swedeamp\/om-swedeamp\/anvandarmoten\/2023-2\">L\u00e4s mer<\/a><\/p>\n","protected":false},"author":3,"featured_media":0,"parent":2805,"menu_order":0,"comment_status":"closed","ping_status":"closed","template":"","meta":{"_acf_changed":false,"footnotes":""},"acf":[],"_links":{"self":[{"href":"https:\/\/rcsyd.se\/swedeamp\/wp-json\/wp\/v2\/pages\/3147"}],"collection":[{"href":"https:\/\/rcsyd.se\/swedeamp\/wp-json\/wp\/v2\/pages"}],"about":[{"href":"https:\/\/rcsyd.se\/swedeamp\/wp-json\/wp\/v2\/types\/page"}],"author":[{"embeddable":true,"href":"https:\/\/rcsyd.se\/swedeamp\/wp-json\/wp\/v2\/users\/3"}],"replies":[{"embeddable":true,"href":"https:\/\/rcsyd.se\/swedeamp\/wp-json\/wp\/v2\/comments?post=3147"}],"version-history":[{"count":12,"href":"https:\/\/rcsyd.se\/swedeamp\/wp-json\/wp\/v2\/pages\/3147\/revisions"}],"predecessor-version":[{"id":3924,"href":"https:\/\/rcsyd.se\/swedeamp\/wp-json\/wp\/v2\/pages\/3147\/revisions\/3924"}],"up":[{"embeddable":true,"href":"https:\/\/rcsyd.se\/swedeamp\/wp-json\/wp\/v2\/pages\/2805"}],"wp:attachment":[{"href":"https:\/\/rcsyd.se\/swedeamp\/wp-json\/wp\/v2\/media?parent=3147"}],"curies":[{"name":"wp","href":"https:\/\/api.w.org\/{rel}","templated":true}]}}

<h1>2023</h1>
<h2>Inledning och program</h2>
<p><a href="https://rcsyd.se/swedeamp/wp-content/uploads/sites/21/2024/05/Program-Vaxjo-2023.pdf" target="_blank" rel="noopener">Program Växjo 2023 – SwedeAmp</a> (PDF-format, 236 kB)</p>
<h2>Presentationer i programordning</h2>
<p><a href="https://rcsyd.se/swedeamp/wp-content/uploads/sites/21/2024/05/Vaxjos-vardkedja-vid-benamputation-–-Teamet-i-Vaxjo.pdf" target="_blank" rel="noopener">Växjös vårdkedja vid benamputation – Teamet i Växjö</a> (PDF-format, 2 MB)</p>
<p><a href="https://rcsyd.se/swedeamp/wp-content/uploads/sites/21/2024/05/Datastyrda-protesknaleder-–-Otto-Bock.pdf" target="_blank" rel="noopener">Datastyrda protesknäleder – Otto Bock</a> (PDF-format, 2 MB)</p>
<p><a href="https://rcsyd.se/swedeamp/wp-content/uploads/sites/21/2024/05/Arsrapport-2022-med-diskussion-–-SwedeAmp.pdf" target="_blank" rel="noopener">Årsrapport 2022 med diskussion – SwedeAmp</a> (PDF-format, 2 MB)</p>
<p><a href="https://rcsyd.se/swedeamp/wp-content/uploads/sites/21/2024/05/Registercentrum-Syd-bakom-kulisserna-–-Registercentrum-Syd.pdf" target="_blank" rel="noopener">Registercentrum Syd bakom kulisserna – Registercentrum Syd</a> (PDF-format, 404 kB)</p>
<p><a href="https://rcsyd.se/swedeamp/wp-content/uploads/sites/21/2024/05/Efter-covid-–-vad-ser-vi-–-SwedeAmp.pdf" target="_blank" rel="noopener">Efter covid – vad ser vi? – SwedeAmp</a> (PDF-format, 99 kB)</p>
<p><a href="https://rcsyd.se/swedeamp/wp-content/uploads/sites/21/2024/05/Momentum-Sverige-–-Christoffer-Lindhe.pdf" target="_blank" rel="noopener">Momentum Sverige – Christoffer Lindhe</a> (PDF-format, 2 MB)</p>
<p><a href="https://rcsyd.se/swedeamp/wp-content/uploads/sites/21/2024/05/Baselinedata-–-varfor-–-SwedeAmp.pdf" target="_blank" rel="noopener">Baselinedata – varför? – Swedeamp</a> (PDF-format, 136 kB)</p>
<p><a href="https://rcsyd.se/swedeamp/wp-content/uploads/sites/21/2025/11/Undertrycksbehandling-av-amputationsar-–-Viveka-Larsson-Ryhov-Jonkoping.pdf" target="_blank" rel="noopener">Undertrycksbehandling av amputationssår – Viveka Larsson, Ryhov Jönköping</a> (PDF-format, 480 kB)</p>
<p><a href="https://rcsyd.se/swedeamp/wp-content/uploads/sites/21/2025/11/DS-interface-som-en-del-av-larbensprotes-–-Ossur.pdf" target="_blank" rel="noopener">DS interface som en del av lårbensprotes – Össur</a> (PDF-format, 2 MB)</p>
<p><a href="https://rcsyd.se/swedeamp/wp-content/uploads/sites/21/2025/11/Regionala-skillnader-–-verksamhetsutveckling-baserad-pa-lokal-SwedeAmp-statistik-och-Varden-i-siffror-–-SwedeAmp.pdf" target="_blank" rel="noopener">Regionala skillnader – verksamhetsutveckling baserad på lokal SwedeAmp-statistik och Vården i siffror – SwedeAmp</a> (PDF-format, 2 MB)</p>
<p><a href="https://rcsyd.se/swedeamp/wp-content/uploads/sites/21/2025/11/Forskning-pa-SwedeAmp-data-–-SwedeAmp.pdf" target="_blank" rel="noopener">Forskning på SwedeAmp-data – SwedeAmp</a> (PDF-format, 525 kB)</p>

<p>2023 Inledning och program Program Växjo 2023 – SwedeAmp (PDF-format, 236 kB) Presentationer i programordning Växjös vårdkedja vid benamputation – Teamet i Växjö (PDF-format, 2 MB) Datastyrda protesknäleder – Otto Bock (PDF-format, 2 MB) Årsrapport 2022 med diskussion – SwedeAmp (PDF-format, 2 MB) Registercentrum Syd bakom kulisserna – Registercentrum Syd (PDF-format, 404 kB) Efter covid&#8230; <a class="read-more" href="https://rcsyd.se/swedeamp/om-swedeamp/anvandarmoten/2023-2">Läs mer</a></p>
