{"id":2805,"date":"2024-08-12T08:26:55","date_gmt":"2024-08-12T08:26:55","guid":{"rendered":"https:\/\/rcsyd.se\/swedeamp\/?page_id=2805"},"modified":"2024-08-12T09:05:28","modified_gmt":"2024-08-12T09:05:28","slug":"anvandarmoten","status":"publish","type":"page","link":"https:\/\/rcsyd.se\/swedeamp\/om-swedeamp\/anvandarmoten","title":{"rendered":"Anv\u00e4ndarm\u00f6ten"},"content":{"rendered":"<h1>Anv\u00e4ndarm\u00f6ten<\/h1>\n<p>Via menyn till v\u00e4nster finner du information och presentationer fr\u00e5n anv\u00e4ndarm\u00f6ten som h\u00e5llits inom SwedeAmp (Amputations- och protesregister f\u00f6r nedre extremiteten) fr\u00e5n 2023 och fram\u00e5t. Vid intresse av information om \u00e4ldre anv\u00e4ndarm\u00f6ten f\u00f6re 2023 kontakta registret.<\/p>\n","protected":false},"excerpt":{"rendered":"<p>Anv\u00e4ndarm\u00f6ten Via menyn till v\u00e4nster finner du information och presentationer fr\u00e5n anv\u00e4ndarm\u00f6ten som h\u00e5llits inom SwedeAmp (Amputations- och protesregister f\u00f6r nedre extremiteten) fr\u00e5n 2023 och fram\u00e5t. Vid intresse av information om \u00e4ldre anv\u00e4ndarm\u00f6ten f\u00f6re 2023 kontakta registret.<\/p>\n","protected":false},"author":3,"featured_media":0,"parent":3654,"menu_order":0,"comment_status":"closed","ping_status":"closed","template":"","meta":{"_acf_changed":false,"footnotes":""},"acf":[],"_links":{"self":[{"href":"https:\/\/rcsyd.se\/swedeamp\/wp-json\/wp\/v2\/pages\/2805"}],"collection":[{"href":"https:\/\/rcsyd.se\/swedeamp\/wp-json\/wp\/v2\/pages"}],"about":[{"href":"https:\/\/rcsyd.se\/swedeamp\/wp-json\/wp\/v2\/types\/page"}],"author":[{"embeddable":true,"href":"https:\/\/rcsyd.se\/swedeamp\/wp-json\/wp\/v2\/users\/3"}],"replies":[{"embeddable":true,"href":"https:\/\/rcsyd.se\/swedeamp\/wp-json\/wp\/v2\/comments?post=2805"}],"version-history":[{"count":7,"href":"https:\/\/rcsyd.se\/swedeamp\/wp-json\/wp\/v2\/pages\/2805\/revisions"}],"predecessor-version":[{"id":3559,"href":"https:\/\/rcsyd.se\/swedeamp\/wp-json\/wp\/v2\/pages\/2805\/revisions\/3559"}],"up":[{"embeddable":true,"href":"https:\/\/rcsyd.se\/swedeamp\/wp-json\/wp\/v2\/pages\/3654"}],"wp:attachment":[{"href":"https:\/\/rcsyd.se\/swedeamp\/wp-json\/wp\/v2\/media?parent=2805"}],"curies":[{"name":"wp","href":"https:\/\/api.w.org\/{rel}","templated":true}]}}

Användarmöten

<h1>Användarmöten</h1>
<p>Via menyn till vänster finner du information och presentationer från användarmöten som hållits inom SwedeAmp (Amputations- och protesregister för nedre extremiteten) från 2023 och framåt. Vid intresse av information om äldre användarmöten före 2023 kontakta registret.</p>

<p>Användarmöten Via menyn till vänster finner du information och presentationer från användarmöten som hållits inom SwedeAmp (Amputations- och protesregister för nedre extremiteten) från 2023 och framåt. Vid intresse av information om äldre användarmöten före 2023 kontakta registret.</p>
