{"id":2714,"date":"2024-08-12T08:29:52","date_gmt":"2024-08-12T08:29:52","guid":{"rendered":"https:\/\/rcsyd.se\/swedeamp\/?page_id=2714"},"modified":"2024-09-30T07:28:24","modified_gmt":"2024-09-30T07:28:24","slug":"indikatorer-och-tackningsgrad","status":"publish","type":"page","link":"https:\/\/rcsyd.se\/swedeamp\/om-swedeamp\/indikatorer-och-tackningsgrad","title":{"rendered":"Indikatorer och t\u00e4ckningsgrad"},"content":{"rendered":"<h1>Indikatorer och t\u00e4ckningsgrad<\/h1>\n<h2>Kvalitetsindikatorer<\/h2>\n<p>SwedeAmp presenterar f\u00f6r n\u00e4rvarande tre kvalitetsindikatorer hos V\u00e5rden i siffror (<a href=\"http:\/\/www.vardenisiffror.se\" target=\"_blank\" rel=\"noopener\">www.vardenisiffror.se<\/a>):<\/p>\n<ul>\n<li>Andel underbensamputationer<\/li>\n<li>Andel re-amputationer efter prim\u00e4r underbensamputation<\/li>\n<li>Tid fr\u00e5n underbensamputation till f\u00f6rsta protes<\/li>\n<\/ul>\n<p>En h\u00f6g andel prim\u00e4ra underbensamputationer i f\u00f6rh\u00e5llande till kn\u00e4leds- och l\u00e5rbensamputationer \u00e4r \u00f6nskv\u00e4rt, men bara om dessa inte ocks\u00e5 medf\u00f6r en h\u00f6g andel re-amputationer, eftersom det betyder on\u00f6digt lidande f\u00f6r patienter och \u00f6kade kostnader f\u00f6r samh\u00e4llet. Detta belyser vikten av att redovisa b\u00e5da indikatorer tillsammans.<\/p>\n<p>Antal dagar fr\u00e5n prim\u00e4r underbensamputation till provning av f\u00f6rsta protes \u00e4r en indikator som har till syfte att belysa v\u00e5rdprocessen och p\u00e5visa regionala skillnader i ledtider. I nul\u00e4get varierar antalet dagar till f\u00f6rsta underbensprotes med &gt;2 m\u00e5nader i olika delar av landet.<\/p>\n<p>Arbete med att ta fram fler kvalitetsindikatorer p\u00e5g\u00e5r under h\u00f6sten 2025.<\/p>\n<p><a href=\"https:\/\/vardenisiffror.se\/jamfor\/kallsystem\/f004d099-1b4d-4a72-b750-40514038f2ef?units=07&amp;units=06&amp;units=13&amp;units=01&amp;units=05&amp;units=20&amp;units=19&amp;units=09&amp;units=22&amp;units=10&amp;units=14&amp;units=21&amp;units=18&amp;units=04&amp;units=17&amp;units=03&amp;units=08&amp;units=23&amp;units=25&amp;units=12&amp;units=24&amp;units=se\" target=\"_blank\" rel=\"noopener\">Klicka h\u00e4r f\u00f6r att komma till indikatorerna hos V\u00e5rden i siffror.<\/a><\/p>\n<h2>Anslutningsgrad till registret<\/h2>\n<p>Anslutningsgrad anger andel enheter som regelbundet registrerar data i SwedeAmp i f\u00f6rh\u00e5llande till befintliga enheter i Sverige som utf\u00f6r ingrepp eller behandling. Eftersom SwedeAmp \u00e4r ett multidisciplin\u00e4rt register \u00e4r anslutningsgraden mer \u00e4n ett enda v\u00e4rde.<\/p>\n<p>F\u00f6r kirurgiska data som avser patienter med amputation ovan fotleden var anslutningsgraden \u00e5r 2024 76 % (16 av 21 regioner). Antalet ortopedtekniska enheter i Sverige \u00e4r f\u00f6r\u00e4nderligt p\u00e5 grund av \u00e4ndrade upphandlingsvillkor i avtal med regioner, avknoppningar och nytillkomna akt\u00f6rer.<br \/>\n\u00c5r 2023 bed\u00f6mde SwedeAmp att det fanns 35 ortopedtekniska enheter som i olika omfattning f\u00f6rs\u00f6rjer patienter med proteser. Under \u00e5r 2023 var 23 av dessa enheter anslutna, vilket ger en anslutningsgrad p\u00e5 66 % f\u00f6r ortopedtekniska enheter.<\/p>\n<h2>T\u00e4ckningsgrad<\/h2>\n<p>SwedeAmp redovisar t\u00e4ckningsgrad f\u00f6r underbensamputation, som \u00e4r den vanligast f\u00f6rekommande amputationsniv\u00e5n i registret. T\u00e4ckningsgraden ber\u00e4knas genom att j\u00e4mf\u00f6ra registrets data med Socialstyrelsens databas f\u00f6r operationer i slutenv\u00e5rd baserat p\u00e5 antal personer och diagnoskod NGQ19 Transtibial amputation (TTA).<br \/>\nF\u00f6r 2023 har de regioner som registrerar kirurgiska data en t\u00e4ckningsgrad p\u00e5 82 %.<\/p>\n","protected":false},"excerpt":{"rendered":"<p>Indikatorer och t\u00e4ckningsgrad Kvalitetsindikatorer SwedeAmp presenterar f\u00f6r n\u00e4rvarande tre kvalitetsindikatorer hos V\u00e5rden i siffror (www.vardenisiffror.se): Andel underbensamputationer Andel re-amputationer efter prim\u00e4r underbensamputation Tid fr\u00e5n underbensamputation till f\u00f6rsta protes En h\u00f6g andel prim\u00e4ra underbensamputationer i f\u00f6rh\u00e5llande till kn\u00e4leds- och l\u00e5rbensamputationer \u00e4r \u00f6nskv\u00e4rt, men bara om dessa inte ocks\u00e5 medf\u00f6r en h\u00f6g andel re-amputationer, eftersom det betyder&#8230; <a class=\"read-more\" href=\"https:\/\/rcsyd.se\/swedeamp\/om-swedeamp\/indikatorer-och-tackningsgrad\">L\u00e4s mer<\/a><\/p>\n","protected":false},"author":3,"featured_media":0,"parent":3654,"menu_order":0,"comment_status":"closed","ping_status":"closed","template":"","meta":{"_acf_changed":false,"footnotes":""},"acf":[],"_links":{"self":[{"href":"https:\/\/rcsyd.se\/swedeamp\/wp-json\/wp\/v2\/pages\/2714"}],"collection":[{"href":"https:\/\/rcsyd.se\/swedeamp\/wp-json\/wp\/v2\/pages"}],"about":[{"href":"https:\/\/rcsyd.se\/swedeamp\/wp-json\/wp\/v2\/types\/page"}],"author":[{"embeddable":true,"href":"https:\/\/rcsyd.se\/swedeamp\/wp-json\/wp\/v2\/users\/3"}],"replies":[{"embeddable":true,"href":"https:\/\/rcsyd.se\/swedeamp\/wp-json\/wp\/v2\/comments?post=2714"}],"version-history":[{"count":10,"href":"https:\/\/rcsyd.se\/swedeamp\/wp-json\/wp\/v2\/pages\/2714\/revisions"}],"predecessor-version":[{"id":3763,"href":"https:\/\/rcsyd.se\/swedeamp\/wp-json\/wp\/v2\/pages\/2714\/revisions\/3763"}],"up":[{"embeddable":true,"href":"https:\/\/rcsyd.se\/swedeamp\/wp-json\/wp\/v2\/pages\/3654"}],"wp:attachment":[{"href":"https:\/\/rcsyd.se\/swedeamp\/wp-json\/wp\/v2\/media?parent=2714"}],"curies":[{"name":"wp","href":"https:\/\/api.w.org\/{rel}","templated":true}]}}

Indikatorer och täckningsgrad

<h1>Indikatorer och täckningsgrad</h1>
<h2>Kvalitetsindikatorer</h2>
<p>SwedeAmp presenterar för närvarande tre kvalitetsindikatorer hos Vården i siffror (<a href="http://www.vardenisiffror.se" target="_blank" rel="noopener">www.vardenisiffror.se</a>):</p>
<ul>
<li>Andel underbensamputationer</li>
<li>Andel re-amputationer efter primär underbensamputation</li>
<li>Tid från underbensamputation till första protes</li>
</ul>
<p>En hög andel primära underbensamputationer i förhållande till knäleds- och lårbensamputationer är önskvärt, men bara om dessa inte också medför en hög andel re-amputationer, eftersom det betyder onödigt lidande för patienter och ökade kostnader för samhället. Detta belyser vikten av att redovisa båda indikatorer tillsammans.</p>
<p>Antal dagar från primär underbensamputation till provning av första protes är en indikator som har till syfte att belysa vårdprocessen och påvisa regionala skillnader i ledtider. I nuläget varierar antalet dagar till första underbensprotes med &gt;2 månader i olika delar av landet.</p>
<p>Arbete med att ta fram fler kvalitetsindikatorer pågår under hösten 2025.</p>
<p><a href="https://vardenisiffror.se/jamfor/kallsystem/f004d099-1b4d-4a72-b750-40514038f2ef?units=07&amp;units=06&amp;units=13&amp;units=01&amp;units=05&amp;units=20&amp;units=19&amp;units=09&amp;units=22&amp;units=10&amp;units=14&amp;units=21&amp;units=18&amp;units=04&amp;units=17&amp;units=03&amp;units=08&amp;units=23&amp;units=25&amp;units=12&amp;units=24&amp;units=se" target="_blank" rel="noopener">Klicka här för att komma till indikatorerna hos Vården i siffror.</a></p>
<h2>Anslutningsgrad till registret</h2>
<p>Anslutningsgrad anger andel enheter som regelbundet registrerar data i SwedeAmp i förhållande till befintliga enheter i Sverige som utför ingrepp eller behandling. Eftersom SwedeAmp är ett multidisciplinärt register är anslutningsgraden mer än ett enda värde.</p>
<p>För kirurgiska data som avser patienter med amputation ovan fotleden var anslutningsgraden år 2024 76 % (16 av 21 regioner). Antalet ortopedtekniska enheter i Sverige är föränderligt på grund av ändrade upphandlingsvillkor i avtal med regioner, avknoppningar och nytillkomna aktörer.<br />
År 2023 bedömde SwedeAmp att det fanns 35 ortopedtekniska enheter som i olika omfattning försörjer patienter med proteser. Under år 2023 var 23 av dessa enheter anslutna, vilket ger en anslutningsgrad på 66 % för ortopedtekniska enheter.</p>
<h2>Täckningsgrad</h2>
<p>SwedeAmp redovisar täckningsgrad för underbensamputation, som är den vanligast förekommande amputationsnivån i registret. Täckningsgraden beräknas genom att jämföra registrets data med Socialstyrelsens databas för operationer i slutenvård baserat på antal personer och diagnoskod NGQ19 Transtibial amputation (TTA).<br />
För 2023 har de regioner som registrerar kirurgiska data en täckningsgrad på 82 %.</p>

<p>Indikatorer och täckningsgrad Kvalitetsindikatorer SwedeAmp presenterar för närvarande tre kvalitetsindikatorer hos Vården i siffror (www.vardenisiffror.se): Andel underbensamputationer Andel re-amputationer efter primär underbensamputation Tid från underbensamputation till första protes En hög andel primära underbensamputationer i förhållande till knäleds- och lårbensamputationer är önskvärt, men bara om dessa inte också medför en hög andel re-amputationer, eftersom det betyder&#8230; <a class="read-more" href="https://rcsyd.se/swedeamp/om-swedeamp/indikatorer-och-tackningsgrad">Läs mer</a></p>
