{"id":3453,"date":"2024-02-15T15:58:54","date_gmt":"2024-02-15T15:58:54","guid":{"rendered":"https:\/\/rcsyd.se\/ssar\/?page_id=3453"},"modified":"2024-08-21T13:56:33","modified_gmt":"2024-08-21T13:56:33","slug":"styrgrupp","status":"publish","type":"page","link":"https:\/\/rcsyd.se\/ssar\/om-svenska-skulder-och-armbagsregistret\/styrgrupp","title":{"rendered":"Styrgrupp"},"content":{"rendered":"<h1>Styrgrupp<\/h1>\n<p>Svenska Skulder- och Armb\u00e5gsregistret (SSAR) \u00e4gs och drivs av Svenska Skulder- och Armb\u00e5gss\u00e4llskapet (SSAS). Huvudman och CPUA (centralt personuppgiftsansvarig) \u00e4r Region Stockholm via Danderyds sjukhus AB. Styrelsen f\u00f6r SSAS beslutar om fr\u00e5gor som r\u00f6r registret. Styrgruppsrepresentant fr\u00e5n styrelsen i SSAS \u00e4r deras ordf\u00f6rande Lars Adolfsson.<\/p>\n<h2>Registerh\u00e5llare<\/h2>\n<p>Bj\u00f6rn Salomonsson, medicine doktor<\/p>\n<h2>\u00d6vriga styrgruppsmedlemmar<\/h2>\n<p>Anders Nordqvist, docent, tidigare ordf\u00f6rande i SSAS<\/p>\n<p>Hanna Bj\u00f6rnsson, medicine doktor, suppleant i SSAS<\/p>\n<p>Hans Rahme, docent, ordf\u00f6rande i understyrgrupp f\u00f6r Armb\u00e5gsregistret<\/p>\n<p>Henrik Ahlborg, medicine doktor, representant f\u00f6r Instabilitetsregistret<\/p>\n<p>Lars Adolfsson, professor, ordf\u00f6rande i SSAS<\/p>\n<p>Ritva Elg, patientrepresentant fr\u00e5n Reumatikerf\u00f6rbundet<\/p>\n","protected":false},"excerpt":{"rendered":"<p>Styrgrupp Svenska Skulder- och Armb\u00e5gsregistret (SSAR) \u00e4gs och drivs av Svenska Skulder- och Armb\u00e5gss\u00e4llskapet (SSAS). Huvudman och CPUA (centralt personuppgiftsansvarig) \u00e4r Region Stockholm via Danderyds sjukhus AB. Styrelsen f\u00f6r SSAS beslutar om fr\u00e5gor som r\u00f6r registret. Styrgruppsrepresentant fr\u00e5n styrelsen i SSAS \u00e4r deras ordf\u00f6rande Lars Adolfsson. Registerh\u00e5llare Bj\u00f6rn Salomonsson, medicine doktor \u00d6vriga styrgruppsmedlemmar Anders Nordqvist,&#8230; <a class=\"read-more\" href=\"https:\/\/rcsyd.se\/ssar\/om-svenska-skulder-och-armbagsregistret\/styrgrupp\">L\u00e4s mer<\/a><\/p>\n","protected":false},"author":3,"featured_media":0,"parent":3477,"menu_order":0,"comment_status":"closed","ping_status":"closed","template":"","meta":{"_acf_changed":false,"footnotes":""},"acf":[],"_links":{"self":[{"href":"https:\/\/rcsyd.se\/ssar\/wp-json\/wp\/v2\/pages\/3453"}],"collection":[{"href":"https:\/\/rcsyd.se\/ssar\/wp-json\/wp\/v2\/pages"}],"about":[{"href":"https:\/\/rcsyd.se\/ssar\/wp-json\/wp\/v2\/types\/page"}],"author":[{"embeddable":true,"href":"https:\/\/rcsyd.se\/ssar\/wp-json\/wp\/v2\/users\/3"}],"replies":[{"embeddable":true,"href":"https:\/\/rcsyd.se\/ssar\/wp-json\/wp\/v2\/comments?post=3453"}],"version-history":[{"count":1,"href":"https:\/\/rcsyd.se\/ssar\/wp-json\/wp\/v2\/pages\/3453\/revisions"}],"predecessor-version":[{"id":3454,"href":"https:\/\/rcsyd.se\/ssar\/wp-json\/wp\/v2\/pages\/3453\/revisions\/3454"}],"up":[{"embeddable":true,"href":"https:\/\/rcsyd.se\/ssar\/wp-json\/wp\/v2\/pages\/3477"}],"wp:attachment":[{"href":"https:\/\/rcsyd.se\/ssar\/wp-json\/wp\/v2\/media?parent=3453"}],"curies":[{"name":"wp","href":"https:\/\/api.w.org\/{rel}","templated":true}]}}