{"id":3436,"date":"2023-11-17T11:21:13","date_gmt":"2023-11-17T11:21:13","guid":{"rendered":"https:\/\/rcsyd.se\/ssar\/?page_id=3436"},"modified":"2025-02-17T11:57:53","modified_gmt":"2025-02-17T11:57:53","slug":"ovriga-publikationer","status":"publish","type":"page","link":"https:\/\/rcsyd.se\/ssar\/publikationer\/ovriga-publikationer","title":{"rendered":"\u00d6vriga publikationer"},"content":{"rendered":"<h1>\u00d6vriga publikationer<\/h1>\n<h2>Artiklar som ej \u00e4r vetenskapliga originalartiklar<\/h2>\n<h3>2019<\/h3>\n<p>Low survival rates of stemmed hemiarthroplasty and reverse arthroplasty after treatment for proximal humerus fracture sequelae. A register-based study from the Nordic Arthroplasty register association. Ditte Unbehaun, Sigrid Rasmussen, Randi Hole, Anne Marie Fenstad, Bj\u00f6rn Salomonsson, Yilmaz Demir, Steen Lund Jensen, Stig Brorson, Ville \u00c4\u00e4rimaa, Inger Mechlenburg, Jeppe Vejlgaard Rasmussen, Abstracts \/ JSES Open Access 3 (2019)<\/p>\n<p>Cutibacterium acnes (formerly Propionibacterium acnes) isolated from prosthetic joint infections is less susceptible to oxacillin than to benzylpenicillin. Sara Ridberg, Bengt Hellmark, \u00c5sa Nilsdotter, Bo S\u00f6derquist J. Bone Joint Infect. 2019; 4(3): 106-110.<\/p>\n<h3>2018<\/h3>\n<p>A comparison of the minimum data sets for primary shoulder arthroplasty between national shoulder arthroplasty registries. Is international harmonization feasible? Ricardo Aveledo, Phillip Holland, Michael Thomas,Fiona Ashton, Amar Rangan, 2018 Shoulder Elbow. 2019 Jul;11(2 Suppl):48-55<br \/>\n<a href=\"https:\/\/pubmed.ncbi.nlm.nih.gov\/31447945\/\" target=\"_blank\" rel=\"noopener\">Klicka h\u00e4r f\u00f6r att komma till publikationen.<\/a><\/p>\n<p>Vad kan Axelprotesregistret s\u00e4ga om frakturbehandling 2018? Bj\u00f6rn Salomonsson, Ortopediskt Magasin 4\/2018 (16-17).<\/p>\n<h2>2017<\/h2>\n<p>International variation in shoulder arthroplasty. L\u00fcbbeke A, Rees JL, Barea C, Combescure C, Carr AJ, Silman AJ. Acta Orthop. 2017 Dec;88(6):592-599.<\/p>\n<p>Livsstilsfaktorer f\u00f6rbisedda i kirurgiska kvalitetsregister. H T\u00f8nnesen, K Hovhannisyan, T Laurisen, K Stenstr\u00f6m Bohlin, R Olsson, L\u00e4kartidningen. 2017;114:EM4H. Swedish<\/p>\n<p>High incidence of periprosthetic joint infection with propionibacterium acnes after the use of a stemless shoulder prosthesis with metaphyseal screw fixation \u2013 a retrospective cohort study of 241 patients propionibacter infections. Johansson L, Hailer NP, Rahme H. BMC Musculoskelet Disord. 2017 May 19;18(1):203.<\/p>\n<p>Legal and psychological considerations for obtaining informed consent for reverse totalshoulder arthroplasty. Review article. Craig Blackwood, Jen Dixon, Peter Reilly and Roger J Emery. Shoulder Elbow. 2017 Jan;9(1):15-22<\/p>\n<h3>2015<\/h3>\n<p>Review of 103 Swedish Healthcare Quality Registries. Emilsson L, Lindahl B, K\u00f6ster M, Lambe M, Ludvigsson JF. J Intern Med. 2015 Jan;277(1):94-136.<br \/>\n<a href=\"https:\/\/www.ncbi.nlm.nih.gov\/pubmed\/25174800\" target=\"_blank\" rel=\"noopener\">Klicka h\u00e4r f\u00f6r att komma till publikationen.<\/a><\/p>\n<h3>1999<\/h3>\n<p>National registries for shoulder and elbow arthroplasties are established. Rahme H, Salomonsson B, Jacobsen M. L\u00e4kartidningen. 1999 Jul 28;96(30-31):3338. Swedish.<br \/>\n<a href=\"https:\/\/pubmed.ncbi.nlm.nih.gov\/10459242\/\" target=\"_blank\" rel=\"noopener\">Klicka h\u00e4r f\u00f6r att komma till publikationen.<\/a><\/p>\n<h2>Studentprojekt<\/h2>\n<h3>2019<\/h3>\n<p>Revision and mortality in patients with proximal humerus fracture treated with reverse or hemi shoulder replacement-a register based follow up. Niklas K\u00f6lerud<\/p>\n<p>Swedish shoulder arthroplasty registry: implant survival, readmission and mortality in primary shoulder replacement for glenohumeral arthritis. Johan Hammarberg<\/p>\n<p>Outcome after shoulder arthroplasty treatment for avascular necrosis. Albin Forsslund<\/p>\n<h3>2018<\/h3>\n<p>Rotator cuff status in relation to outcome after treatment with shoulder arthroplasty for osteoarthritis. An analysis from the Swedish Shoulder Arthroplasty Registry. Ivan Dahlb\u00e4ck<\/p>\n<p>Reverse shoulder arthroplasty or shoulder hemiarthroplasty in shoulders with cuff tear arthropathy, a study from the Swedish shoulder registry. Daniel S\u00f6derberg<\/p>\n<p>Hemiarthroplasty versus reverse total shoulder arthroplasty in proximal humerus fractures. Abhishek Anand<\/p>\n<p>Patient outcome after proximal humeral fracture treated with arthroplasty, comparison of early and late surgical treatment from the Swedish Shoulder Arthroplasty Registry. Linda Bostr\u00f6m<\/p>\n<p>Comparison of uncemented stemmed total shoulder arthroplasty and metaphyseal total shoulder arthroplasty in glenohumeral arthrosis patients \u2013 a register-based follow-up. Jesper Edstr\u00f6m<\/p>\n<p>Comparison of total shoulder arthroplasty and hemi shoulder arthroplasty in patients with glenohumeral osteoarthritis \u2013 a register-based follow-up. Aysha Sharif<\/p>\n<h3>2017<\/h3>\n<p>Reports of preoperative radiographic imaging, a surgeon\u2019s competence level, and prophylactic antibiotic regimes in shoulder arthroplasties performed in Sweden. Carl Lundquist<\/p>\n<h3>2016<\/h3>\n<p>Implant survival for elective elbow arthroplasty, a study from the Swedish Elbow Arthroplasty Register. Louise Hedenstedt<\/p>\n<h3>2015<\/h3>\n<p>Validation of the Swedish shoulder register and an analysis of post-surgical complications. A study of the reported re-operations within the register. Sebastian Samuelsson<\/p>\n<p>Validation of data within the Swedish Shoulder register and incidence of common and serious complications. A register study on primary shoulder arthroplasties. Martin \u00d6stholm<\/p>\n<h3>2014<\/h3>\n<p>Revision after shoulder arthroplasty \u2013 a register study. Nils Steineck<\/p>\n<p>Reported revisions after elective shoulder arthroplasty, A Swedish Shoulder Arthroplasty Register analysis. Eva Kesek<\/p>\n<h3>2013<\/h3>\n<p>Validation of the Swedish translation of Western Ontario Osteoarthritis of the shoulder index. Hannes Heins<\/p>\n<h3>2012<\/h3>\n<p>Preoperative delay of treatment with hemiarthroplasty for proximal humerus fractures: an analysis of patient reported outcome measurements. Alma Vuorinen<\/p>\n<p>Western Ontario Osteoarthritis of the Shoulder index (WOOS) as outcome Measurement of hemiarthroplasty after a proximal humerus fracture \u2013 a validation study. Hanna Sj\u00f6berg<\/p>\n","protected":false},"excerpt":{"rendered":"<p>\u00d6vriga publikationer Artiklar som ej \u00e4r vetenskapliga originalartiklar 2019 Low survival rates of stemmed hemiarthroplasty and reverse arthroplasty after treatment for proximal humerus fracture sequelae. A register-based study from the Nordic Arthroplasty register association. Ditte Unbehaun, Sigrid Rasmussen, Randi Hole, Anne Marie Fenstad, Bj\u00f6rn Salomonsson, Yilmaz Demir, Steen Lund Jensen, Stig Brorson, Ville \u00c4\u00e4rimaa, Inger&#8230; <a class=\"read-more\" href=\"https:\/\/rcsyd.se\/ssar\/publikationer\/ovriga-publikationer\">L\u00e4s mer<\/a><\/p>\n","protected":false},"author":3,"featured_media":0,"parent":3434,"menu_order":0,"comment_status":"closed","ping_status":"closed","template":"","meta":{"_acf_changed":false,"footnotes":""},"acf":[],"_links":{"self":[{"href":"https:\/\/rcsyd.se\/ssar\/wp-json\/wp\/v2\/pages\/3436"}],"collection":[{"href":"https:\/\/rcsyd.se\/ssar\/wp-json\/wp\/v2\/pages"}],"about":[{"href":"https:\/\/rcsyd.se\/ssar\/wp-json\/wp\/v2\/types\/page"}],"author":[{"embeddable":true,"href":"https:\/\/rcsyd.se\/ssar\/wp-json\/wp\/v2\/users\/3"}],"replies":[{"embeddable":true,"href":"https:\/\/rcsyd.se\/ssar\/wp-json\/wp\/v2\/comments?post=3436"}],"version-history":[{"count":2,"href":"https:\/\/rcsyd.se\/ssar\/wp-json\/wp\/v2\/pages\/3436\/revisions"}],"predecessor-version":[{"id":3548,"href":"https:\/\/rcsyd.se\/ssar\/wp-json\/wp\/v2\/pages\/3436\/revisions\/3548"}],"up":[{"embeddable":true,"href":"https:\/\/rcsyd.se\/ssar\/wp-json\/wp\/v2\/pages\/3434"}],"wp:attachment":[{"href":"https:\/\/rcsyd.se\/ssar\/wp-json\/wp\/v2\/media?parent=3436"}],"curies":[{"name":"wp","href":"https:\/\/api.w.org\/{rel}","templated":true}]}}