{"id":3421,"date":"2024-08-21T11:05:03","date_gmt":"2024-08-21T11:05:03","guid":{"rendered":"https:\/\/rcsyd.se\/ssar\/?page_id=3421"},"modified":"2024-08-21T11:05:03","modified_gmt":"2024-08-21T11:05:03","slug":"information-om-inloggning-och-e-tjanstekort","status":"publish","type":"page","link":"https:\/\/rcsyd.se\/ssar\/registrering\/information-om-inloggning-och-e-tjanstekort","title":{"rendered":"Information om inloggning och e-tj\u00e4nstekort"},"content":{"rendered":"<h1>Information om inloggning och e-tj\u00e4nstekort<\/h1>\n<p>Inloggning till registerplattformen sker med hj\u00e4lp av e-tj\u00e4nstekort (s\u00e5 kallat SITHS-kort). F\u00f6rsta g\u00e5ngen du loggar in med e-tj\u00e4nstekortet ska du registrera dig, vilket \u00e4r en mycket enkel procedur. D\u00e4refter beh\u00f6ver dock registreringen attesteras innan du kan b\u00f6rja anv\u00e4nda inloggningen. Varje klinik b\u00f6r d\u00e4rf\u00f6r ha en beh\u00f6righetsadministrat\u00f6r.<\/p>\n<p>Det g\u00e5r ocks\u00e5 att logga in med Mobilt BankID. Denna inloggningsvariant kr\u00e4ver att beh\u00f6righetsadministrat\u00f6ren \u00e4ven f\u00f6r in ditt personnummer i systemet. Vill du ha denna m\u00f6jlighet m\u00e5ste du d\u00e4rf\u00f6r kontakta administrat\u00f6ren.<\/p>\n<h2>Inloggningsans\u00f6kan till respektive delregister<\/h2>\n<p>Inom Svenska Skulder- och Armb\u00e5gsregistret finns tre delregister. Klicka p\u00e5 l\u00e4nkarna nedan f\u00f6r att komma till information om inloggningsf\u00f6rfarande f\u00f6r respektive delregister.<\/p>\n<p><a href=\"https:\/\/rcsyd.se\/ssar\/registrering\/manualer-och-formular\/armbagsregistret\">Armb\u00e5gsregistret<\/a><\/p>\n<p><a href=\"https:\/\/rcsyd.se\/ssar\/registrering\/manualer-och-formular\/axelregistret\">Axelregistret<\/a><\/p>\n<p><a href=\"https:\/\/rcsyd.se\/ssar\/registrering\/manualer-och-formular\/instabilitetsregistret\">Instabilitetsregistret<\/a><\/p>\n<h2>Information om registerplattformen hos Registercentrum Syd<\/h2>\n<p>P\u00e5 Registercentrum Syds hemsida finns mer information om registerplattformen 3C.<\/p>\n<p><a href=\"https:\/\/rcsyd.se\/om-register\/it-losningar-och-driftinformation\/inloggning-och-e-tjanstekort\" target=\"_blank\" rel=\"noopener noreferrer\">Klicka h\u00e4r f\u00f6r att komma till informationen p\u00e5 Registercentrum Syds hemsida<\/a>.<\/p>\n","protected":false},"excerpt":{"rendered":"<p>Information om inloggning och e-tj\u00e4nstekort Inloggning till registerplattformen sker med hj\u00e4lp av e-tj\u00e4nstekort (s\u00e5 kallat SITHS-kort). F\u00f6rsta g\u00e5ngen du loggar in med e-tj\u00e4nstekortet ska du registrera dig, vilket \u00e4r en mycket enkel procedur. D\u00e4refter beh\u00f6ver dock registreringen attesteras innan du kan b\u00f6rja anv\u00e4nda inloggningen. Varje klinik b\u00f6r d\u00e4rf\u00f6r ha en beh\u00f6righetsadministrat\u00f6r. Det g\u00e5r ocks\u00e5 att&#8230; <a class=\"read-more\" href=\"https:\/\/rcsyd.se\/ssar\/registrering\/information-om-inloggning-och-e-tjanstekort\">L\u00e4s mer<\/a><\/p>\n","protected":false},"author":3,"featured_media":0,"parent":3418,"menu_order":0,"comment_status":"closed","ping_status":"closed","template":"","meta":{"_acf_changed":false,"footnotes":""},"acf":[],"_links":{"self":[{"href":"https:\/\/rcsyd.se\/ssar\/wp-json\/wp\/v2\/pages\/3421"}],"collection":[{"href":"https:\/\/rcsyd.se\/ssar\/wp-json\/wp\/v2\/pages"}],"about":[{"href":"https:\/\/rcsyd.se\/ssar\/wp-json\/wp\/v2\/types\/page"}],"author":[{"embeddable":true,"href":"https:\/\/rcsyd.se\/ssar\/wp-json\/wp\/v2\/users\/3"}],"replies":[{"embeddable":true,"href":"https:\/\/rcsyd.se\/ssar\/wp-json\/wp\/v2\/comments?post=3421"}],"version-history":[{"count":1,"href":"https:\/\/rcsyd.se\/ssar\/wp-json\/wp\/v2\/pages\/3421\/revisions"}],"predecessor-version":[{"id":3422,"href":"https:\/\/rcsyd.se\/ssar\/wp-json\/wp\/v2\/pages\/3421\/revisions\/3422"}],"up":[{"embeddable":true,"href":"https:\/\/rcsyd.se\/ssar\/wp-json\/wp\/v2\/pages\/3418"}],"wp:attachment":[{"href":"https:\/\/rcsyd.se\/ssar\/wp-json\/wp\/v2\/media?parent=3421"}],"curies":[{"name":"wp","href":"https:\/\/api.w.org\/{rel}","templated":true}]}}