{"id":3418,"date":"2024-08-21T11:03:05","date_gmt":"2024-08-21T11:03:05","guid":{"rendered":"https:\/\/rcsyd.se\/ssar\/?page_id=3418"},"modified":"2024-08-21T11:04:07","modified_gmt":"2024-08-21T11:04:07","slug":"registrering","status":"publish","type":"page","link":"https:\/\/rcsyd.se\/ssar\/registrering","title":{"rendered":"Registrering"},"content":{"rendered":"<h1>Registrering<\/h1>\n<p>Via menyn till v\u00e4nster finner du information om registrering och hur registrering i Svenska Skulder- och Armb\u00e5gsregistret g\u00e5r till.<\/p>\n","protected":false},"excerpt":{"rendered":"<p>Registrering Via menyn till v\u00e4nster finner du information om registrering och hur registrering i Svenska Skulder- och Armb\u00e5gsregistret g\u00e5r till.<\/p>\n","protected":false},"author":3,"featured_media":0,"parent":0,"menu_order":0,"comment_status":"closed","ping_status":"closed","template":"","meta":{"_acf_changed":false,"footnotes":""},"acf":[],"_links":{"self":[{"href":"https:\/\/rcsyd.se\/ssar\/wp-json\/wp\/v2\/pages\/3418"}],"collection":[{"href":"https:\/\/rcsyd.se\/ssar\/wp-json\/wp\/v2\/pages"}],"about":[{"href":"https:\/\/rcsyd.se\/ssar\/wp-json\/wp\/v2\/types\/page"}],"author":[{"embeddable":true,"href":"https:\/\/rcsyd.se\/ssar\/wp-json\/wp\/v2\/users\/3"}],"replies":[{"embeddable":true,"href":"https:\/\/rcsyd.se\/ssar\/wp-json\/wp\/v2\/comments?post=3418"}],"version-history":[{"count":1,"href":"https:\/\/rcsyd.se\/ssar\/wp-json\/wp\/v2\/pages\/3418\/revisions"}],"predecessor-version":[{"id":3419,"href":"https:\/\/rcsyd.se\/ssar\/wp-json\/wp\/v2\/pages\/3418\/revisions\/3419"}],"wp:attachment":[{"href":"https:\/\/rcsyd.se\/ssar\/wp-json\/wp\/v2\/media?parent=3418"}],"curies":[{"name":"wp","href":"https:\/\/api.w.org\/{rel}","templated":true}]}}