{"id":3294,"date":"2023-12-28T17:41:18","date_gmt":"2023-12-28T17:41:18","guid":{"rendered":"https:\/\/rcsyd.se\/ssar\/?page_id=3294"},"modified":"2024-08-21T11:08:19","modified_gmt":"2024-08-21T11:08:19","slug":"axelregistret","status":"publish","type":"page","link":"https:\/\/rcsyd.se\/ssar\/registrering\/manualer-och-formular\/axelregistret","title":{"rendered":"Axelregistret"},"content":{"rendered":"<h1>Axelregistret<\/h1>\n<p>WOOS (Western Ontario Osteoarthritis of the Shoulder index)-score och EQ-5D sammanst\u00e4lls p\u00e5 en sida i preoperativt rapportblad (det som skickas till registret).<\/p>\n<p>F\u00f6r att rapportera en operation till registret, se instruktion till rapportblad.<\/p>\n<p>Rapportblad f\u00f6r att anm\u00e4la en operation till registret re-operation har ett separat formul\u00e4r och det s\u00e4nds in centralt med kopia p\u00e5 operationsber\u00e4ttelse.<\/p>\n<h2>Registerplattformen 3C<\/h2>\n<p><a href=\"https:\/\/app.comporto.se\/\" target=\"_blank\" rel=\"noopener\">Klicka h\u00e4r f\u00f6r att komma till registerplattformen 3C:s inloggningssida.<\/a><\/p>\n<h2>Formul\u00e4r och instruktioner<\/h2>\n<p><a href=\"https:\/\/rcsyd.se\/ssar\/wp-content\/uploads\/sites\/17\/2023\/12\/Patientformular-axelregistret-infor-operation.pdf\" target=\"_blank\" rel=\"noopener\">Formul\u00e4r till patienten f\u00f6r ifyllnad inf\u00f6r operation<\/a> (PDF-format, 170 kB).<\/p>\n<p><a href=\"https:\/\/rcsyd.se\/ssar\/wp-content\/uploads\/sites\/17\/2023\/12\/Instruktion-preoperativ-undersokning-EQ-5D-och-WOOS.pdf\" target=\"_blank\" rel=\"noopener\">Instruktion f\u00f6r preoperativ unders\u00f6kning EQ-5D och WOOS<\/a> (PDF-format, 60 kB).<\/p>\n<p><a href=\"https:\/\/rcsyd.se\/ssar\/wp-content\/uploads\/sites\/17\/2023\/12\/Patientformular-axelregistret-WOOS.pdf\" target=\"_blank\" rel=\"noopener\">Formul\u00e4r till patienten f\u00f6r ifyllnad om WOOS<\/a> (PDF-format, 167 kB).<\/p>\n<p><a href=\"https:\/\/rcsyd.se\/ssar\/wp-content\/uploads\/sites\/17\/2023\/12\/Preoperativt-rapportblad-axelregistrets-scorer.pdf\" target=\"_blank\" rel=\"noopener\">Preoperativt rapportblad axelregistrets scorer<\/a> (PDF-format, 67 kB)<\/p>\n<p><a href=\"https:\/\/rcsyd.se\/ssar\/wp-content\/uploads\/sites\/17\/2023\/12\/Instruktion-axelregistret-op-rapport.pdf\" target=\"_blank\" rel=\"noopener\">Instruktion op-rapport<\/a> (PDF-format, 23 kB)<\/p>\n<p><a href=\"https:\/\/rcsyd.se\/ssar\/wp-content\/uploads\/sites\/17\/2023\/12\/Op-rapport-axelregistret.pdf\" target=\"_blank\" rel=\"noopener\">Formul\u00e4r op-rapport<\/a> (PDF-format, 68 kB)<\/p>\n<p><a href=\"https:\/\/rcsyd.se\/ssar\/wp-content\/uploads\/sites\/17\/2023\/12\/Reop-rapport-axelregistret.pdf\" target=\"_blank\" rel=\"noopener\">Formul\u00e4r reop-rapport<\/a> (PDF-format, 65 kB)<\/p>\n<p><a href=\"https:\/\/rcsyd.se\/ssar\/wp-content\/uploads\/sites\/17\/2023\/12\/Lathund-for-koder-i-axelregistret.pdf\" target=\"_blank\" rel=\"noopener\">Lathund f\u00f6r koder i registret<\/a> (PDF-format, 49 kB)<\/p>\n<h2>Ans\u00f6kan om inloggning<\/h2>\n<p>F\u00f6r att ansluta dig till registret laddar du ner och fyller i f\u00f6ljande dokument:<\/p>\n<p><a href=\"https:\/\/rcsyd.se\/ssar\/wp-content\/uploads\/sites\/17\/2023\/12\/Ansokan-om-inloggning-till-Axelregistret.docx\" target=\"_blank\" rel=\"noopener\">Ans\u00f6kan om inloggning till registerplattformen<\/a> (Word-format, 44 kB).<\/p>\n<p>Den ifyllda ans\u00f6kan postas eller mailas till Bj\u00f6rn Salomonsson:<\/p>\n<h3>Postadress<\/h3>\n<p>Bj\u00f6rn Salomonsson<br \/>\nOrtopedmottagningen<br \/>\nDanderyds Sjukhus AB<br \/>\n182 88 STOCKHOLM<\/p>\n<h3>E-postadress<\/h3>\n<p><a href=\"mailto:bjorn.salomonsson@regionstockholm.se\">bjorn.salomonsson@regionstockholm.se<\/a><\/p>\n<h2>Mer information om registerplattform och inloggning<\/h2>\n<p>Registercentrum (RC) Syd har p\u00e5 sin hemsida sammanst\u00e4llt mer information om registerplattformen 3C och inloggning.<\/p>\n<p><a href=\"https:\/\/rcsyd.se\/om-register\/it-losningar-och-driftinformation\/inloggning-och-e-tjanstekort\" target=\"_blank\" rel=\"noopener\">Klicka h\u00e4r f\u00f6r att komma till informationen hos RC Syd.<\/a><\/p>\n","protected":false},"excerpt":{"rendered":"<p>Axelregistret WOOS (Western Ontario Osteoarthritis of the Shoulder index)-score och EQ-5D sammanst\u00e4lls p\u00e5 en sida i preoperativt rapportblad (det som skickas till registret). F\u00f6r att rapportera en operation till registret, se instruktion till rapportblad. Rapportblad f\u00f6r att anm\u00e4la en operation till registret re-operation har ett separat formul\u00e4r och det s\u00e4nds in centralt med kopia p\u00e5&#8230; <a class=\"read-more\" href=\"https:\/\/rcsyd.se\/ssar\/registrering\/manualer-och-formular\/axelregistret\">L\u00e4s mer<\/a><\/p>\n","protected":false},"author":3,"featured_media":0,"parent":3423,"menu_order":0,"comment_status":"closed","ping_status":"closed","template":"","meta":{"_acf_changed":false,"footnotes":""},"acf":[],"_links":{"self":[{"href":"https:\/\/rcsyd.se\/ssar\/wp-json\/wp\/v2\/pages\/3294"}],"collection":[{"href":"https:\/\/rcsyd.se\/ssar\/wp-json\/wp\/v2\/pages"}],"about":[{"href":"https:\/\/rcsyd.se\/ssar\/wp-json\/wp\/v2\/types\/page"}],"author":[{"embeddable":true,"href":"https:\/\/rcsyd.se\/ssar\/wp-json\/wp\/v2\/users\/3"}],"replies":[{"embeddable":true,"href":"https:\/\/rcsyd.se\/ssar\/wp-json\/wp\/v2\/comments?post=3294"}],"version-history":[{"count":11,"href":"https:\/\/rcsyd.se\/ssar\/wp-json\/wp\/v2\/pages\/3294\/revisions"}],"predecessor-version":[{"id":3343,"href":"https:\/\/rcsyd.se\/ssar\/wp-json\/wp\/v2\/pages\/3294\/revisions\/3343"}],"up":[{"embeddable":true,"href":"https:\/\/rcsyd.se\/ssar\/wp-json\/wp\/v2\/pages\/3423"}],"wp:attachment":[{"href":"https:\/\/rcsyd.se\/ssar\/wp-json\/wp\/v2\/media?parent=3294"}],"curies":[{"name":"wp","href":"https:\/\/api.w.org\/{rel}","templated":true}]}}