{"id":3262,"date":"2023-12-28T15:46:15","date_gmt":"2023-12-28T15:46:15","guid":{"rendered":"https:\/\/rcsyd.se\/ssar\/?page_id=3262"},"modified":"2025-02-17T12:00:54","modified_gmt":"2025-02-17T12:00:54","slug":"vetenskapliga-publikationer","status":"publish","type":"page","link":"https:\/\/rcsyd.se\/ssar\/publikationer\/vetenskapliga-publikationer","title":{"rendered":"Vetenskapliga publikationer"},"content":{"rendered":"<h1>Vetenskapliga publikationer<\/h1>\n<h2>2020<\/h2>\n<p>Low risk of revision after reverse shoulder artroplasty for acute proximal humerus fractures. Kaisa Lehtim\u00e4ki MD, Jeppe V. Rasmussen MD, PhD, Juha Kukkonen MD, PhD, Bj\u00f6rn Salomonsson MD, PhD, Erica D.Arverud MD, PhD, Randi Hole MD, Anne-Marie Fenstadt MSc, Stig Brorson MD, DMSc, Steen Lund Jensen MD, PhD, Ville \u00c4\u00e4rimaa MD, PhD, JSESOA October 2019, available online 2 January 2020<\/p>\n<h2>2019<\/h2>\n<p>The short-term survival of total stemless shoulder arthroplasty for osteoarthritis is comparable to that of total stemmed shoulder arthroplasty: a Nordic Arthroplasty Register Association study. Jeppe Rasmussen, Jenni Harjula, Erica D Arverud, Randi Hole, Steen L Jensen, Stig Brorson, Anne Marie Fenstad, Bj\u00f6rn Salomonsson, Ville \u00c4\u00e4rimaa J Shoulder Elbow Surg. 2019 Aug; 28(8):1578-1586.<\/p>\n<p>The benefits of collaboration: the Nordic Arthroplasty Register Association. M\u00e4kel\u00e4 KT, Furnes O, Hallan G, Fenstad AM, Rolfson O, K\u00e4rrholm J, Rogmark C, Pedersen AB, Robertsson O, W-Dahl A, Eskelinen A, Schr\u00f8der HM, \u00c4\u00e4rimaa V, Rasmussen JV, Salomonsson B, Hole R, Overgaard S. EOR, volume 4, June 2019<\/p>\n<p>Reverse shoulder arthroplasty has a higher risk of revision due to infection than anatomical shoulder arthroplasty: 17,730 primary shoulder arthroplasties from the Nordic Arthroplasty Register Association. Sahar Moeini, Jeppe V. Rasmussen, MD Bj\u00f6rn Salomonsson, MD, Erica Arverud, Randi Hole, Trygve Methlie, Steen Lund Jensen, Stig Brorson The Bone &amp; Joint Journal VOL. 101-, NO. 6 Published Online: 1 Jun 2019<\/p>\n<p>Arthroplasty as primary treatment for distal humeral fractures produces reliable results with regards to revisions and adverse events: a registry-based study. Jens Nestorson, Hans Rahme, Lars Adolfsson J Shoulder Elbow Surg. 2019 Apr;28(4):e104-e110.<\/p>\n<h2>2018<\/h2>\n<p>Risk factors for revision after reverse shoulder arthroplasty \u2013 Nordic arthroplasty registry study. Kaisa Lehtim\u00e4ki, Jeppe Rasmussen, Jari Mokka, Bj\u00f6rn Salomonsson, Randi Hole, Steen Lund Jensen, Ville\u00c4\u00e4rimaa, J Shoulder Elbow Surg. 2018 Sep;27(9):1596-1601.<\/p>\n<p>Anatomical total shoulder arthroplasty used for glenohumeral osteoarthritis has higher survival rates than hemiarthroplasty: A Nordic registry-based study. Jeppe V. Rasmussen, MD, PhD, Randi Hole, MD, Trygve Metlie, MD, Stig Brorson, MD, DMSc, Ville \u00c4\u00e4rimaa, MD, PhD, Yilmaz Demir, MD, Bj\u00f6rn Salomonsson, MD, PhD Steen L. Jensen, MD, PhD, Osteoarthritis Cartilage. 2018 May;26(5):659-665.<\/p>\n<p>Young Age affects the risk of revision for stemmed and resurfacing hemi shoulder arthroplasty. A study from the Swedish shoulder arthroplasty register. Magnus \u00d6dquist MD, Kristofer Hallberg MD, Hans Rahme MD PhD, Bj\u00f6rn Salomonsson MD PhD, Aldana Rosso PhD. Acta Orthop. 2018 Feb; 89(1): 3\u20139.<br \/>\n<a href=\"https:\/\/www.ncbi.nlm.nih.gov\/pmc\/articles\/PMC5810830\/\" target=\"_blank\" rel=\"noopener\">Klicka h\u00e4r f\u00f6r att komma till publikationen.<\/a><\/p>\n<h2>2017<\/h2>\n<p>Revision rates and reasons for revision after shoulder replacement for acute fracture of the proximal humerus: a Nordic registry-based study of 6,756 cases. Stig Brorson, Bj\u00f6rn Salomonsson, Steen L. Jensen, Anne Marie Fenstad, Yilmaz Demir, Jeppe V. Rasmussen Acta Orthop. 2017 Aug;88(4):446-450<br \/>\n<a href=\"https:\/\/pubmed.ncbi.nlm.nih.gov\/28350203\/\" target=\"_blank\" rel=\"noopener\">Klicka h\u00e4r f\u00f6r att komma till publikationen.<\/a><\/p>\n<p>Are we throwing the baby out with the bath water? Elizabeth W. Paxton, Prentice HA, Inacio MC, Dillon MT, Page RS, Rasmussen JV, Salomonsson B, de Steiger R, Navarro RA. J Shoulder Elbow Surg. 2017 May;26(5):e137-e139.<br \/>\n<strong>Editorial<\/strong><\/p>\n<h2>2016<\/h2>\n<p>Is it feasible to merge data from national shoulder registries? A new collaboration within the Nordic Arthroplasty Register Association (NARA). Jeppe Rasmussen; Stig Brorson; Geir Hallan; H\u00e5vard Dale; Ville \u00c4\u00e4rimaa; Jari Mokka; Steen L Jensen; Anne M Fenstad; Bj\u00f6rn Salomonsson. J Shoulder Elbow Surg. 2016 Dec;25(12):e369-e377.<br \/>\n<a href=\"https:\/\/pubmed.ncbi.nlm.nih.gov\/27107732\/\" target=\"_blank\" rel=\"noopener\">Klicka h\u00e4r f\u00f6r att komma till publikationen.<\/a><\/p>\n<p>A validation of the Swedish version of the WORC index in the assessment of patients reated by surgery for subacromial disease including rotator cuff syndrome. Soheila Zhaeentan; Markus Legeby; Susanne Ahlstr\u00f6m; Andr\u00e8 Stark; Bj\u00f6rn Salomonsson. BMC Musculoskeletal Disorders, 2016 Apr 14;17:165.<\/p>\n<h2>2014<\/h2>\n<p>Establishing an international shoulder arthroplasty consortium. Page RS, Navarro RA, Salomonsson B. J Shoulder Elbow Surg. 2014 Aug;23(8):1081-2.<br \/>\n<strong>Editorial<br \/>\n<\/strong><a href=\"https:\/\/pubmed.ncbi.nlm.nih.gov\/24930840\/\" target=\"_blank\" rel=\"noopener\">Klicka h\u00e4r f\u00f6r att komma till publikationen.<\/a><strong><br \/>\n<\/strong><\/p>\n<h2>2012<\/h2>\n<p>A review of national shoulder and elbow joint replacement registries. Rasmussen JV, Olsen BS, Fevang BT, Furnes O, Skytta ET, Rahme H, Salomonsson B, Mohammed KD, Page RS, Carr AJ. J Shoulder Elbow Surg. 2012 Oct;21(10):1328-35.<\/p>\n<h2>2001<\/h2>\n<p>The Swedish Elbow Arthroplasty Register and The Swedish Shoulder Arthroplasty Register. Two new Swedish arthroplasty registers. Rahme H, Jacobsen M, Salomonsson B. Acta Orthop Scand 2001; 72 (2): 107-112.<\/p>\n","protected":false},"excerpt":{"rendered":"<p>Vetenskapliga publikationer 2020 Low risk of revision after reverse shoulder artroplasty for acute proximal humerus fractures. Kaisa Lehtim\u00e4ki MD, Jeppe V. Rasmussen MD, PhD, Juha Kukkonen MD, PhD, Bj\u00f6rn Salomonsson MD, PhD, Erica D.Arverud MD, PhD, Randi Hole MD, Anne-Marie Fenstadt MSc, Stig Brorson MD, DMSc, Steen Lund Jensen MD, PhD, Ville \u00c4\u00e4rimaa MD, PhD,&#8230; <a class=\"read-more\" href=\"https:\/\/rcsyd.se\/ssar\/publikationer\/vetenskapliga-publikationer\">L\u00e4s mer<\/a><\/p>\n","protected":false},"author":3,"featured_media":0,"parent":3434,"menu_order":0,"comment_status":"closed","ping_status":"closed","template":"","meta":{"_acf_changed":false,"footnotes":""},"acf":[],"_links":{"self":[{"href":"https:\/\/rcsyd.se\/ssar\/wp-json\/wp\/v2\/pages\/3262"}],"collection":[{"href":"https:\/\/rcsyd.se\/ssar\/wp-json\/wp\/v2\/pages"}],"about":[{"href":"https:\/\/rcsyd.se\/ssar\/wp-json\/wp\/v2\/types\/page"}],"author":[{"embeddable":true,"href":"https:\/\/rcsyd.se\/ssar\/wp-json\/wp\/v2\/users\/3"}],"replies":[{"embeddable":true,"href":"https:\/\/rcsyd.se\/ssar\/wp-json\/wp\/v2\/comments?post=3262"}],"version-history":[{"count":5,"href":"https:\/\/rcsyd.se\/ssar\/wp-json\/wp\/v2\/pages\/3262\/revisions"}],"predecessor-version":[{"id":3549,"href":"https:\/\/rcsyd.se\/ssar\/wp-json\/wp\/v2\/pages\/3262\/revisions\/3549"}],"up":[{"embeddable":true,"href":"https:\/\/rcsyd.se\/ssar\/wp-json\/wp\/v2\/pages\/3434"}],"wp:attachment":[{"href":"https:\/\/rcsyd.se\/ssar\/wp-json\/wp\/v2\/media?parent=3262"}],"curies":[{"name":"wp","href":"https:\/\/api.w.org\/{rel}","templated":true}]}}