{"id":349,"date":"2017-02-15T09:05:42","date_gmt":"2017-02-15T09:05:42","guid":{"rendered":"https:\/\/rcsyd.se\/skrs\/?page_id=349"},"modified":"2025-03-03T13:23:13","modified_gmt":"2025-03-03T13:23:13","slug":"styrgrupp","status":"publish","type":"page","link":"https:\/\/rcsyd.se\/skrs\/om-skrs\/styrgrupp","title":{"rendered":"Styrgrupp"},"content":{"rendered":"<h1><strong>Styrgrupp<\/strong><\/h1>\n<h2>Registerh\u00e5llare<\/h2>\n<p><strong>Eva Karlstr\u00f6m<\/strong><br \/>\nChef, Hj\u00e4lpmedelsservice, Region Stockholm<\/p>\n<h2><strong>\u00d6vriga styrgruppsmedlemmar<br \/>\n<\/strong><\/h2>\n<p><strong>Clara Tr\u00f6ger<br \/>\n<\/strong>Kurator, Syncentralen, Region Uppsala<\/p>\n<p><strong>Fredrik Stockhaus<br \/>\n<\/strong>Patientf\u00f6retr\u00e4dare och utredare\/handl\u00e4ggare, Synskadades Riksf\u00f6rbund, Stockholm<\/p>\n<p><strong>Helena Backteman<\/strong><br \/>\nSynpedagog, Region V\u00e4sterbotten<\/p>\n<p><strong>John Franz\u00e9n<br \/>\n<\/strong>Verksamhetsutvecklare, Region V\u00e4stmanland<\/p>\n<p><strong>Kristina Tornqvist<br \/>\n<\/strong>\u00d6verl\u00e4kare, medicine doktor och filosofie doktor, Sk\u00e5nes universitetssjukhus, Lund<\/p>\n<p><strong>Mattias Erlandsson<br \/>\n<\/strong>Kurator, V\u00e4stra G\u00f6talandsregionen<\/p>\n<p><strong>Nesrin Dahil<br \/>\n<\/strong>Enhetschef, Synmottagning vuxen, Region Sk\u00e5ne<\/p>\n<p><strong>Sofia Evertsson Marberg<\/strong><br \/>\nVerksamhetsutvecklare, Syn- och tolkverksamheten, V\u00e4stra G\u00f6talandsregionen<\/p>\n<p><strong>Susanne Albrecht<br \/>\n<\/strong>\u00d6gonsjuksk\u00f6terska och utvecklingsledare\/projektledare, Registercentrum Syd, Region Blekinge<\/p>\n<p><strong>Ulrika Kjellstr\u00f6m<br \/>\n<\/strong>\u00d6verl\u00e4kare, medicine doktor och filosofie doktor, Sk\u00e5nes universitetssjukhus, Lund<\/p>\n<h2><strong>Kontaktperson styrgruppen<\/strong><\/h2>\n<p><strong>Eva Karlstr\u00f6m<\/strong><br \/>\nChef, Hj\u00e4lpmedelsservice, Region Stockholm<br \/>\nE-post: <a href=\"mailto:eva.karlstrom@sodexo.com\">eva.karlstrom@sodexo.com<\/a><\/p>\n","protected":false},"excerpt":{"rendered":"<p>Styrgrupp Registerh\u00e5llare Eva Karlstr\u00f6m Chef, Hj\u00e4lpmedelsservice, Region Stockholm \u00d6vriga styrgruppsmedlemmar Clara Tr\u00f6ger Kurator, Syncentralen, Region Uppsala Fredrik Stockhaus Patientf\u00f6retr\u00e4dare och utredare\/handl\u00e4ggare, Synskadades Riksf\u00f6rbund, Stockholm Helena Backteman Synpedagog, Region V\u00e4sterbotten John Franz\u00e9n Verksamhetsutvecklare, Region V\u00e4stmanland Kristina Tornqvist \u00d6verl\u00e4kare, medicine doktor och filosofie doktor, Sk\u00e5nes universitetssjukhus, Lund Mattias Erlandsson Kurator, V\u00e4stra G\u00f6talandsregionen Nesrin Dahil Enhetschef, Synmottagning vuxen,&#8230; <a class=\"read-more\" href=\"https:\/\/rcsyd.se\/skrs\/om-skrs\/styrgrupp\">L\u00e4s mer<\/a><\/p>\n","protected":false},"author":3,"featured_media":0,"parent":363,"menu_order":0,"comment_status":"open","ping_status":"open","template":"","meta":{"_acf_changed":false,"footnotes":""},"acf":[],"_links":{"self":[{"href":"https:\/\/rcsyd.se\/skrs\/wp-json\/wp\/v2\/pages\/349"}],"collection":[{"href":"https:\/\/rcsyd.se\/skrs\/wp-json\/wp\/v2\/pages"}],"about":[{"href":"https:\/\/rcsyd.se\/skrs\/wp-json\/wp\/v2\/types\/page"}],"author":[{"embeddable":true,"href":"https:\/\/rcsyd.se\/skrs\/wp-json\/wp\/v2\/users\/3"}],"replies":[{"embeddable":true,"href":"https:\/\/rcsyd.se\/skrs\/wp-json\/wp\/v2\/comments?post=349"}],"version-history":[{"count":63,"href":"https:\/\/rcsyd.se\/skrs\/wp-json\/wp\/v2\/pages\/349\/revisions"}],"predecessor-version":[{"id":2840,"href":"https:\/\/rcsyd.se\/skrs\/wp-json\/wp\/v2\/pages\/349\/revisions\/2840"}],"up":[{"embeddable":true,"href":"https:\/\/rcsyd.se\/skrs\/wp-json\/wp\/v2\/pages\/363"}],"wp:attachment":[{"href":"https:\/\/rcsyd.se\/skrs\/wp-json\/wp\/v2\/media?parent=349"}],"curies":[{"name":"wp","href":"https:\/\/api.w.org\/{rel}","templated":true}]}}