{"id":265,"date":"2014-12-18T16:25:20","date_gmt":"2014-12-18T16:25:20","guid":{"rendered":"https:\/\/rcsyd.se\/skrs\/?page_id=265"},"modified":"2020-06-29T13:35:35","modified_gmt":"2020-06-29T13:35:35","slug":"lund-kvalitetsstyrning","status":"publish","type":"page","link":"https:\/\/rcsyd.se\/skrs\/registrering\/kvalitet-och-validitet\/lund-kvalitetsstyrning","title":{"rendered":"Kvalitetsstyrning"},"content":{"rendered":"<header class=\"entry-header\">\n<h1 class=\"entry-title\">Kvalitetsstyrning<\/h1>\n<\/header>\n<div class=\"entry-content\">\n<p>SKRS:s (Svenskt Kvalitetsregister f\u00f6r Rehabilitering vid Synneds\u00e4ttning) policy \u00e4r att bedriva ett aktivt, systematiskt och st\u00e4ndigt p\u00e5g\u00e5ende kvalitetsarbete f\u00f6r att skydda data, information, datorsystem och utrustning mot bed\u00f6mda hot samt s\u00e4kerst\u00e4lla att g\u00e4llande myndighetskrav efterf\u00f6ljs med m\u00e5len att<\/p>\n<ul>\n<li>verksamheten ska pr\u00e4glas av l\u00e5ngt drivet kvalitetst\u00e4nkande<\/li>\n<li>fortl\u00f6pande ta del av framsteg, r\u00f6n och nyheter och applicera dessa i verksamheten<\/li>\n<li>samh\u00e4lle, kunder och medarbetare ska ha fullt f\u00f6rtroende f\u00f6r verksamheten.<\/li>\n<\/ul>\n<p>SKRS:s policy med tillh\u00f6rande regler, riktlinjer och rekommenderade skydds\u00e5tg\u00e4rder ska f\u00f6ljas av samtliga medarbetare.<\/p>\n<p>Kvalitetsstyrningen inom SKRS omfattar komponenterna kvalitetss\u00e4kring, kvalitetskontroll, kvalitetsmedvetande och kvalitetsutveckling.<\/p>\n<h2>Kvalitetss\u00e4kring<\/h2>\n<p>Syftet med SKRS:s kvalitetss\u00e4kringssystem \u00e4r att SKRS ska<\/p>\n<ul>\n<li>uppfylla myndighetskrav<\/li>\n<li>m\u00f6ta kundens krav (s\u00e5v\u00e4l uttalade som outtalade) och f\u00f6rv\u00e4ntningar p\u00e5 kvalitet i datahantering, produkter och tj\u00e4nster<\/li>\n<li>s\u00e4kerst\u00e4lla sp\u00e5rbarhet, reproducerbarhet och bibeh\u00e5llen kvalitet<\/li>\n<li>ha en fullgod dokumentation.<\/li>\n<\/ul>\n<p>Kvalitetss\u00e4kringssystemet omfattar ett regelverk med skrivna Standard Operating Procedures (SOP), instruktioner och processbeskrivningar f\u00f6r bland annat<\/p>\n<div>\n<ul>\n<li>\u00e5tkomstkontroll<\/li>\n<li>l\u00f6senordshantering<\/li>\n<li>uppr\u00e4ttande och \u00e4ndringar av registerformul\u00e4r p\u00e5 registerplattformen<\/li>\n<li>validering av registerformul\u00e4r p\u00e5 registerplattformen<\/li>\n<li>s\u00e4kerst\u00e4llande av\u00a0datakvalitet<\/li>\n<li>\u00e4ndringar och borttagande av data.<\/li>\n<\/ul>\n<\/div>\n<h2>Kvalitetskontroll<\/h2>\n<p>SKRS:s kvalitetskontroll omfattar alla aktiviteter som genomf\u00f6rs inom kvalitetss\u00e4kringssystemet f\u00f6r att verifiera att kvalitetskraven \u00e4r uppfyllda, det vill s\u00e4ga<\/p>\n<ul>\n<li>validering<\/li>\n<li>uppf\u00f6ljning och utv\u00e4rdering.<\/li>\n<\/ul>\n<h2>Kvalitetsmedvetande<\/h2>\n<p>SKRS str\u00e4var efter en utbredd medvetenhet inom organisationen om vikten av kvalitet och att kvalitetst\u00e4nkandet ska genomsyra varje del av arbetsprocessen.<\/p>\n<h2>Kvalitetsutveckling<\/h2>\n<p>Inom SKRS p\u00e5g\u00e5r en kontinuerlig process f\u00f6r kvalitetsh\u00f6jande \u00e5tg\u00e4rder inom produkter, processer och personalutveckling.<\/p>\n<\/div>\n","protected":false},"excerpt":{"rendered":"<p>Kvalitetsstyrning SKRS:s (Svenskt Kvalitetsregister f\u00f6r Rehabilitering vid Synneds\u00e4ttning) policy \u00e4r att bedriva ett aktivt, systematiskt och st\u00e4ndigt p\u00e5g\u00e5ende kvalitetsarbete f\u00f6r att skydda data, information, datorsystem och utrustning mot bed\u00f6mda hot samt s\u00e4kerst\u00e4lla att g\u00e4llande myndighetskrav efterf\u00f6ljs med m\u00e5len att verksamheten ska pr\u00e4glas av l\u00e5ngt drivet kvalitetst\u00e4nkande fortl\u00f6pande ta del av framsteg, r\u00f6n och nyheter och&#8230; <a class=\"read-more\" href=\"https:\/\/rcsyd.se\/skrs\/registrering\/kvalitet-och-validitet\/lund-kvalitetsstyrning\">L\u00e4s mer<\/a><\/p>\n","protected":false},"author":3,"featured_media":0,"parent":360,"menu_order":0,"comment_status":"open","ping_status":"open","template":"","meta":{"_acf_changed":false,"footnotes":""},"acf":[],"_links":{"self":[{"href":"https:\/\/rcsyd.se\/skrs\/wp-json\/wp\/v2\/pages\/265"}],"collection":[{"href":"https:\/\/rcsyd.se\/skrs\/wp-json\/wp\/v2\/pages"}],"about":[{"href":"https:\/\/rcsyd.se\/skrs\/wp-json\/wp\/v2\/types\/page"}],"author":[{"embeddable":true,"href":"https:\/\/rcsyd.se\/skrs\/wp-json\/wp\/v2\/users\/3"}],"replies":[{"embeddable":true,"href":"https:\/\/rcsyd.se\/skrs\/wp-json\/wp\/v2\/comments?post=265"}],"version-history":[{"count":7,"href":"https:\/\/rcsyd.se\/skrs\/wp-json\/wp\/v2\/pages\/265\/revisions"}],"predecessor-version":[{"id":1016,"href":"https:\/\/rcsyd.se\/skrs\/wp-json\/wp\/v2\/pages\/265\/revisions\/1016"}],"up":[{"embeddable":true,"href":"https:\/\/rcsyd.se\/skrs\/wp-json\/wp\/v2\/pages\/360"}],"wp:attachment":[{"href":"https:\/\/rcsyd.se\/skrs\/wp-json\/wp\/v2\/media?parent=265"}],"curies":[{"name":"wp","href":"https:\/\/api.w.org\/{rel}","templated":true}]}}