{"id":2328,"date":"2022-05-09T13:17:53","date_gmt":"2022-05-09T13:17:53","guid":{"rendered":"https:\/\/rcsyd.se\/skrs\/?page_id=2328"},"modified":"2026-02-09T11:53:18","modified_gmt":"2026-02-09T11:53:18","slug":"2022-2","status":"publish","type":"page","link":"https:\/\/rcsyd.se\/skrs\/om-skrs\/anvandarmoten-skrs-dagar\/2022-2","title":{"rendered":"2022"},"content":{"rendered":"<h1>2022<\/h1>\n<h2>H\u00f6stens SKRS-dag<\/h2>\n<p>\u00c5rets andra SKRS (Svenskt Kvalitetsregister f\u00f6r Rehabilitering vid Synneds\u00e4ttning)-dag genomf\u00f6rdes den 12 oktober d\u00e5 47 kontaktpersoner och synchefer i landet samlades via Teams.<br \/>\nSyftet med m\u00f6tet var att redovisa arbetet som vi alla bidrar till inom SKRS samt ber\u00e4tta om vad som har h\u00e4nt och vad som \u00e4r p\u00e5 g\u00e5ng i framtiden.<\/p>\n<h3><span class=\"tojvnm2t a6sixzi8 abs2jz4q a8s20v7p t1p8iaqh k5wvi7nf q3lfd5jv pk4s997a bipmatt0 cebpdrjk qowsmv63 owwhemhu dp1hu0rb dhp61c6y iyyx5f41\">Sammanfattning fr\u00e5n anv\u00e4ndardagen<\/span><\/h3>\n<p>Dagen handlade i stora drag om att redovisa \u00e5rsrapporten f\u00f6r 2021, med m\u00f6jlighet att reflektera \u00f6ver resultat och handlingsplan fram\u00e5t i mindre grupper.<br \/>\nD\u00e4refter gavs information om ICF. Det redovisades en PowerPoint-presentation kring &#8221;M\u00e4ta effekter&#8221; samt presenterades en plan \u00f6ver hur detta implementeras i Sverige.<\/p>\n<p>Efter lunch fortsatte dagen med presentationer om hur barn och ungdomar kommer att inkluderas i SKRS.<br \/>\nVi fortsatte med presentation av visualiseringen och resonerade sedan i sm\u00e5grupper om hur det kan anv\u00e4ndas f\u00f6r att ytterligare utveckla den nationella samsynen inom synrehabiliteringen.<\/p>\n<p>Fanny Petersson, verksamhetschef i Halland, avtackades som registerh\u00e5llare och Eva Karlstr\u00f6m, enhetschef p\u00e5 Syncentralen i Stockholm, tar nu \u00f6ver som ny registerh\u00e5llare f\u00f6r SKRS.<\/p>\n<p>Stort tack till alla deltagare p\u00e5 SKRS-dagen! Ert engagemang \u00e4r guld v\u00e4rt.<\/p>\n<p>N\u00e4sta SKRS-dag planeras till den 26 april 2023. V\u00e4l m\u00f6tt d\u00e5!<\/p>\n<h3>Presentationer (i programordning)<\/h3>\n<p><a href=\"https:\/\/rcsyd.se\/skrs\/wp-content\/uploads\/sites\/4\/2022\/11\/Program-och-inledning.pdf\" target=\"_blank\" rel=\"noopener\">Program och inledning<\/a> (PDF-fromat, 259 kB)<\/p>\n<p><a href=\"https:\/\/rcsyd.se\/skrs\/wp-content\/uploads\/sites\/4\/2022\/09\/Arsrapport-2021.pdf\" target=\"_blank\" rel=\"noopener\">\u00c5rsrapport 2021<\/a> (PDF-format 3 MB)<\/p>\n<p><a href=\"https:\/\/rcsyd.se\/skrs\/wp-content\/uploads\/sites\/4\/2022\/11\/Information-om-ICF.pdf\" target=\"_blank\" rel=\"noopener\">Information om ICF<\/a> (PDF-fromat, 864 kB)<\/p>\n<p><a href=\"https:\/\/rcsyd.se\/skrs\/wp-content\/uploads\/sites\/4\/2022\/11\/Implementering-mata-effekter.pdf\" target=\"_blank\" rel=\"noopener\">Implementering m\u00e4ta effekter<\/a> (PDF-fromat, 207 kB)<\/p>\n<p><a href=\"https:\/\/rcsyd.se\/skrs\/wp-content\/uploads\/sites\/4\/2026\/02\/Presentation-barnsynskaderegistret-idag.pdf\" target=\"_blank\" rel=\"noopener\">Barnsynskaderegistret idag<\/a> (PDF-fromat, 366 kB)<\/p>\n<p><a href=\"https:\/\/rcsyd.se\/skrs\/wp-content\/uploads\/sites\/4\/2026\/02\/Presentation-barnsynskaderegistrets-framtid.pdf\" target=\"_blank\" rel=\"noopener\">Barnsynskaderegistrets framtid<\/a> (PDF-fromat, 487 kB)<\/p>\n<h2>V\u00e5rens SKRS-dag<\/h2>\n<p><span class=\"tojvnm2t a6sixzi8 abs2jz4q a8s20v7p t1p8iaqh k5wvi7nf q3lfd5jv pk4s997a bipmatt0 cebpdrjk qowsmv63 owwhemhu dp1hu0rb dhp61c6y iyyx5f41\">\u00c5rets f\u00f6rsta SKRS-dag \u00e4gde rum den 26 april och samlade kontaktpersoner och synchefer i landet via Teams.<\/span><\/p>\n<p><span class=\"tojvnm2t a6sixzi8 abs2jz4q a8s20v7p t1p8iaqh k5wvi7nf q3lfd5jv pk4s997a bipmatt0 cebpdrjk qowsmv63 owwhemhu dp1hu0rb dhp61c6y iyyx5f41\">Syftet med m\u00f6tet var att ge en \u00e5terkoppling kring kvalitetsregistrets arbete b\u00e5de nu och strategiskt fram\u00e5t. M\u00e5let var ocks\u00e5 att den nationella samsynen inom synrehabilitering skall \u00f6ka och forts\u00e4tta att utvecklas. F\u00f6r att detta ska vara m\u00f6jligt beh\u00f6ver vi alla samverka och arbeta vidare med att \u00f6ka samsynen i syn-Sverige.<\/span><\/p>\n<h3><span class=\"tojvnm2t a6sixzi8 abs2jz4q a8s20v7p t1p8iaqh k5wvi7nf q3lfd5jv pk4s997a bipmatt0 cebpdrjk qowsmv63 owwhemhu dp1hu0rb dhp61c6y iyyx5f41\">Sammanfattning fr\u00e5n anv\u00e4ndardagen<\/span><\/h3>\n<p><span class=\"tojvnm2t a6sixzi8 abs2jz4q a8s20v7p t1p8iaqh k5wvi7nf q3lfd5jv pk4s997a bipmatt0 cebpdrjk qowsmv63 owwhemhu dp1hu0rb dhp61c6y iyyx5f41\">SKRS:s registerh\u00e5llare Fanny Petersson gav en inledning och presentation av dagen och d\u00e4refter presenterades handlingsplanen utifr\u00e5n medelstilldelning.<br \/>\nSusanne Albrecht fr\u00e5n RC Syd presenterade d\u00e4refter visualiseringsverktyget \u2013 hur g\u00f6r vi och hur g\u00e5r det f\u00f6r oss?<\/span><\/p>\n<p><span class=\"tojvnm2t a6sixzi8 abs2jz4q a8s20v7p t1p8iaqh k5wvi7nf q3lfd5jv pk4s997a bipmatt0 cebpdrjk qowsmv63 owwhemhu dp1hu0rb dhp61c6y iyyx5f41\">Emelie Lombard och Lotta Edman visade sedan hemsidan \u2013 vad man kan hitta p\u00e5 hemsidan, att en ny manual \u00e4r publicerad samt var man hittar svar p\u00e5 vanliga fr\u00e5gor. De meddelade \u00e4ven att KV\u00c5 (Klassifikation av v\u00e5rd\u00e5tg\u00e4rder)-listorna nu \u00e4r reviderade. De nya listorna kommer att skickas ut via funktionsbrevl\u00e5dan n\u00e4r allt \u00e4r f\u00e4rdigt.<\/span><\/p>\n<p><span class=\"tojvnm2t a6sixzi8 abs2jz4q a8s20v7p t1p8iaqh k5wvi7nf q3lfd5jv pk4s997a bipmatt0 cebpdrjk qowsmv63 owwhemhu dp1hu0rb dhp61c6y iyyx5f41\">Ett arbete som p\u00e5b\u00f6rjats \u00e4r att f\u00f6ra in barn i SKRS. Eva Karlstr\u00f6m och Helena Backteman gav information och nul\u00e4ge ang\u00e5ende SKRS-barn.<\/span><\/p>\n<p><span class=\"tojvnm2t a6sixzi8 abs2jz4q a8s20v7p t1p8iaqh k5wvi7nf q3lfd5jv pk4s997a bipmatt0 cebpdrjk qowsmv63 owwhemhu dp1hu0rb dhp61c6y iyyx5f41\">Lotta Edman presenterade sedan nul\u00e4get vad g\u00e4ller att m\u00e4ta effekter. Synmottagningen i Kristianstad i Sk\u00e5ne har p\u00e5b\u00f6rjat att m\u00e4ta effekter och \u00e4ven Syncentralen p\u00e5 Gotland har nyligen introducerats. Kontaktperson Catharina Strandberg ber\u00e4ttade kort om hur det g\u00e5r i Sk\u00e5ne.<\/span><\/p>\n<p><span class=\"tojvnm2t a6sixzi8 abs2jz4q a8s20v7p t1p8iaqh k5wvi7nf q3lfd5jv pk4s997a bipmatt0 cebpdrjk qowsmv63 owwhemhu dp1hu0rb dhp61c6y iyyx5f41\">Ut\u00f6ver f\u00f6rel\u00e4sningarna arbetade vi ocks\u00e5 i mindre reflektionsgrupper vid tv\u00e5 tillf\u00e4llen under eftermiddagen. Styrgruppsmedlemmarna fick uppgiften att dokumentera och sammanfatta gruppernas reflektioner.<\/span><\/p>\n<p><span class=\"tojvnm2t a6sixzi8 abs2jz4q a8s20v7p t1p8iaqh k5wvi7nf q3lfd5jv pk4s997a bipmatt0 cebpdrjk qowsmv63 owwhemhu dp1hu0rb dhp61c6y iyyx5f41\">Stort tack till alla deltagare p\u00e5 SKRS-dagen! Ert engagemang \u00e4r guld v\u00e4rt.<\/span><\/p>\n<h3>Program<\/h3>\n<p><span class=\"tojvnm2t a6sixzi8 abs2jz4q a8s20v7p t1p8iaqh k5wvi7nf q3lfd5jv pk4s997a bipmatt0 cebpdrjk qowsmv63 owwhemhu dp1hu0rb dhp61c6y iyyx5f41\"><a href=\"https:\/\/rcsyd.se\/skrs\/wp-content\/uploads\/sites\/4\/2022\/05\/Program-digital-SKRS-dag-220426.pdf\" target=\"_blank\" rel=\"noopener\">Program fr\u00e5n v\u00e5rens SKRS-dag<\/a> (PDF-format, 105 kB).<\/span><\/p>\n","protected":false},"excerpt":{"rendered":"<p>2022 H\u00f6stens SKRS-dag \u00c5rets andra SKRS (Svenskt Kvalitetsregister f\u00f6r Rehabilitering vid Synneds\u00e4ttning)-dag genomf\u00f6rdes den 12 oktober d\u00e5 47 kontaktpersoner och synchefer i landet samlades via Teams. Syftet med m\u00f6tet var att redovisa arbetet som vi alla bidrar till inom SKRS samt ber\u00e4tta om vad som har h\u00e4nt och vad som \u00e4r p\u00e5 g\u00e5ng i framtiden&#8230;. <a class=\"read-more\" href=\"https:\/\/rcsyd.se\/skrs\/om-skrs\/anvandarmoten-skrs-dagar\/2022-2\">L\u00e4s mer<\/a><\/p>\n","protected":false},"author":3,"featured_media":0,"parent":1118,"menu_order":0,"comment_status":"closed","ping_status":"closed","template":"","meta":{"_acf_changed":false,"footnotes":""},"acf":[],"_links":{"self":[{"href":"https:\/\/rcsyd.se\/skrs\/wp-json\/wp\/v2\/pages\/2328"}],"collection":[{"href":"https:\/\/rcsyd.se\/skrs\/wp-json\/wp\/v2\/pages"}],"about":[{"href":"https:\/\/rcsyd.se\/skrs\/wp-json\/wp\/v2\/types\/page"}],"author":[{"embeddable":true,"href":"https:\/\/rcsyd.se\/skrs\/wp-json\/wp\/v2\/users\/3"}],"replies":[{"embeddable":true,"href":"https:\/\/rcsyd.se\/skrs\/wp-json\/wp\/v2\/comments?post=2328"}],"version-history":[{"count":8,"href":"https:\/\/rcsyd.se\/skrs\/wp-json\/wp\/v2\/pages\/2328\/revisions"}],"predecessor-version":[{"id":2985,"href":"https:\/\/rcsyd.se\/skrs\/wp-json\/wp\/v2\/pages\/2328\/revisions\/2985"}],"up":[{"embeddable":true,"href":"https:\/\/rcsyd.se\/skrs\/wp-json\/wp\/v2\/pages\/1118"}],"wp:attachment":[{"href":"https:\/\/rcsyd.se\/skrs\/wp-json\/wp\/v2\/media?parent=2328"}],"curies":[{"name":"wp","href":"https:\/\/api.w.org\/{rel}","templated":true}]}}