{"id":2190,"date":"2020-11-18T10:25:33","date_gmt":"2020-11-18T10:25:33","guid":{"rendered":"https:\/\/rcsyd.se\/skrs\/?page_id=2190"},"modified":"2026-02-09T14:29:25","modified_gmt":"2026-02-09T14:29:25","slug":"arsrapporter","status":"publish","type":"page","link":"https:\/\/rcsyd.se\/skrs\/publikationer\/arsrapporter","title":{"rendered":"\u00c5rsrapporter"},"content":{"rendered":"<h1>\u00c5rsrapporter<\/h1>\n<p>P\u00e5 denna sida\u00a0finns SKRS:s (Svenskt Kvalitetsregister f\u00f6r Rehabilitering vid Synneds\u00e4ttning) \u00e5rsrapporter tillg\u00e4ngliga f\u00f6r nedladdning.<\/p>\n","protected":false},"excerpt":{"rendered":"<p>\u00c5rsrapporter P\u00e5 denna sida\u00a0finns SKRS:s (Svenskt Kvalitetsregister f\u00f6r Rehabilitering vid Synneds\u00e4ttning) \u00e5rsrapporter tillg\u00e4ngliga f\u00f6r nedladdning.<\/p>\n","protected":false},"author":3,"featured_media":0,"parent":16,"menu_order":0,"comment_status":"closed","ping_status":"closed","template":"","meta":{"_acf_changed":false,"footnotes":""},"acf":[],"_links":{"self":[{"href":"https:\/\/rcsyd.se\/skrs\/wp-json\/wp\/v2\/pages\/2190"}],"collection":[{"href":"https:\/\/rcsyd.se\/skrs\/wp-json\/wp\/v2\/pages"}],"about":[{"href":"https:\/\/rcsyd.se\/skrs\/wp-json\/wp\/v2\/types\/page"}],"author":[{"embeddable":true,"href":"https:\/\/rcsyd.se\/skrs\/wp-json\/wp\/v2\/users\/3"}],"replies":[{"embeddable":true,"href":"https:\/\/rcsyd.se\/skrs\/wp-json\/wp\/v2\/comments?post=2190"}],"version-history":[{"count":9,"href":"https:\/\/rcsyd.se\/skrs\/wp-json\/wp\/v2\/pages\/2190\/revisions"}],"predecessor-version":[{"id":2996,"href":"https:\/\/rcsyd.se\/skrs\/wp-json\/wp\/v2\/pages\/2190\/revisions\/2996"}],"up":[{"embeddable":true,"href":"https:\/\/rcsyd.se\/skrs\/wp-json\/wp\/v2\/pages\/16"}],"wp:attachment":[{"href":"https:\/\/rcsyd.se\/skrs\/wp-json\/wp\/v2\/media?parent=2190"}],"curies":[{"name":"wp","href":"https:\/\/api.w.org\/{rel}","templated":true}]}}