{"id":1800,"date":"2019-10-24T14:51:14","date_gmt":"2019-10-24T14:51:14","guid":{"rendered":"https:\/\/rcsyd.se\/skrs\/?page_id=1800"},"modified":"2020-06-22T12:54:07","modified_gmt":"2020-06-22T12:54:07","slug":"2019-2","status":"publish","type":"page","link":"https:\/\/rcsyd.se\/skrs\/om-skrs\/anvandarmoten-skrs-dagar\/2019-2","title":{"rendered":"2019"},"content":{"rendered":"<h1>2019<\/h1>\n<p>Onsdagen den 16 oktober samlades vi \u00e5terigen i konferenslokalen p\u00e5 v\u00e5ning 3 p\u00e5 Freys hotell i Stockholm. Sammanlagt 44 personer, kontaktpersoner och chefer fr\u00e5n synverksamheterna i Sverige, samlades f\u00f6r att ta sig an \u00e5rets program.<\/p>\n<figure id=\"attachment_1810\" aria-describedby=\"caption-attachment-1810\" style=\"width: 640px\" class=\"wp-caption aligncenter\"><a href=\"https:\/\/rcsyd.se\/skrs\/wp-content\/uploads\/sites\/4\/2019\/10\/SKRS4-1.jpg\"><img loading=\"lazy\" decoding=\"async\" class=\"wp-image-1810 size-large\" src=\"https:\/\/rcsyd.se\/skrs\/wp-content\/uploads\/sites\/4\/2019\/10\/SKRS4-1-842x1024.jpg\" alt=\"Registerh\u00e5llare Fanny F Peterson talar i mikrofon. Fanny \u00e4r kortklippt och b\u00e4r svartb\u00e5gade glas\u00f6gon, r\u00f6dbl\u00e5 tr\u00f6ja och ljusbrun jacka.\" width=\"640\" height=\"778\" srcset=\"https:\/\/rcsyd.se\/skrs\/wp-content\/uploads\/sites\/4\/2019\/10\/SKRS4-1-842x1024.jpg 842w, https:\/\/rcsyd.se\/skrs\/wp-content\/uploads\/sites\/4\/2019\/10\/SKRS4-1-247x300.jpg 247w, https:\/\/rcsyd.se\/skrs\/wp-content\/uploads\/sites\/4\/2019\/10\/SKRS4-1-768x934.jpg 768w, https:\/\/rcsyd.se\/skrs\/wp-content\/uploads\/sites\/4\/2019\/10\/SKRS4-1.jpg 1908w\" sizes=\"(max-width: 640px) 100vw, 640px\" \/><\/a><figcaption id=\"caption-attachment-1810\" class=\"wp-caption-text\">Fanny F Peterson<\/figcaption><\/figure>\n<p>Fanny F Petersson, ny registerh\u00e5llare sedan i maj 2019, inledde dagen med att h\u00e4lsa alla v\u00e4lkomna. I auditoriet fick alla presentera sig med namn och ett ord som man kommer att t\u00e4nka p\u00e5 n\u00e4r man h\u00f6r begreppet SKRS (Svenskt Kvalitetsregister f\u00f6r Rehabilitering vid Synneds\u00e4ttning). Efter detta presenterade Fanny samtliga medlemmar i SKRS:s styrgrupp, b\u00e5de medverkande och de som inte deltog under dagen. Fanny ber\u00e4ttade ocks\u00e5 lite om sig sj\u00e4lv, nul\u00e4get f\u00f6r registret samt tankar och planer f\u00f6r 2020. Hon ber\u00f6rde sen utmaningar fram\u00e5t. Vad beh\u00f6ver vi fokusera p\u00e5 f\u00f6r att n\u00e5 m\u00e5let att kunna bli ett kvalitetsregister p\u00e5 certifieringsniv\u00e5 2, med siktet st\u00e4llt mot 2023?<\/p>\n<figure id=\"attachment_1987\" aria-describedby=\"caption-attachment-1987\" style=\"width: 238px\" class=\"wp-caption alignright\"><a href=\"https:\/\/rcsyd.se\/skrs\/wp-content\/uploads\/sites\/4\/2020\/06\/Susanne-Albrecht.jpg\"><img loading=\"lazy\" decoding=\"async\" class=\"wp-image-1987 size-medium\" src=\"https:\/\/rcsyd.se\/skrs\/wp-content\/uploads\/sites\/4\/2020\/06\/Susanne-Albrecht-238x300.jpg\" alt=\"Susanne Albrecht. Susanne har axell\u00e5ngt, ljust h\u00e5r. P\u00e5 sig har hon en svartvit tr\u00f6ja och namnskylt.\" width=\"238\" height=\"300\" srcset=\"https:\/\/rcsyd.se\/skrs\/wp-content\/uploads\/sites\/4\/2020\/06\/Susanne-Albrecht-238x300.jpg 238w, https:\/\/rcsyd.se\/skrs\/wp-content\/uploads\/sites\/4\/2020\/06\/Susanne-Albrecht-813x1024.jpg 813w, https:\/\/rcsyd.se\/skrs\/wp-content\/uploads\/sites\/4\/2020\/06\/Susanne-Albrecht-768x968.jpg 768w, https:\/\/rcsyd.se\/skrs\/wp-content\/uploads\/sites\/4\/2020\/06\/Susanne-Albrecht-1219x1536.jpg 1219w, https:\/\/rcsyd.se\/skrs\/wp-content\/uploads\/sites\/4\/2020\/06\/Susanne-Albrecht-1625x2048.jpg 1625w, https:\/\/rcsyd.se\/skrs\/wp-content\/uploads\/sites\/4\/2020\/06\/Susanne-Albrecht.jpg 1908w\" sizes=\"(max-width: 238px) 100vw, 238px\" \/><\/a><figcaption id=\"caption-attachment-1987\" class=\"wp-caption-text\">Susanne Albrecht<\/figcaption><\/figure>\n<p>Fanny fortsatte sedan tillsammans med Susanne Albrecht, Registercentrum Syd, att presentera \u00e5rsrapporten f\u00f6r 2018. Det blev en positiv dialog och ett resonemang kring bilderna som presenterades. Tydligt \u00e4r att vi m\u00e5ste \u00f6ka t\u00e4ckningsgraden i registret. \u00c5rsrapporten kommer att administreras till alla deltagande p\u00e5 anv\u00e4ndarm\u00f6tet.<\/p>\n<p>Sara Andersson, enhetschef p\u00e5 syncentralen i V\u00e4stra G\u00f6taland och Lotta Edman, synpedagog fr\u00e5n Syncentralen i Halland, tog sedan \u00f6ver ordet och presenterade pilotprojektet som p\u00e5g\u00e5r f\u00f6r att se hur vi ska kunna m\u00e4ta effekter vid synrehabilitering via SKRS.<\/p>\n<figure id=\"attachment_1988\" aria-describedby=\"caption-attachment-1988\" style=\"width: 300px\" class=\"wp-caption alignleft\"><a href=\"https:\/\/rcsyd.se\/skrs\/wp-content\/uploads\/sites\/4\/2020\/06\/Sara-Andersson-och-Lotta-Edman.jpg\"><img loading=\"lazy\" decoding=\"async\" class=\"wp-image-1988 size-medium\" src=\"https:\/\/rcsyd.se\/skrs\/wp-content\/uploads\/sites\/4\/2020\/06\/Sara-Andersson-och-Lotta-Edman-300x271.jpg\" alt=\"Sara Andersson och Lotta Edman. Sara har axell\u00e5ngt ljust h\u00e5r, r\u00f6d tr\u00f6ja och namnskylt. Lotta har h\u00e4stsvans, svartb\u00e5gade glas\u00f6gon och ljusbl\u00e5 skjorta. Lotta h\u00e5ller i en mikrofon.\" width=\"300\" height=\"271\" srcset=\"https:\/\/rcsyd.se\/skrs\/wp-content\/uploads\/sites\/4\/2020\/06\/Sara-Andersson-och-Lotta-Edman-300x271.jpg 300w, https:\/\/rcsyd.se\/skrs\/wp-content\/uploads\/sites\/4\/2020\/06\/Sara-Andersson-och-Lotta-Edman-1024x926.jpg 1024w, https:\/\/rcsyd.se\/skrs\/wp-content\/uploads\/sites\/4\/2020\/06\/Sara-Andersson-och-Lotta-Edman-768x695.jpg 768w, https:\/\/rcsyd.se\/skrs\/wp-content\/uploads\/sites\/4\/2020\/06\/Sara-Andersson-och-Lotta-Edman.jpg 1066w\" sizes=\"(max-width: 300px) 100vw, 300px\" \/><\/a><figcaption id=\"caption-attachment-1988\" class=\"wp-caption-text\">Sara Andersson och Lotta Edman<\/figcaption><\/figure>\n<p>Tillbakablick, nul\u00e4ge och hur vi jobbar fram\u00e5t f\u00f6r att p\u00e5 sikt f\u00e5 med fler synenheter i detta arbete gicks igenom. V\u00e5rdgivaren, tillsammans med patienten, uppr\u00e4ttar nu ICF (International Classification of. Functioning, Disability and Health)-baserade m\u00e5l. M\u00e5len skattas med hj\u00e4lp av en <abbr title=\"International Classification of. Functioning, Disability and Health\">ICF<\/abbr>-baserad bed\u00f6mningsmall. I denna mall \u00e4r det patientens f\u00f6rm\u00e5ga att utf\u00f6ra en aktivitet, f\u00f6re och efter insatserna som ges p\u00e5 synenheterna, som skattas. Hur det fortsatta arbetet fortskrider kommer att presenteras vid chefsm\u00f6tet v\u00e5ren 2020.<\/p>\n<p>N\u00e4r Saras dragning var avslutad gjordes ett uppeh\u00e5ll f\u00f6r lunch i hotellets restaurang.<\/p>\n<figure id=\"attachment_1989\" aria-describedby=\"caption-attachment-1989\" style=\"width: 300px\" class=\"wp-caption alignright\"><a href=\"https:\/\/rcsyd.se\/skrs\/wp-content\/uploads\/sites\/4\/2020\/06\/Anna-Karin-\u00d6hman.jpg\"><img loading=\"lazy\" decoding=\"async\" class=\"wp-image-1989 size-medium\" src=\"https:\/\/rcsyd.se\/skrs\/wp-content\/uploads\/sites\/4\/2020\/06\/Anna-Karin-\u00d6hman-300x279.jpg\" alt=\"Anna-Karin \u00d6hman. Anna-Karin har kort, ljust h\u00e5r och b\u00e4r svartb\u00e5gade glas\u00f6gon, ljus skjorta och svart tr\u00f6ja.\" width=\"300\" height=\"279\" srcset=\"https:\/\/rcsyd.se\/skrs\/wp-content\/uploads\/sites\/4\/2020\/06\/Anna-Karin-\u00d6hman-300x279.jpg 300w, https:\/\/rcsyd.se\/skrs\/wp-content\/uploads\/sites\/4\/2020\/06\/Anna-Karin-\u00d6hman-1024x951.jpg 1024w, https:\/\/rcsyd.se\/skrs\/wp-content\/uploads\/sites\/4\/2020\/06\/Anna-Karin-\u00d6hman-768x713.jpg 768w, https:\/\/rcsyd.se\/skrs\/wp-content\/uploads\/sites\/4\/2020\/06\/Anna-Karin-\u00d6hman-1536x1427.jpg 1536w, https:\/\/rcsyd.se\/skrs\/wp-content\/uploads\/sites\/4\/2020\/06\/Anna-Karin-\u00d6hman.jpg 1908w\" sizes=\"(max-width: 300px) 100vw, 300px\" \/><\/a><figcaption id=\"caption-attachment-1989\" class=\"wp-caption-text\">Anna-Karin \u00d6hman<\/figcaption><\/figure>\n<p>Efter lunchen var det dags f\u00f6r workshops. Anna-Karin \u00d6hman, utvecklingsstrateg, V\u00e4sterbotten, tog \u00f6ver ordet och organiserade eftermiddagen som bestod av f\u00f6ljande workshop\u00e4mnen:<\/p>\n<ul>\n<li>T\u00e4ckningsgrad. Hur kommer ni att arbeta med framtagandet av rutiner f\u00f6r att kunna redovisa antal remisser och egen v\u00e5rdbeg\u00e4ran?<\/li>\n<li>Rehabiliteringstider. Det skiljer sig mycket i landet n\u00e4r det g\u00e4ller rehabiliteringstider, vilka orsaker finns till detta? Hur g\u00f6r vi till exempel n\u00e4r en rehabiliteringsplan blir l\u00e5ng p\u00e5 grund av \u00e5terbud eller sjukdom?<\/li>\n<\/ul>\n<p>Deltagarna delades f\u00f6r workshopen upp i sex mindre grupper som fick sitta i en och en halv timme och diskutera \u00e4mnena och fr\u00e5gest\u00e4llningarna ovan. D\u00e4refter fick varje grupp g\u00f6ra en kort redovisning av vad de kommit fram till. Det kom i dessa redovisningar bland annat fram f\u00f6ljande synpunkter och fr\u00e5getecken:<\/p>\n<ul>\n<li>Styrgruppen beh\u00f6ver f\u00f6rtydliga vissa moment i hanteringen av SKRS-modulen.<\/li>\n<li>Hur definierar vi Rehabiliteringsplan?<\/li>\n<li>Det finns ett starkt \u00f6nskem\u00e5l och behov av en gemensam KV\u00c5 (Klassifikation av v\u00e5rd\u00e5tg\u00e4rder)-lista att f\u00f6rh\u00e5lla sig till.<\/li>\n<li>M\u00e5nga synenheter beh\u00f6ver se \u00f6ver sina egna rutiner p\u00e5 hemmaplan, bland annat f\u00f6r att kunna ber\u00e4kna och \u00f6ka t\u00e4ckningsgraden.<\/li>\n<\/ul>\n<p>Styrgruppen kommer att arbeta med bland annat det sistn\u00e4mnda fram\u00f6ver och d\u00e4r ocks\u00e5 koppla samman med arbetet kring nationella v\u00e5rdprocesser.<\/p>\n<p>D\u00e5 redovisningarna var gjorda avslutades dagen med en utv\u00e4rdering innan var och en fick forts\u00e4tta till vardagen som f\u00f6ljer efter en s\u00e5dan h\u00e4r intensiv dag.<br \/>\nNi kan redan nu planera in n\u00e4sta anv\u00e4ndarm\u00f6te onsdagen den 14 oktober 2020, v\u00e4l m\u00f6tt d\u00e5!<\/p>\n","protected":false},"excerpt":{"rendered":"<p>2019 Onsdagen den 16 oktober samlades vi \u00e5terigen i konferenslokalen p\u00e5 v\u00e5ning 3 p\u00e5 Freys hotell i Stockholm. Sammanlagt 44 personer, kontaktpersoner och chefer fr\u00e5n synverksamheterna i Sverige, samlades f\u00f6r att ta sig an \u00e5rets program. Fanny F Petersson, ny registerh\u00e5llare sedan i maj 2019, inledde dagen med att h\u00e4lsa alla v\u00e4lkomna. I auditoriet fick&#8230; <a class=\"read-more\" href=\"https:\/\/rcsyd.se\/skrs\/om-skrs\/anvandarmoten-skrs-dagar\/2019-2\">L\u00e4s mer<\/a><\/p>\n","protected":false},"author":11,"featured_media":0,"parent":1118,"menu_order":0,"comment_status":"closed","ping_status":"closed","template":"","meta":{"_acf_changed":false,"footnotes":""},"acf":[],"_links":{"self":[{"href":"https:\/\/rcsyd.se\/skrs\/wp-json\/wp\/v2\/pages\/1800"}],"collection":[{"href":"https:\/\/rcsyd.se\/skrs\/wp-json\/wp\/v2\/pages"}],"about":[{"href":"https:\/\/rcsyd.se\/skrs\/wp-json\/wp\/v2\/types\/page"}],"author":[{"embeddable":true,"href":"https:\/\/rcsyd.se\/skrs\/wp-json\/wp\/v2\/users\/11"}],"replies":[{"embeddable":true,"href":"https:\/\/rcsyd.se\/skrs\/wp-json\/wp\/v2\/comments?post=1800"}],"version-history":[{"count":14,"href":"https:\/\/rcsyd.se\/skrs\/wp-json\/wp\/v2\/pages\/1800\/revisions"}],"predecessor-version":[{"id":2006,"href":"https:\/\/rcsyd.se\/skrs\/wp-json\/wp\/v2\/pages\/1800\/revisions\/2006"}],"up":[{"embeddable":true,"href":"https:\/\/rcsyd.se\/skrs\/wp-json\/wp\/v2\/pages\/1118"}],"wp:attachment":[{"href":"https:\/\/rcsyd.se\/skrs\/wp-json\/wp\/v2\/media?parent=1800"}],"curies":[{"name":"wp","href":"https:\/\/api.w.org\/{rel}","templated":true}]}}