{"id":1366,"date":"2017-11-02T11:42:34","date_gmt":"2017-11-02T11:42:34","guid":{"rendered":"https:\/\/rcsyd.se\/skrs\/?page_id=1366"},"modified":"2020-06-23T14:08:32","modified_gmt":"2020-06-23T14:08:32","slug":"2017-2","status":"publish","type":"page","link":"https:\/\/rcsyd.se\/skrs\/om-skrs\/anvandarmoten-skrs-dagar\/2017-2","title":{"rendered":"2017"},"content":{"rendered":"<h1>2017<\/h1>\n<p>Den 11 oktober 2017 samlades kontaktpersoner och chefer, ungef\u00e4r 35 personer, precis som f\u00f6rra \u00e5ret p\u00e5 Freys Hotel i Stockholm. Det var dags f\u00f6r SKRS:s (Svenskt Kvalitetsregister f\u00f6r Rehabilitering vid Synneds\u00e4ttning) andra anv\u00e4ndarm\u00f6te.<\/p>\n<p>Eva Kal\u00e9n b\u00f6rjade med att h\u00e4lsa alla v\u00e4lkomna. Efter presentationsrundan och genomg\u00e5ng av dagens program gjorde Eva en summering och en presentation av nul\u00e4get i SKRS. Det \u00e4r gl\u00e4djande att det nu \u00e4r s\u00e5 m\u00e5nga synenheter som kommit ig\u00e5ng med registreringar i modulen och att man nu b\u00f6rjar kunna ta del av utdata, data som man med stor f\u00f6rsiktighet kan b\u00f6rja hantera och fundera \u00f6ver. Vad \u00e4r det som g\u00f6r att resultatet ser ut som det g\u00f6r?<\/p>\n<p>Efter Evas inledande presentation visade Lotta Edman SKRS:s hemsida, gick igenom hur den \u00e4r uppdelad och vad som presenteras h\u00e4r. H\u00e4r ligger information om det mesta som r\u00f6r registret som bakgrund och syfte, patientinformation, anv\u00e4ndarmanual, FAQ (Frequently Asked Questions), utbildningsfilmer, l\u00e4nkar f\u00f6r kontakt med styrgruppen (praktiska fr\u00e5gor) och Registercentrum Syd (tekniska fr\u00e5gor) med mera. Det po\u00e4ngterades h\u00e4r att man b\u00f6r g\u00e5 in p\u00e5 hemsidan med j\u00e4mna mellanrum f\u00f6r att se nyheter och annan viktig information som r\u00f6r registret.<\/p>\n<p>Annelie Lindberg fortsatte att ber\u00e4tta om n\u00e4sta steg i utvecklingen av modulen, vilket \u00e4r att det planeras en ny variabel p\u00e5 Rehab. Plan-fliken och Uppf\u00f6ljningsfliken f\u00f6r att m\u00e4ta effekt p\u00e5 de insatser som g\u00f6rs p\u00e5 synenheterna i Sverige. Under b\u00f6rjan av n\u00e4sta \u00e5r planeras det att V\u00e4stra G\u00f6taland och Halland som pilotenheter ska b\u00f6rja registrera ICF (Internationell klassifikation av funktionstillst\u00e5nd, funktionshinder och h\u00e4lsa)-baserade m\u00e5l som efter avslutad insats sedan ska utv\u00e4rderas.<\/p>\n<p>Susanne Albrecht tog \u00f6ver efter Annelie och redovisade \u00e5rsrapporten f\u00f6r 2016. Vi fick d\u00e5 m\u00f6jlighet att ta del av data ur registret, konkreta siffror som presenterades p\u00e5 ett tydligt s\u00e4tt i olika diagram.<\/p>\n<figure id=\"attachment_1360\" aria-describedby=\"caption-attachment-1360\" style=\"width: 640px\" class=\"wp-caption aligncenter\"><a href=\"https:\/\/rcsyd.se\/skrs\/wp-content\/uploads\/sites\/4\/2014\/11\/DSC_0217-e1508838498658.jpg\"><img loading=\"lazy\" decoding=\"async\" class=\"wp-image-1360 size-large\" src=\"https:\/\/rcsyd.se\/skrs\/wp-content\/uploads\/sites\/4\/2014\/11\/DSC_0217-e1508838498658-1024x867.jpg\" alt=\"Susanne Albrecht f\u00f6rel\u00e4ser.\" width=\"640\" height=\"542\" srcset=\"https:\/\/rcsyd.se\/skrs\/wp-content\/uploads\/sites\/4\/2014\/11\/DSC_0217-e1508838498658-1024x867.jpg 1024w, https:\/\/rcsyd.se\/skrs\/wp-content\/uploads\/sites\/4\/2014\/11\/DSC_0217-e1508838498658-300x254.jpg 300w, https:\/\/rcsyd.se\/skrs\/wp-content\/uploads\/sites\/4\/2014\/11\/DSC_0217-e1508838498658-768x650.jpg 768w\" sizes=\"(max-width: 640px) 100vw, 640px\" \/><\/a><figcaption id=\"caption-attachment-1360\" class=\"wp-caption-text\">Susanne Albrecht<\/figcaption><\/figure>\n<p>Efter gemensam lunch p\u00e5 hotellet var det dags f\u00f6r Anna-Karin \u00d6hman att organisera eftermiddagen. Detta skedde med workshops d\u00e4r man fick sitta i mindre grupper och diskutera kring fyra olika fr\u00e5gest\u00e4llningar:<\/p>\n<ul>\n<li>IRP (Individuell rehabiliteringsplan\/v\u00e5rdplan)<\/li>\n<li>V\u00e4ntetidsspridning<\/li>\n<li>Rehabiliteringstid varierar<\/li>\n<li>KV\u00c5 (Klassifikation av v\u00e5rd\u00e5tg\u00e4rder)<\/li>\n<\/ul>\n<p>Efter \u00e5terkoppling av workshoparna, d\u00e4r de olika grupperna fick g\u00f6ra en muntlig och skriftlig sammanfattning, avslutades anv\u00e4ndarm\u00f6tet. Det var dags att \u00e5ka tillbaka hem till vardagen och fortsatt arbete med synrehabilitering p\u00e5 Sveriges olika synenheter.<\/p>\n<p>Utifr\u00e5n utv\u00e4rderingen av dagen var deltagarna mycket n\u00f6jda med inneh\u00e5llet och inte minst att f\u00e5 diskutera med i varandra i mindre grupper.<\/p>\n<figure id=\"attachment_1357\" aria-describedby=\"caption-attachment-1357\" style=\"width: 640px\" class=\"wp-caption aligncenter\"><a href=\"https:\/\/rcsyd.se\/skrs\/wp-content\/uploads\/sites\/4\/2017\/10\/DSC_0231.jpg\"><img loading=\"lazy\" decoding=\"async\" class=\"wp-image-1357 size-large\" src=\"https:\/\/rcsyd.se\/skrs\/wp-content\/uploads\/sites\/4\/2017\/10\/DSC_0231-1024x768.jpg\" alt=\"Delar av SKRS:s styrgrupp: Anna-Karin \u00d6hman, Lotta Edman, Susanne Albrecht, Eva Kal\u00e9n och Annelie Lindberg\" width=\"640\" height=\"480\" srcset=\"https:\/\/rcsyd.se\/skrs\/wp-content\/uploads\/sites\/4\/2017\/10\/DSC_0231-1024x768.jpg 1024w, https:\/\/rcsyd.se\/skrs\/wp-content\/uploads\/sites\/4\/2017\/10\/DSC_0231-300x225.jpg 300w, https:\/\/rcsyd.se\/skrs\/wp-content\/uploads\/sites\/4\/2017\/10\/DSC_0231-768x576.jpg 768w\" sizes=\"(max-width: 640px) 100vw, 640px\" \/><\/a><figcaption id=\"caption-attachment-1357\" class=\"wp-caption-text\">Delar av styrgruppen: Anna-Karin \u00d6hman, Lotta Edman, Susanne Albrecht, Eva Kal\u00e9n och Annelie Lindberg<\/figcaption><\/figure>\n<p>&nbsp;<\/p>\n","protected":false},"excerpt":{"rendered":"<p>2017 Den 11 oktober 2017 samlades kontaktpersoner och chefer, ungef\u00e4r 35 personer, precis som f\u00f6rra \u00e5ret p\u00e5 Freys Hotel i Stockholm. Det var dags f\u00f6r SKRS:s (Svenskt Kvalitetsregister f\u00f6r Rehabilitering vid Synneds\u00e4ttning) andra anv\u00e4ndarm\u00f6te. Eva Kal\u00e9n b\u00f6rjade med att h\u00e4lsa alla v\u00e4lkomna. Efter presentationsrundan och genomg\u00e5ng av dagens program gjorde Eva en summering och en&#8230; <a class=\"read-more\" href=\"https:\/\/rcsyd.se\/skrs\/om-skrs\/anvandarmoten-skrs-dagar\/2017-2\">L\u00e4s mer<\/a><\/p>\n","protected":false},"author":11,"featured_media":0,"parent":1118,"menu_order":2,"comment_status":"closed","ping_status":"closed","template":"","meta":{"_acf_changed":false,"footnotes":""},"acf":[],"_links":{"self":[{"href":"https:\/\/rcsyd.se\/skrs\/wp-json\/wp\/v2\/pages\/1366"}],"collection":[{"href":"https:\/\/rcsyd.se\/skrs\/wp-json\/wp\/v2\/pages"}],"about":[{"href":"https:\/\/rcsyd.se\/skrs\/wp-json\/wp\/v2\/types\/page"}],"author":[{"embeddable":true,"href":"https:\/\/rcsyd.se\/skrs\/wp-json\/wp\/v2\/users\/11"}],"replies":[{"embeddable":true,"href":"https:\/\/rcsyd.se\/skrs\/wp-json\/wp\/v2\/comments?post=1366"}],"version-history":[{"count":11,"href":"https:\/\/rcsyd.se\/skrs\/wp-json\/wp\/v2\/pages\/1366\/revisions"}],"predecessor-version":[{"id":2040,"href":"https:\/\/rcsyd.se\/skrs\/wp-json\/wp\/v2\/pages\/1366\/revisions\/2040"}],"up":[{"embeddable":true,"href":"https:\/\/rcsyd.se\/skrs\/wp-json\/wp\/v2\/pages\/1118"}],"wp:attachment":[{"href":"https:\/\/rcsyd.se\/skrs\/wp-json\/wp\/v2\/media?parent=1366"}],"curies":[{"name":"wp","href":"https:\/\/api.w.org\/{rel}","templated":true}]}}