{"id":3999,"date":"2025-10-29T13:26:03","date_gmt":"2025-10-29T13:26:03","guid":{"rendered":"https:\/\/rcsyd.se\/rikshoft\/?page_id=3999"},"modified":"2025-10-29T14:46:41","modified_gmt":"2025-10-29T14:46:41","slug":"forskning","status":"publish","type":"page","link":"https:\/\/rcsyd.se\/rikshoft\/forskning","title":{"rendered":"Forskning"},"content":{"rendered":"<h1>Forskning<\/h1>\n<p><strong>\u00c4r du forskare och vill ha information om hur du anv\u00e4nder kvalitetsregisterdata i forskning? H\u00e4r finns tips p\u00e5 st\u00f6d f\u00f6r ditt arbete.<\/strong><\/p>\n<h2>Kunskap till grund f\u00f6r f\u00f6rb\u00e4ttringsarbete<\/h2>\n<p>Syftet med datainsamlingen till kvalitetsregister \u00e4r att vi ska fungera som ett verktyg f\u00f6r uppf\u00f6ljning och f\u00f6rb\u00e4ttringar i v\u00e5rden. I Riksh\u00f6ft finns uppgifter om bland annat diagnos, behandlingar, biverkningar och livskvalitet men \u00e4ven information om l\u00e4kemedel. Genom att publicera utv\u00e4rderingar i form av \u00e5rsrapporter och samverka med forskare nationellt och internationellt kan vi bidra till b\u00e4ttre v\u00e5rd och rehabilitering. Forskningen fr\u00e5n Riksh\u00f6ft \u00e4r ocks\u00e5 viktig f\u00f6r att skapa en h\u00e4lso- och sjukv\u00e5rd d\u00e4r l\u00e4rande och utveckling \u00e4r en viktig del och d\u00e4r medarbetares kunskap och initiativ tas tillvara p\u00e5 b\u00e4sta s\u00e4tt.<\/p>\n<p>Riksh\u00f6ft har bidragit till optimering av landets h\u00f6ftfrakturv\u00e5rd, n\u00e5got man kan se p\u00e5 bland annat minskade v\u00e5rdtider och \u00f6kande utskrivningsandel till det ursprungliga boendet, vilket effektiviserat akutsjukv\u00e5rden och samtidigt minskat anv\u00e4ndningen av rehabiliteringsresurser. Urvalet av optimala operationsmetoder har ocks\u00e5 befr\u00e4mjats av registreringen. Informationen om denna del kommer att \u00f6ka ytterligare d\u00e5 en intensifierad analysverksamhet kommer att bedrivas avseende operationsresultat.\u200b<\/p>\n<h2>\u00c4r du intresserad av att samverka med oss?<\/h2>\n<p>Kontakta oss och diskutera m\u00f6jligheter f\u00f6r datauttag och f\u00e5 v\u00e4gledning f\u00f6r att underl\u00e4tta processen. D\u00e5 \u00f6kar m\u00f6jligheterna att du f\u00e5r ut de b\u00e4sta variablerna f\u00f6r din fr\u00e5ga samt att du kan f\u00e5 tips p\u00e5 hur du kan utforma ans\u00f6kan p\u00e5 ett s\u00e4tt som g\u00f6r att handl\u00e4ggningen g\u00e5r snabbt. Riksh\u00f6ft l\u00e4mnar ut data efter bed\u00f6mning i varje enskilt fall samt vid godk\u00e4nt etiktillst\u00e5nd f\u00f6r forskning. Det kr\u00e4vs inte etikgodk\u00e4nnande f\u00f6r att anv\u00e4nda registerdata f\u00f6r f\u00f6rb\u00e4ttringsarbete.<\/p>\n<p><a href=\"https:\/\/rcsyd.se\/rikshoft\/kontakt\">Klicka h\u00e4r f\u00f6r att komma till kontaktinformation.<\/a><\/p>\n<h2>Guide f\u00f6r utl\u00e4mnande av data och v\u00e4gledning vid forskning<\/h2>\n<p>Om du vill anv\u00e4nda data fr\u00e5n kvalitetsregister i din forskning kan du hos Kunskapsstyrning h\u00e4lso- och sjukv\u00e5rd l\u00e4sa om hur det g\u00e5r till vid utl\u00e4mnande av data och en v\u00e4gledning g\u00e4llande registerdata i forskning.<br \/>\n<a href=\"https:\/\/kunskapsstyrningvard.se\/kunskapsstyrningvard\/datauppfoljningochanalys\/kvalitetsregister\/medarbetareikvalitetsregister\/datahantering\/lamnautkvalitetsregisterdata.77644.html\" target=\"_blank\" rel=\"noopener noreferrer\">Klicka h\u00e4r f\u00f6r att komma till mer information hos Kunskapsstyrning h\u00e4lso- och sjukv\u00e5rd<\/a>.<\/p>\n<h2>Etikpr\u00f6vningsmyndigheten<\/h2>\n<p><a href=\"https:\/\/etikprovningsmyndigheten.se\/\" target=\"_blank\" rel=\"noopener\">Klicka h\u00e4r f\u00f6r att komma till Etikpr\u00f6vningsmyndighetens hemsida.<\/a><\/p>\n<h2>Vetenskapsr\u00e5dets metadatabasverktyg RUT (Register Utiliser Tool).<\/h2>\n<p><a href=\"https:\/\/rut.registerforskning.se\/\" target=\"_blank\" rel=\"noopener\">Klicka h\u00e4r f\u00f6r att komma till mer information om RUT.<\/a><\/p>\n<h2>Ans\u00f6kan om datauttag f\u00f6r forskning<\/h2>\n<p>Du som \u00e4r forskare och \u00f6nskar g\u00f6ra datauttag f\u00f6r forskning ur registret beh\u00f6ver g\u00f6ra en ans\u00f6kan om detta hos Region Sk\u00e5ne.<br \/>\n<a href=\"https:\/\/www.skane.se\/om-region-skane\/forskning\/for-dig-som-forskar\/personuppgifter-och-patientdata\/kvb-ansokan-for-utlamnande-av-patientdata\/\" target=\"_blank\" rel=\"noopener\">Klicka h\u00e4r f\u00f6r att komma till mer information hos Region Sk\u00e5ne.<\/a><\/p>\n","protected":false},"excerpt":{"rendered":"<p>Forskning \u00c4r du forskare och vill ha information om hur du anv\u00e4nder kvalitetsregisterdata i forskning? H\u00e4r finns tips p\u00e5 st\u00f6d f\u00f6r ditt arbete. Kunskap till grund f\u00f6r f\u00f6rb\u00e4ttringsarbete Syftet med datainsamlingen till kvalitetsregister \u00e4r att vi ska fungera som ett verktyg f\u00f6r uppf\u00f6ljning och f\u00f6rb\u00e4ttringar i v\u00e5rden. I Riksh\u00f6ft finns uppgifter om bland annat diagnos,&#8230; <a class=\"read-more\" href=\"https:\/\/rcsyd.se\/rikshoft\/forskning\">L\u00e4s mer<\/a><\/p>\n","protected":false},"author":3,"featured_media":0,"parent":0,"menu_order":0,"comment_status":"closed","ping_status":"closed","template":"","meta":{"_acf_changed":false,"footnotes":""},"acf":[],"_links":{"self":[{"href":"https:\/\/rcsyd.se\/rikshoft\/wp-json\/wp\/v2\/pages\/3999"}],"collection":[{"href":"https:\/\/rcsyd.se\/rikshoft\/wp-json\/wp\/v2\/pages"}],"about":[{"href":"https:\/\/rcsyd.se\/rikshoft\/wp-json\/wp\/v2\/types\/page"}],"author":[{"embeddable":true,"href":"https:\/\/rcsyd.se\/rikshoft\/wp-json\/wp\/v2\/users\/3"}],"replies":[{"embeddable":true,"href":"https:\/\/rcsyd.se\/rikshoft\/wp-json\/wp\/v2\/comments?post=3999"}],"version-history":[{"count":5,"href":"https:\/\/rcsyd.se\/rikshoft\/wp-json\/wp\/v2\/pages\/3999\/revisions"}],"predecessor-version":[{"id":4048,"href":"https:\/\/rcsyd.se\/rikshoft\/wp-json\/wp\/v2\/pages\/3999\/revisions\/4048"}],"wp:attachment":[{"href":"https:\/\/rcsyd.se\/rikshoft\/wp-json\/wp\/v2\/media?parent=3999"}],"curies":[{"name":"wp","href":"https:\/\/api.w.org\/{rel}","templated":true}]}}