{"id":3962,"date":"2025-10-28T14:18:57","date_gmt":"2025-10-28T14:18:57","guid":{"rendered":"https:\/\/rcsyd.se\/rikshoft\/?page_id=3962"},"modified":"2025-10-29T13:37:54","modified_gmt":"2025-10-29T13:37:54","slug":"om-registrering","status":"publish","type":"page","link":"https:\/\/rcsyd.se\/rikshoft\/patientinformation\/om-registrering","title":{"rendered":"Om registrering"},"content":{"rendered":"<h1>Om registrering<\/h1>\n<p>I Riksh\u00f6ft (<span class=\"name\">Nationellt kvalitetsregister f\u00f6r h\u00f6ftfraktur<\/span>) har det genom \u00e5ren registrerats uppgifter om patienter och deras behandling. Huvudsyftet med registret \u00e4r att utveckla kvaliteten p\u00e5 v\u00e5rden. Det som registrerats \u00e4r patienters personnummer, v\u00e5rdkontakter, diagnos och behandling. Data har samlats in av v\u00e5rdpersonalen, patientjournal samt fr\u00e5n patienterna.\u200b<\/p>\n<p>Region Sk\u00e5ne har ett \u00f6vergripande juridiskt ansvar f\u00f6r personuppgifterna i Riksh\u00f6ft. F\u00f6retr\u00e4dare f\u00f6r CPUA (centralt personuppgiftsansvar) i Region Sk\u00e5ne \u00e4r Mikael \u00c5str\u00f6m. De v\u00e5rdenheter som f\u00f6rt in uppgifter i Riksh\u00f6ft har lokalt juridiskt ansvar f\u00f6r datainsamlingen.<\/p>\n<h2>Kontaktuppgifter<\/h2>\n<p>N\u00e4r uppgifter om dig finns med i ett kvalitetsregister har du vissa r\u00e4ttigheter. L\u00e4s mer om dem nedan.<\/p>\n<p>Vill du komma i kontakt med Riksh\u00f6ft ang\u00e5ende dina r\u00e4ttigheter anv\u00e4nd kontaktformul\u00e4ret p\u00e5 kontaktuppgiftssidan.<br \/>\n<a href=\"https:\/\/rcsyd.se\/rikshoft\/kontakt\">Klicka h\u00e4r f\u00f6r att komma till formul\u00e4ret.<\/a><\/p>\n<p>Du kan ocks\u00e5 v\u00e4nda dig till ett dataskyddsombud med fr\u00e5gor som r\u00f6r uppgifter om dig i kvalitetsregister. Dataskyddsombuden \u00f6vervakar efterlevnaden av lagar som r\u00f6r behandling av personuppgifter.\u200b<\/p>\n<h3>Kontaktuppgifter till dataskyddsombudet i Region Sk\u00e5ne<\/h3>\n<p>Region Sk\u00e5nes Dataskyddsombud<br \/>\nRegion Sk\u00e5ne, 291 89 Kristianstad<\/p>\n<p>Telefon: 044-309 30 00<br \/>\nE-post: <a href=\"mailto:region@skane.se\">region@skane.se<\/a><\/p>\n<h2>\u200bDu bidrar till b\u00e4ttre v\u00e5rd<\/h2>\n<p>Genom att vara med i ett kvalitetsregister bidrar du till att f\u00f6rb\u00e4ttra v\u00e5rden. Det \u00e4r frivilligt att vara med och det p\u00e5verkar inte den v\u00e5rd du f\u00e5r. Uppgifterna anv\u00e4nds f\u00f6r att j\u00e4mf\u00f6ra v\u00e5rden mellan olika v\u00e5rdenheter och v\u00e5rdgivare runt om i landet. Resultaten kan anv\u00e4ndas f\u00f6r f\u00f6rb\u00e4ttringsarbete och forskning. Kvalitetsregistren bidrar till ny kunskap om vad som \u00e4r b\u00e4st behandling och ju fler patienter som finns med desto s\u00e4krare blir resultaten.\u200b<\/p>\n<h2>St\u00f6d i lagen<\/h2>\n<p>Alla som behandlar personuppgifter m\u00e5ste ha st\u00f6d i lagen f\u00f6r detta. Hanteringen av personuppgifter i kvalitetsregister regleras av dataskyddsf\u00f6rordningen (GDPR) och kapitel sju i patientdatalagen (PDL).\u00a0Det \u00e4r till\u00e5tet att registrera data i kvalitetsregister eftersom uppgifterna \u00e4r av allm\u00e4nt intresse f\u00f6r samh\u00e4llet och viktiga inom sjukv\u00e5rden. Den personal som hanterar personuppgifter i kvalitetsregister omfattas av en lagstadgad tystnadsplikt.\u200b<\/p>\n<h2>S\u00e5 anv\u00e4nds uppgifter om dig<\/h2>\n<p>Uppgifterna om dig i kvalitetsregister f\u00e5r bara anv\u00e4ndas f\u00f6r att utveckla och s\u00e4kra v\u00e5rdens kvalitet, framst\u00e4lla statistik, antalsber\u00e4kning f\u00f6r klinisk forskning samt f\u00f6r forskning inom h\u00e4lso- och sjukv\u00e5rden. Uppgifterna f\u00e5r \u00e4ven, efter sekretesspr\u00f6vning, l\u00e4mnas ut till n\u00e5gon som ska anv\u00e4nda dem f\u00f6r n\u00e5got av dessa \u00e4ndam\u00e5l. Om uppgifter f\u00e5r l\u00e4mnas ut kan det ske elektroniskt. All anv\u00e4ndning i forskningssyfte kr\u00e4ver godk\u00e4nnande av etikpr\u00f6vningsn\u00e4mnd.\u200b<\/p>\n<h2>Sekretess<\/h2>\n<p>Uppgifterna om dig i kvalitetsregister skyddas av h\u00e4lso- och sjukv\u00e5rdssekretessen i offentlighets- och sekretesslagen. Det inneb\u00e4r som huvudregel att uppgifter om dig bara f\u00e5r l\u00e4mnas ut fr\u00e5n kvalitetsregister om det st\u00e5r klart att varken du eller n\u00e5gon n\u00e4rst\u00e5ende till dig lider men om uppgifterna l\u00e4mnas ut.<\/p>\n<h2>S\u00e4kerhet<\/h2>\n<p>Uppgifterna om dig i kvalitetsregister skyddas mot att obeh\u00f6riga f\u00e5r tillg\u00e5ng till dem. Bara den som har behov av uppgifterna f\u00f6r att utf\u00f6ra sitt arbete f\u00e5r ha tillg\u00e5ng till dem. Det kontrolleras att ingen obeh\u00f6rig tagit del av uppgifterna, s\u00e5 kallad logguppf\u00f6ljning. Uppgifterna skyddas genom kryptering. Inloggning i registret f\u00f6r att ta del av uppgifter sker p\u00e5 ett s\u00e4kert s\u00e4tt.<\/p>\n<h2>\u200b\u00c5tkomst<\/h2>\n<p>Beh\u00f6rig personal p\u00e5 den v\u00e5rdenhet som har matat in uppgifterna i kvalitetsregistret har \u00e5tkomst till just dessa uppgifter. Ingen annan v\u00e5rdgivare kommer \u00e5t uppgifterna. Beh\u00f6rig personal som arbetar p\u00e5 kvalitetsregistret har \u00e5tkomst till alla uppgifter i registret.<\/p>\n<h2>\u200bLagringstid och gallring<\/h2>\n<p>Uppgifter om dig tas bort n\u00e4r de inte l\u00e4ngre beh\u00f6vs f\u00f6r att utveckla och s\u00e4kra v\u00e5rdens kvalitet.\u200b<\/p>\n<h2>Dina r\u00e4ttigheter<\/h2>\n<ul>\n<li>Du har r\u00e4tt att slippa att uppgifter om dig registreras i kvalitetsregistret.<\/li>\n<li>Du har r\u00e4tt att n\u00e4r som helst f\u00e5 uppgifter om dig sj\u00e4lv raderade ur kvalitetsregistret.<\/li>\n<li>Du har r\u00e4tt att f\u00e5 veta om uppgifter om dig finns i kvalitetsregistret och i s\u00e5 fall f\u00e5 en kopia av dem kostnadsfritt, ett s\u00e5 kallat registerutdrag. Du har r\u00e4tt att f\u00e5 uppgifterna i elektronisk form.<\/li>\n<li>Du har r\u00e4tt att f\u00e5 felaktiga uppgifter om dig r\u00e4ttade. Du har r\u00e4tt att f\u00e5 ofullst\u00e4ndiga uppgifter kompletterade.<\/li>\n<li>Du har r\u00e4tt att f\u00e5 information om vilka v\u00e5rdenheter som haft \u00e5tkomst till uppgifter om dig och n\u00e4r, s\u00e5 kallat loggutdrag.<\/li>\n<li>Du har r\u00e4tt till skadest\u00e5nd om uppgifterna om dig hanteras i strid med dataskyddsf\u00f6rordningen eller patientdatalagen.<\/li>\n<li>Du har r\u00e4tt att inge klagom\u00e5l till Integritetsskyddsmyndigheten (IMY) som \u00e4r tillsynsmyndighet p\u00e5 detta omr\u00e5de.<\/li>\n<\/ul>\n<h2>Mer information<\/h2>\n<p><strong>Patientinformation om kvalitetsregister hos st\u00f6dfunktionen f\u00f6r Nationella kvalitetsregister<\/strong><br \/>\n<a href=\"https:\/\/kunskapsstyrningvard.se\/kunskapsstyrningvard\/datauppfoljningochanalys\/kvalitetsregister\/patientikvalitetsregister.77648.html\" target=\"_blank\" rel=\"noopener\">Klicka h\u00e4r f\u00f6r att komma till extern sida med mer information.<\/a><\/p>\n<p><strong>Patientinformation om kvalitetsregister hos Region Sk\u00e5ne<\/strong><br \/>\n<a href=\"https:\/\/vardgivare.skane.se\/uppdrag-avtal\/uppfoljning\/kvalitetsregister\" target=\"_blank\" rel=\"noopener\">Klicka h\u00e4r f\u00f6r att komma till extern sida med mer information.<\/a><\/p>\n","protected":false},"excerpt":{"rendered":"<p>Om registrering I Riksh\u00f6ft (Nationellt kvalitetsregister f\u00f6r h\u00f6ftfraktur) har det genom \u00e5ren registrerats uppgifter om patienter och deras behandling. Huvudsyftet med registret \u00e4r att utveckla kvaliteten p\u00e5 v\u00e5rden. Det som registrerats \u00e4r patienters personnummer, v\u00e5rdkontakter, diagnos och behandling. Data har samlats in av v\u00e5rdpersonalen, patientjournal samt fr\u00e5n patienterna.\u200b Region Sk\u00e5ne har ett \u00f6vergripande juridiskt ansvar&#8230; <a class=\"read-more\" href=\"https:\/\/rcsyd.se\/rikshoft\/patientinformation\/om-registrering\">L\u00e4s mer<\/a><\/p>\n","protected":false},"author":3,"featured_media":0,"parent":3680,"menu_order":0,"comment_status":"closed","ping_status":"closed","template":"","meta":{"_acf_changed":false,"footnotes":""},"acf":[],"_links":{"self":[{"href":"https:\/\/rcsyd.se\/rikshoft\/wp-json\/wp\/v2\/pages\/3962"}],"collection":[{"href":"https:\/\/rcsyd.se\/rikshoft\/wp-json\/wp\/v2\/pages"}],"about":[{"href":"https:\/\/rcsyd.se\/rikshoft\/wp-json\/wp\/v2\/types\/page"}],"author":[{"embeddable":true,"href":"https:\/\/rcsyd.se\/rikshoft\/wp-json\/wp\/v2\/users\/3"}],"replies":[{"embeddable":true,"href":"https:\/\/rcsyd.se\/rikshoft\/wp-json\/wp\/v2\/comments?post=3962"}],"version-history":[{"count":5,"href":"https:\/\/rcsyd.se\/rikshoft\/wp-json\/wp\/v2\/pages\/3962\/revisions"}],"predecessor-version":[{"id":4009,"href":"https:\/\/rcsyd.se\/rikshoft\/wp-json\/wp\/v2\/pages\/3962\/revisions\/4009"}],"up":[{"embeddable":true,"href":"https:\/\/rcsyd.se\/rikshoft\/wp-json\/wp\/v2\/pages\/3680"}],"wp:attachment":[{"href":"https:\/\/rcsyd.se\/rikshoft\/wp-json\/wp\/v2\/media?parent=3962"}],"curies":[{"name":"wp","href":"https:\/\/api.w.org\/{rel}","templated":true}]}}