{"id":3694,"date":"2024-08-12T09:33:16","date_gmt":"2024-08-12T09:33:16","guid":{"rendered":"https:\/\/rcsyd.se\/rikshoft\/?page_id=3694"},"modified":"2025-10-29T12:33:22","modified_gmt":"2025-10-29T12:33:22","slug":"registrering-och-formular","status":"publish","type":"page","link":"https:\/\/rcsyd.se\/rikshoft\/registrering-och-formular","title":{"rendered":"Registrering och formul\u00e4r"},"content":{"rendered":"<h1>Registrering och formul\u00e4r<\/h1>\n<p>Tack alla ni som genom \u00e5ren hj\u00e4lpt oss att registrera all data kring h\u00f6ftfrakturer och att utveckla Riksh\u00f6ft.<\/p>\n<p>Via menyn till v\u00e4nster finner du formul\u00e4r, manualer och information om hur registrering i Riksh\u00f6ft (Nationellt kvalitetsregister f\u00f6r h\u00f6ftfraktur) g\u00e5r till.<\/p>\n","protected":false},"excerpt":{"rendered":"<p>Registrering och formul\u00e4r Tack alla ni som genom \u00e5ren hj\u00e4lpt oss att registrera all data kring h\u00f6ftfrakturer och att utveckla Riksh\u00f6ft. Via menyn till v\u00e4nster finner du formul\u00e4r, manualer och information om hur registrering i Riksh\u00f6ft (Nationellt kvalitetsregister f\u00f6r h\u00f6ftfraktur) g\u00e5r till.<\/p>\n","protected":false},"author":3,"featured_media":0,"parent":0,"menu_order":0,"comment_status":"closed","ping_status":"closed","template":"","meta":{"_acf_changed":false,"footnotes":""},"acf":[],"_links":{"self":[{"href":"https:\/\/rcsyd.se\/rikshoft\/wp-json\/wp\/v2\/pages\/3694"}],"collection":[{"href":"https:\/\/rcsyd.se\/rikshoft\/wp-json\/wp\/v2\/pages"}],"about":[{"href":"https:\/\/rcsyd.se\/rikshoft\/wp-json\/wp\/v2\/types\/page"}],"author":[{"embeddable":true,"href":"https:\/\/rcsyd.se\/rikshoft\/wp-json\/wp\/v2\/users\/3"}],"replies":[{"embeddable":true,"href":"https:\/\/rcsyd.se\/rikshoft\/wp-json\/wp\/v2\/comments?post=3694"}],"version-history":[{"count":5,"href":"https:\/\/rcsyd.se\/rikshoft\/wp-json\/wp\/v2\/pages\/3694\/revisions"}],"predecessor-version":[{"id":3987,"href":"https:\/\/rcsyd.se\/rikshoft\/wp-json\/wp\/v2\/pages\/3694\/revisions\/3987"}],"wp:attachment":[{"href":"https:\/\/rcsyd.se\/rikshoft\/wp-json\/wp\/v2\/media?parent=3694"}],"curies":[{"name":"wp","href":"https:\/\/api.w.org\/{rel}","templated":true}]}}