{"id":3691,"date":"2024-08-12T09:23:20","date_gmt":"2024-08-12T09:23:20","guid":{"rendered":"https:\/\/rcsyd.se\/rikshoft\/?page_id=3691"},"modified":"2025-10-23T13:24:20","modified_gmt":"2025-10-23T13:24:20","slug":"registerplattform","status":"publish","type":"page","link":"https:\/\/rcsyd.se\/rikshoft\/registrering-och-formular\/registerplattform","title":{"rendered":"Registerplattform"},"content":{"rendered":"<h1>Registerplattform<\/h1>\n<p>Registerplattformen f\u00f6r Riksh\u00f6ft (Nationellt kvalitetsregister f\u00f6r h\u00f6ftfraktur) heter 3C.<\/p>\n<p><a href=\"https:\/\/rcsyd.se\/om-register\/it-losningar-och-driftinformation\/teknik-och-registerplattformar\" target=\"_blank\" rel=\"noopener noreferrer\">Klicka h\u00e4r f\u00f6r att komma till mer information om plattformen p\u00e5 Registercentrum Syds hemsida<\/a>.<\/p>\n<h2>Inloggning<\/h2>\n<p><a href=\"https:\/\/app.comporto.se\/\" target=\"_blank\" rel=\"noopener\">Klicka h\u00e4r f\u00f6r att komma till registrets inloggningssida<\/a>.<\/p>\n","protected":false},"excerpt":{"rendered":"<p>Registerplattform Registerplattformen f\u00f6r Riksh\u00f6ft (Nationellt kvalitetsregister f\u00f6r h\u00f6ftfraktur) heter 3C. Klicka h\u00e4r f\u00f6r att komma till mer information om plattformen p\u00e5 Registercentrum Syds hemsida. Inloggning Klicka h\u00e4r f\u00f6r att komma till registrets inloggningssida.<\/p>\n","protected":false},"author":3,"featured_media":0,"parent":3694,"menu_order":0,"comment_status":"closed","ping_status":"closed","template":"","meta":{"_acf_changed":false,"footnotes":""},"acf":[],"_links":{"self":[{"href":"https:\/\/rcsyd.se\/rikshoft\/wp-json\/wp\/v2\/pages\/3691"}],"collection":[{"href":"https:\/\/rcsyd.se\/rikshoft\/wp-json\/wp\/v2\/pages"}],"about":[{"href":"https:\/\/rcsyd.se\/rikshoft\/wp-json\/wp\/v2\/types\/page"}],"author":[{"embeddable":true,"href":"https:\/\/rcsyd.se\/rikshoft\/wp-json\/wp\/v2\/users\/3"}],"replies":[{"embeddable":true,"href":"https:\/\/rcsyd.se\/rikshoft\/wp-json\/wp\/v2\/comments?post=3691"}],"version-history":[{"count":2,"href":"https:\/\/rcsyd.se\/rikshoft\/wp-json\/wp\/v2\/pages\/3691\/revisions"}],"predecessor-version":[{"id":3954,"href":"https:\/\/rcsyd.se\/rikshoft\/wp-json\/wp\/v2\/pages\/3691\/revisions\/3954"}],"up":[{"embeddable":true,"href":"https:\/\/rcsyd.se\/rikshoft\/wp-json\/wp\/v2\/pages\/3694"}],"wp:attachment":[{"href":"https:\/\/rcsyd.se\/rikshoft\/wp-json\/wp\/v2\/media?parent=3691"}],"curies":[{"name":"wp","href":"https:\/\/api.w.org\/{rel}","templated":true}]}}