{"id":3687,"date":"2024-08-12T09:24:28","date_gmt":"2024-08-12T09:24:28","guid":{"rendered":"https:\/\/rcsyd.se\/rikshoft\/?page_id=3687"},"modified":"2025-10-29T13:32:17","modified_gmt":"2025-10-29T13:32:17","slug":"formular-manualer-och-variabellista","status":"publish","type":"page","link":"https:\/\/rcsyd.se\/rikshoft\/registrering-och-formular\/formular-manualer-och-variabellista","title":{"rendered":"Formul\u00e4r, manualer och variabellista"},"content":{"rendered":"<h1>Formul\u00e4r, manualer och variabellista<\/h1>\n<p>P\u00e5 denna sida finner du formul\u00e4r, manualer och variabellista f\u00f6r arbete med Riksh\u00f6ft (Nationellt kvalitetsregister f\u00f6r h\u00f6ftfraktur).<\/p>\n","protected":false},"excerpt":{"rendered":"<p>Formul\u00e4r, manualer och variabellista P\u00e5 denna sida finner du formul\u00e4r, manualer och variabellista f\u00f6r arbete med Riksh\u00f6ft (Nationellt kvalitetsregister f\u00f6r h\u00f6ftfraktur).<\/p>\n","protected":false},"author":3,"featured_media":0,"parent":3694,"menu_order":0,"comment_status":"closed","ping_status":"closed","template":"","meta":{"_acf_changed":false,"footnotes":""},"acf":[],"_links":{"self":[{"href":"https:\/\/rcsyd.se\/rikshoft\/wp-json\/wp\/v2\/pages\/3687"}],"collection":[{"href":"https:\/\/rcsyd.se\/rikshoft\/wp-json\/wp\/v2\/pages"}],"about":[{"href":"https:\/\/rcsyd.se\/rikshoft\/wp-json\/wp\/v2\/types\/page"}],"author":[{"embeddable":true,"href":"https:\/\/rcsyd.se\/rikshoft\/wp-json\/wp\/v2\/users\/3"}],"replies":[{"embeddable":true,"href":"https:\/\/rcsyd.se\/rikshoft\/wp-json\/wp\/v2\/comments?post=3687"}],"version-history":[{"count":9,"href":"https:\/\/rcsyd.se\/rikshoft\/wp-json\/wp\/v2\/pages\/3687\/revisions"}],"predecessor-version":[{"id":4007,"href":"https:\/\/rcsyd.se\/rikshoft\/wp-json\/wp\/v2\/pages\/3687\/revisions\/4007"}],"up":[{"embeddable":true,"href":"https:\/\/rcsyd.se\/rikshoft\/wp-json\/wp\/v2\/pages\/3694"}],"wp:attachment":[{"href":"https:\/\/rcsyd.se\/rikshoft\/wp-json\/wp\/v2\/media?parent=3687"}],"curies":[{"name":"wp","href":"https:\/\/api.w.org\/{rel}","templated":true}]}}