{"id":3669,"date":"2024-08-12T09:10:45","date_gmt":"2024-08-12T09:10:45","guid":{"rendered":"https:\/\/rcsyd.se\/rikshoft\/?page_id=3669"},"modified":"2025-10-29T10:52:49","modified_gmt":"2025-10-29T10:52:49","slug":"lankar","status":"publish","type":"page","link":"https:\/\/rcsyd.se\/rikshoft\/lankar","title":{"rendered":"L\u00e4nkar"},"content":{"rendered":"<h1 align=\"left\">L\u00e4nkar<\/h1>\n<p><strong>EFORT (The European Federation of National Associations of Orthopaedics and Traumatology)<\/strong><br \/>\n<a href=\"https:\/\/www.efort.org\/\" target=\"_blank\" rel=\"noopener\">Klicka h\u00e4r f\u00f6r att komma till extern sida med mer information.<\/a><\/p>\n<p><strong>EuGMS (European Geriatric Medicine Society)<\/strong><br \/>\n<a href=\"https:\/\/www.eugms.org\/\" target=\"_blank\" rel=\"noopener\">Klicka h\u00e4r f\u00f6r att komma till extern sida med mer information.<\/a><\/p>\n<p><strong>FFN (Fragility Fracture Network)<\/strong><br \/>\n<a href=\"https:\/\/www.fragilityfracturenetwork.org\/\" target=\"_blank\" rel=\"noopener\">Klicka h\u00e4r f\u00f6r att komma till extern sida med mer information.<\/a><\/p>\n<p><strong>Nationella kvalitetsregister<\/strong><br \/>\n<a href=\"http:\/\/www.kvalitetsregister.se\/\" target=\"_blank\" rel=\"noopener noreferrer\">Klicka h\u00e4r f\u00f6r att komma till extern sida med mer information.<\/a><\/p>\n<p><strong>Ortopedisjuksk\u00f6terskor i Sverige<\/strong><br \/>\n<a href=\"https:\/\/swenurse.se\/sektionerochnatverk\/ortopedisjukskoterskorisverige.4.2064505d1721dddde10986b5.html\" target=\"_blank\" rel=\"noopener\">Klicka h\u00e4r f\u00f6r att komma till extern sida med mer information.<\/a><\/p>\n<p><strong>Osteoporosf\u00f6rbundet<\/strong><br \/>\n<a href=\"https:\/\/www.osteoporos.org\/\" target=\"_blank\" rel=\"noopener\">Klicka h\u00e4r f\u00f6r att komma till extern sida med mer information.<\/a><\/p>\n<p><strong>ProFaNE (Prevention of Falls Network Earth)<\/strong><br \/>\n<a href=\"http:\/\/profane.co\/2013\/05\/13\/prevention-of-falls-network-for-dissemination\/\" target=\"_blank\" rel=\"noopener\">Klicka h\u00e4r f\u00f6r att komma till extern sida med mer information.<\/a><\/p>\n<p><strong>Registercentrum Syd (RC Syd)<\/strong><br \/>\n<a href=\"https:\/\/rcsyd.se\" target=\"_blank\" rel=\"noopener noreferrer\">Klicka h\u00e4r f\u00f6r att komma till extern sida med mer information.<\/a><\/p>\n<p><strong>Socialstyrelsen<\/strong><br \/>\n<a href=\"https:\/\/www.socialstyrelsen.se\/\" target=\"_blank\" rel=\"noopener\">Klicka h\u00e4r f\u00f6r att komma till extern sida med mer information.<\/a><\/p>\n<p><strong>Svensk Geriatrisk F\u00f6rening<\/strong><br \/>\n<a href=\"https:\/\/slf.se\/svensk-geriatrisk-forening\/\" target=\"_blank\" rel=\"noopener\">Klicka h\u00e4r f\u00f6r att komma till extern sida med mer information.<\/a><\/p>\n<p><strong>Svensk Ortopedisk F\u00f6rening<\/strong><br \/>\n<a href=\"https:\/\/slf.se\/sof\/\" target=\"_blank\" rel=\"noopener\">Klicka h\u00e4r f\u00f6r att komma till extern sida med mer information.<\/a><\/p>\n<p><strong>Sveriges Kommuner och Regioner (SKR)<\/strong><br \/>\n<a href=\"http:\/\/www.skr.se\/\" target=\"_blank\" rel=\"noopener noreferrer\">Klicka h\u00e4r f\u00f6r att komma till extern sida med mer information.<\/a><\/p>\n<p><strong>Valideringshandbok fr\u00e5n Nationella kvalitetsregister<\/strong><br \/>\n<a href=\"https:\/\/skr.se\/kvalitetsregister\/drivaregister\/valideringshandbok.54585.html\" target=\"_blank\" rel=\"noopener\">Klicka h\u00e4r f\u00f6r att komma till extern sida med mer information.<\/a><\/p>\n","protected":false},"excerpt":{"rendered":"<p>L\u00e4nkar EFORT (The European Federation of National Associations of Orthopaedics and Traumatology) Klicka h\u00e4r f\u00f6r att komma till extern sida med mer information. EuGMS (European Geriatric Medicine Society) Klicka h\u00e4r f\u00f6r att komma till extern sida med mer information. FFN (Fragility Fracture Network) Klicka h\u00e4r f\u00f6r att komma till extern sida med mer information. Nationella&#8230; <a class=\"read-more\" href=\"https:\/\/rcsyd.se\/rikshoft\/lankar\">L\u00e4s mer<\/a><\/p>\n","protected":false},"author":3,"featured_media":0,"parent":0,"menu_order":0,"comment_status":"closed","ping_status":"closed","template":"","meta":{"_acf_changed":false,"footnotes":""},"acf":[],"_links":{"self":[{"href":"https:\/\/rcsyd.se\/rikshoft\/wp-json\/wp\/v2\/pages\/3669"}],"collection":[{"href":"https:\/\/rcsyd.se\/rikshoft\/wp-json\/wp\/v2\/pages"}],"about":[{"href":"https:\/\/rcsyd.se\/rikshoft\/wp-json\/wp\/v2\/types\/page"}],"author":[{"embeddable":true,"href":"https:\/\/rcsyd.se\/rikshoft\/wp-json\/wp\/v2\/users\/3"}],"replies":[{"embeddable":true,"href":"https:\/\/rcsyd.se\/rikshoft\/wp-json\/wp\/v2\/comments?post=3669"}],"version-history":[{"count":5,"href":"https:\/\/rcsyd.se\/rikshoft\/wp-json\/wp\/v2\/pages\/3669\/revisions"}],"predecessor-version":[{"id":3984,"href":"https:\/\/rcsyd.se\/rikshoft\/wp-json\/wp\/v2\/pages\/3669\/revisions\/3984"}],"wp:attachment":[{"href":"https:\/\/rcsyd.se\/rikshoft\/wp-json\/wp\/v2\/media?parent=3669"}],"curies":[{"name":"wp","href":"https:\/\/api.w.org\/{rel}","templated":true}]}}