{"id":3426,"date":"2024-05-07T11:53:19","date_gmt":"2024-05-07T11:53:19","guid":{"rendered":"https:\/\/rcsyd.se\/rikshoft\/?page_id=3426"},"modified":"2025-10-29T13:19:47","modified_gmt":"2025-10-29T13:19:47","slug":"statistik","status":"publish","type":"page","link":"https:\/\/rcsyd.se\/rikshoft\/statistik","title":{"rendered":"Statistik"},"content":{"rendered":"<h1>Statistik<\/h1>\n<p>Ut\u00f6ver statistiken nedan har Riksh\u00f6ft (Nationellt kvalitetsregister f\u00f6r h\u00f6ftfraktur) ocks\u00e5 indikatorer hos V\u00e5rden i siffror.<br \/>\n<a href=\"https:\/\/vardenisiffror.se\/jamfor\/kallsystem\/3432c632-cae4-42fc-bb9a-73575558e7a5?units=14&amp;units=12&amp;units=06&amp;units=22&amp;units=18&amp;units=19&amp;units=24&amp;units=04&amp;units=17&amp;units=25&amp;units=08&amp;units=21&amp;units=09&amp;units=03&amp;units=05&amp;units=23&amp;units=01&amp;units=20&amp;units=10&amp;units=07&amp;units=13&amp;units=se\" target=\"_blank\" rel=\"noopener\">Klicka h\u00e4r f\u00f6r att komma till indikatorerna.<\/a><\/p>\n<p><embed style=\"width: 1000px; height: 1300px;\" src=\"https:\/\/centurion.comporto.se\/svc\/rhof\/liveview\/\" width=\"300\" height=\"150\"><\/embed><\/p>\n","protected":false},"excerpt":{"rendered":"<p>Statistik Ut\u00f6ver statistiken nedan har Riksh\u00f6ft (Nationellt kvalitetsregister f\u00f6r h\u00f6ftfraktur) ocks\u00e5 indikatorer hos V\u00e5rden i siffror. Klicka h\u00e4r f\u00f6r att komma till indikatorerna.<\/p>\n","protected":false},"author":3,"featured_media":0,"parent":0,"menu_order":0,"comment_status":"closed","ping_status":"closed","template":"templates\/fullpage-template.php","meta":{"_acf_changed":false,"footnotes":""},"acf":[],"_links":{"self":[{"href":"https:\/\/rcsyd.se\/rikshoft\/wp-json\/wp\/v2\/pages\/3426"}],"collection":[{"href":"https:\/\/rcsyd.se\/rikshoft\/wp-json\/wp\/v2\/pages"}],"about":[{"href":"https:\/\/rcsyd.se\/rikshoft\/wp-json\/wp\/v2\/types\/page"}],"author":[{"embeddable":true,"href":"https:\/\/rcsyd.se\/rikshoft\/wp-json\/wp\/v2\/users\/3"}],"replies":[{"embeddable":true,"href":"https:\/\/rcsyd.se\/rikshoft\/wp-json\/wp\/v2\/comments?post=3426"}],"version-history":[{"count":12,"href":"https:\/\/rcsyd.se\/rikshoft\/wp-json\/wp\/v2\/pages\/3426\/revisions"}],"predecessor-version":[{"id":3998,"href":"https:\/\/rcsyd.se\/rikshoft\/wp-json\/wp\/v2\/pages\/3426\/revisions\/3998"}],"wp:attachment":[{"href":"https:\/\/rcsyd.se\/rikshoft\/wp-json\/wp\/v2\/media?parent=3426"}],"curies":[{"name":"wp","href":"https:\/\/api.w.org\/{rel}","templated":true}]}}