{"id":768,"date":"2018-05-08T11:03:25","date_gmt":"2018-05-08T11:03:25","guid":{"rendered":"https:\/\/rcsyd.se\/pecare\/?page_id=768"},"modified":"2025-12-08T09:48:06","modified_gmt":"2025-12-08T09:48:06","slug":"arsrapport","status":"publish","type":"page","link":"https:\/\/rcsyd.se\/pecare\/resultat\/arsrapport","title":{"rendered":"\u00c5rsrapport"},"content":{"rendered":"<h1>\u00c5rsrapporter<\/h1>\n<p>P\u00e5 denna sida finner du \u00e5rsrapporter baserade p\u00e5 data fr\u00e5n delregistret PECARE (The Pediatric Cataract Register).<br \/>\nFr\u00e5n och med 2017 har det \u00e4ven tagits fram patientanpassade rapporter. <a href=\"https:\/\/rcsyd.se\/pecare\/patientinformation\/arsrapport-patientanpassad\">Klicka h\u00e4r f\u00f6r att komma till dessa<\/a>.<\/p>\n","protected":false},"excerpt":{"rendered":"<p>\u00c5rsrapporter P\u00e5 denna sida finner du \u00e5rsrapporter baserade p\u00e5 data fr\u00e5n delregistret PECARE (The Pediatric Cataract Register). Fr\u00e5n och med 2017 har det \u00e4ven tagits fram patientanpassade rapporter. Klicka h\u00e4r f\u00f6r att komma till dessa.<\/p>\n","protected":false},"author":3,"featured_media":0,"parent":552,"menu_order":0,"comment_status":"closed","ping_status":"closed","template":"","meta":{"_acf_changed":false,"footnotes":""},"acf":[],"_links":{"self":[{"href":"https:\/\/rcsyd.se\/pecare\/wp-json\/wp\/v2\/pages\/768"}],"collection":[{"href":"https:\/\/rcsyd.se\/pecare\/wp-json\/wp\/v2\/pages"}],"about":[{"href":"https:\/\/rcsyd.se\/pecare\/wp-json\/wp\/v2\/types\/page"}],"author":[{"embeddable":true,"href":"https:\/\/rcsyd.se\/pecare\/wp-json\/wp\/v2\/users\/3"}],"replies":[{"embeddable":true,"href":"https:\/\/rcsyd.se\/pecare\/wp-json\/wp\/v2\/comments?post=768"}],"version-history":[{"count":32,"href":"https:\/\/rcsyd.se\/pecare\/wp-json\/wp\/v2\/pages\/768\/revisions"}],"predecessor-version":[{"id":1916,"href":"https:\/\/rcsyd.se\/pecare\/wp-json\/wp\/v2\/pages\/768\/revisions\/1916"}],"up":[{"embeddable":true,"href":"https:\/\/rcsyd.se\/pecare\/wp-json\/wp\/v2\/pages\/552"}],"wp:attachment":[{"href":"https:\/\/rcsyd.se\/pecare\/wp-json\/wp\/v2\/media?parent=768"}],"curies":[{"name":"wp","href":"https:\/\/api.w.org\/{rel}","templated":true}]}}