{"id":1553,"date":"2022-07-04T11:33:41","date_gmt":"2022-07-04T11:33:41","guid":{"rendered":"https:\/\/rcsyd.se\/pecare\/?page_id=1553"},"modified":"2024-01-17T09:21:15","modified_gmt":"2024-01-17T09:21:15","slug":"facebook-barn-med-medfodd-gra-starr","status":"publish","type":"page","link":"https:\/\/rcsyd.se\/pecare\/patientinformation\/information-och-stod-fran-patientforetradare\/facebook-barn-med-medfodd-gra-starr","title":{"rendered":"Facebook &#8211; Barn med medf\u00f6dd gr\u00e5 starr"},"content":{"rendered":"<h1>\u00c4r du f\u00f6r\u00e4lder till barn med gr\u00e5 starr?<\/h1>\n<p>Facebookgruppen Barn med medf\u00f6dd gr\u00e5starr drivs av tv\u00e5 f\u00f6r\u00e4ldrar till lite \u00e4ldre barn f\u00f6dda med gr\u00e5starr. Gruppen finns till f\u00f6r att st\u00f6tta och dela erfarenheter kring alla situationer som inte \u00e4r rent medicinska. Det p\u00e5g\u00e5r st\u00e4ndigt olika tr\u00e5dar i gruppen och medlemmarna \u00e4r duktiga p\u00e5 att svara och st\u00f6tta n\u00e4r det uppst\u00e5r fr\u00e5gor d\u00e4r andra har erfarenheter. Vi anordnar ocks\u00e5 digitala luncher ungef\u00e4r en g\u00e5ng i m\u00e5naden \u2013 n\u00e5got som uppskattas av m\u00e5nga.<br \/>\nVarmt v\u00e4lkommen!<\/p>\n<p>Bes\u00f6k g\u00e4rna Facebookgruppen <a class=\"oajrlxb2 g5ia77u1 qu0x051f esr5mh6w e9989ue4 r7d6kgcz rq0escxv nhd2j8a9 nc684nl6 p7hjln8o kvgmc6g5 cxmmr5t8 oygrvhab hcukyx3x jb3vyjys rz4wbd8a qt6c0cv9 a8nywdso i1ao9s8h esuyzwwr f1sip0of lzcic4wl gmql0nx0 gpro0wi8 hnhda86s\" tabindex=\"0\" role=\"link\" href=\"https:\/\/www.facebook.com\/groups\/1705514926352575\/\" target=\"_blank\" rel=\"noopener\">Barn med medf\u00f6dd gr\u00e5 starr<\/a><\/p>\n","protected":false},"excerpt":{"rendered":"<p>\u00c4r du f\u00f6r\u00e4lder till barn med gr\u00e5 starr? Facebookgruppen Barn med medf\u00f6dd gr\u00e5starr drivs av tv\u00e5 f\u00f6r\u00e4ldrar till lite \u00e4ldre barn f\u00f6dda med gr\u00e5starr. Gruppen finns till f\u00f6r att st\u00f6tta och dela erfarenheter kring alla situationer som inte \u00e4r rent medicinska. Det p\u00e5g\u00e5r st\u00e4ndigt olika tr\u00e5dar i gruppen och medlemmarna \u00e4r duktiga p\u00e5 att svara&#8230; <a class=\"read-more\" href=\"https:\/\/rcsyd.se\/pecare\/patientinformation\/information-och-stod-fran-patientforetradare\/facebook-barn-med-medfodd-gra-starr\">L\u00e4s mer<\/a><\/p>\n","protected":false},"author":3,"featured_media":0,"parent":1240,"menu_order":0,"comment_status":"closed","ping_status":"closed","template":"","meta":{"_acf_changed":false,"footnotes":""},"acf":[],"_links":{"self":[{"href":"https:\/\/rcsyd.se\/pecare\/wp-json\/wp\/v2\/pages\/1553"}],"collection":[{"href":"https:\/\/rcsyd.se\/pecare\/wp-json\/wp\/v2\/pages"}],"about":[{"href":"https:\/\/rcsyd.se\/pecare\/wp-json\/wp\/v2\/types\/page"}],"author":[{"embeddable":true,"href":"https:\/\/rcsyd.se\/pecare\/wp-json\/wp\/v2\/users\/3"}],"replies":[{"embeddable":true,"href":"https:\/\/rcsyd.se\/pecare\/wp-json\/wp\/v2\/comments?post=1553"}],"version-history":[{"count":11,"href":"https:\/\/rcsyd.se\/pecare\/wp-json\/wp\/v2\/pages\/1553\/revisions"}],"predecessor-version":[{"id":1769,"href":"https:\/\/rcsyd.se\/pecare\/wp-json\/wp\/v2\/pages\/1553\/revisions\/1769"}],"up":[{"embeddable":true,"href":"https:\/\/rcsyd.se\/pecare\/wp-json\/wp\/v2\/pages\/1240"}],"wp:attachment":[{"href":"https:\/\/rcsyd.se\/pecare\/wp-json\/wp\/v2\/media?parent=1553"}],"curies":[{"name":"wp","href":"https:\/\/api.w.org\/{rel}","templated":true}]}}