{"id":1341,"date":"2019-01-24T15:17:25","date_gmt":"2019-01-24T15:17:25","guid":{"rendered":"https:\/\/rcsyd.se\/pecare\/?page_id=1341"},"modified":"2024-02-22T13:58:54","modified_gmt":"2024-02-22T13:58:54","slug":"rad-och-mall-for-personligt-informationsbrev-till-forskola-skola-och-foraldrar","status":"publish","type":"page","link":"https:\/\/rcsyd.se\/pecare\/patientinformation\/information-och-stod-fran-patientforetradare\/rad-och-mall-for-personligt-informationsbrev-till-forskola-skola-och-foraldrar","title":{"rendered":"R\u00e5d och mall f\u00f6r personligt informationsbrev till f\u00f6rskola\/skola och f\u00f6r\u00e4ldrar"},"content":{"rendered":"<h1>R\u00e5d och mall f\u00f6r personligt informationsbrev till f\u00f6rskola\/skola och f\u00f6r\u00e4ldrar<\/h1>\n<p>F\u00f6r att underl\u00e4tta barnets tillvaro p\u00e5 f\u00f6rskolan\/skolan har delregistret PECARE:s (The Pediatric Cataract Register) patientrepresentant Kim Scharafinski tagit fram ett dokument med r\u00e5d och mall f\u00f6r personligt informationsbrev till f\u00f6rskola\/skola och f\u00f6r\u00e4ldrar. Klicka p\u00e5 l\u00e4nken nedan f\u00f6r att ta del av dokumentet.<\/p>\n<p><a href=\"https:\/\/rcsyd.se\/pecare\/wp-content\/uploads\/sites\/8\/2019\/05\/R\u00e5d-och-mall-f\u00f6r-personligt-informationsbrev-till-f\u00f6rskola-skola-och-f\u00f6r\u00e4ldrar.docx\" target=\"_blank\" rel=\"noopener\">R\u00e5d och mall f\u00f6r personligt informationsbrev till f\u00f6rskola\/skola och f\u00f6r\u00e4ldrar (Word-format, 64 kB)<\/a><\/p>\n","protected":false},"excerpt":{"rendered":"<p>R\u00e5d och mall f\u00f6r personligt informationsbrev till f\u00f6rskola\/skola och f\u00f6r\u00e4ldrar F\u00f6r att underl\u00e4tta barnets tillvaro p\u00e5 f\u00f6rskolan\/skolan har delregistret PECARE:s (The Pediatric Cataract Register) patientrepresentant Kim Scharafinski tagit fram ett dokument med r\u00e5d och mall f\u00f6r personligt informationsbrev till f\u00f6rskola\/skola och f\u00f6r\u00e4ldrar. Klicka p\u00e5 l\u00e4nken nedan f\u00f6r att ta del av dokumentet. R\u00e5d och mall&#8230; <a class=\"read-more\" href=\"https:\/\/rcsyd.se\/pecare\/patientinformation\/information-och-stod-fran-patientforetradare\/rad-och-mall-for-personligt-informationsbrev-till-forskola-skola-och-foraldrar\">L\u00e4s mer<\/a><\/p>\n","protected":false},"author":3,"featured_media":0,"parent":1240,"menu_order":0,"comment_status":"closed","ping_status":"closed","template":"","meta":{"_acf_changed":false,"footnotes":""},"acf":[],"_links":{"self":[{"href":"https:\/\/rcsyd.se\/pecare\/wp-json\/wp\/v2\/pages\/1341"}],"collection":[{"href":"https:\/\/rcsyd.se\/pecare\/wp-json\/wp\/v2\/pages"}],"about":[{"href":"https:\/\/rcsyd.se\/pecare\/wp-json\/wp\/v2\/types\/page"}],"author":[{"embeddable":true,"href":"https:\/\/rcsyd.se\/pecare\/wp-json\/wp\/v2\/users\/3"}],"replies":[{"embeddable":true,"href":"https:\/\/rcsyd.se\/pecare\/wp-json\/wp\/v2\/comments?post=1341"}],"version-history":[{"count":4,"href":"https:\/\/rcsyd.se\/pecare\/wp-json\/wp\/v2\/pages\/1341\/revisions"}],"predecessor-version":[{"id":1826,"href":"https:\/\/rcsyd.se\/pecare\/wp-json\/wp\/v2\/pages\/1341\/revisions\/1826"}],"up":[{"embeddable":true,"href":"https:\/\/rcsyd.se\/pecare\/wp-json\/wp\/v2\/pages\/1240"}],"wp:attachment":[{"href":"https:\/\/rcsyd.se\/pecare\/wp-json\/wp\/v2\/media?parent=1341"}],"curies":[{"name":"wp","href":"https:\/\/api.w.org\/{rel}","templated":true}]}}