{"id":1207,"date":"2018-11-29T11:49:53","date_gmt":"2018-11-29T11:49:53","guid":{"rendered":"https:\/\/rcsyd.se\/pecare\/?page_id=1207"},"modified":"2023-05-22T10:52:34","modified_gmt":"2023-05-22T10:52:34","slug":"gdpr-the-general-data-protection-regulation","status":"publish","type":"page","link":"https:\/\/rcsyd.se\/pecare\/patientinformation\/gdpr-the-general-data-protection-regulation","title":{"rendered":"GDPR (The General Data Protection Regulation)"},"content":{"rendered":"<h1>GDPR (The General Data Protection Regulation)<\/h1>\n<p>N\u00e4r en verksamhet registrerar uppgifter om en patient i ett kvalitetsregister m\u00e5ste patienten informeras om att s\u00e5 sker. Skyldigheten \u00e4r reglerad i kapitel 7 i patientdatalagen, vilken handlar om nationella och regionala kvalitetsregister. Informationen ska ges skriftligt och\/eller muntligt innan uppgifterna f\u00f6rst in i ett kvalitetsregister. N\u00e4r information har l\u00e4mnats kr\u00e4vs inte ett uttryckligt samtycke annat \u00e4n i vissa s\u00e4rskilda fall, men vill patienten inte bli registrerad har denne r\u00e4tt att slippa. Patienten kan ocks\u00e5 n\u00e4r som helst v\u00e4lja att f\u00e5 sina uppgifter borttagna ur registret.<\/p>\n<p>Att information om patienten finns med i ett kvalitetsregister p\u00e5verkar inte den v\u00e5rd denne f\u00e5r, men informationen bidrar till att utveckla och f\u00f6rb\u00e4ttra v\u00e5rden i framtiden.<\/p>\n<p>Du kan l\u00e4sa mer i dokumentet som finns att ladda ner p\u00e5 denna sida samt hos Nationella Kvalitetsregister.<br \/>\n<a href=\"https:\/\/www.kvalitetsregister.se\/kvalitetsregister\/drivaregister\/juridikochregelverk.54569.html\" target=\"_blank\" rel=\"noopener noreferrer\">Klicka h\u00e4r f\u00f6r att komma till Nationella Kvalitetsregisters sida f\u00f6r juridik och regelverk f\u00f6r kvalitetsregister<\/a>.<\/p>\n<p>&nbsp;<\/p>\n<p>&nbsp;<\/p>\n<p>&nbsp;<\/p>\n","protected":false},"excerpt":{"rendered":"<p>GDPR (The General Data Protection Regulation) N\u00e4r en verksamhet registrerar uppgifter om en patient i ett kvalitetsregister m\u00e5ste patienten informeras om att s\u00e5 sker. Skyldigheten \u00e4r reglerad i kapitel 7 i patientdatalagen, vilken handlar om nationella och regionala kvalitetsregister. Informationen ska ges skriftligt och\/eller muntligt innan uppgifterna f\u00f6rst in i ett kvalitetsregister. N\u00e4r information har&#8230; <a class=\"read-more\" href=\"https:\/\/rcsyd.se\/pecare\/patientinformation\/gdpr-the-general-data-protection-regulation\">L\u00e4s mer<\/a><\/p>\n","protected":false},"author":9,"featured_media":0,"parent":548,"menu_order":0,"comment_status":"closed","ping_status":"closed","template":"","meta":{"_acf_changed":false,"footnotes":""},"acf":[],"_links":{"self":[{"href":"https:\/\/rcsyd.se\/pecare\/wp-json\/wp\/v2\/pages\/1207"}],"collection":[{"href":"https:\/\/rcsyd.se\/pecare\/wp-json\/wp\/v2\/pages"}],"about":[{"href":"https:\/\/rcsyd.se\/pecare\/wp-json\/wp\/v2\/types\/page"}],"author":[{"embeddable":true,"href":"https:\/\/rcsyd.se\/pecare\/wp-json\/wp\/v2\/users\/9"}],"replies":[{"embeddable":true,"href":"https:\/\/rcsyd.se\/pecare\/wp-json\/wp\/v2\/comments?post=1207"}],"version-history":[{"count":16,"href":"https:\/\/rcsyd.se\/pecare\/wp-json\/wp\/v2\/pages\/1207\/revisions"}],"predecessor-version":[{"id":1706,"href":"https:\/\/rcsyd.se\/pecare\/wp-json\/wp\/v2\/pages\/1207\/revisions\/1706"}],"up":[{"embeddable":true,"href":"https:\/\/rcsyd.se\/pecare\/wp-json\/wp\/v2\/pages\/548"}],"wp:attachment":[{"href":"https:\/\/rcsyd.se\/pecare\/wp-json\/wp\/v2\/media?parent=1207"}],"curies":[{"name":"wp","href":"https:\/\/api.w.org\/{rel}","templated":true}]}}