{"id":1094,"date":"2018-05-07T08:35:10","date_gmt":"2018-05-07T08:35:10","guid":{"rendered":"https:\/\/rcsyd.se\/pecare\/?page_id=1094"},"modified":"2025-02-04T09:55:37","modified_gmt":"2025-02-04T09:55:37","slug":"kostnadsersattning","status":"publish","type":"page","link":"https:\/\/rcsyd.se\/pecare\/patientinformation\/kostnadsersattning","title":{"rendered":"Kostnadsers\u00e4ttning"},"content":{"rendered":"<h1>Kostnadsers\u00e4ttning<\/h1>\n<p>Ett barn som f\u00f6tts med kongenital katarakt kommer att beh\u00f6va regelbundna uppf\u00f6ljningsbes\u00f6k p\u00e5 barn\u00f6gonmottagningen. Dessutom beh\u00f6ver alla barn med kongenital katarakt glas\u00f6gon och\/eller kontaktlinser f\u00f6r att optimera synsk\u00e4rpan. Om barnet opererats f\u00f6r sin katarakt g\u00f6rs t\u00e4ta uppf\u00f6ljningar tiden direkt efter operationen.<br \/>\nF\u00f6r resekostnader och kostnader f\u00f6r kontaktlinser och glas\u00f6gon kan viss ers\u00e4ttning utbetalas. F\u00f6r vidare fr\u00e5gor om ers\u00e4ttningar och r\u00e4tt till bidrag kan du ta kontakt med en kurator.<\/p>\n<h2>Tillf\u00e4llig f\u00f6r\u00e4ldrapenning (TFP)<\/h2>\n<p>Du kan ans\u00f6ka om tillf\u00e4llig f\u00f6r\u00e4ldrapenning fr\u00e5n f\u00f6rs\u00e4kringskassan om barnet \u00e4r under 16 \u00e5r och v\u00e5rdas p\u00e5 sjukhus. F\u00f6r varje barn har f\u00f6r\u00e4ldrarna r\u00e4tt till 120 dagar tillf\u00e4llig f\u00f6r\u00e4ldrapenning per kalender\u00e5r. Detta g\u00e4ller dock endast om en sjukpenninggrundande inkomst (SGI) finns och d\u00e5 f\u00f6rv\u00e4rvsarbete, f\u00f6r\u00e4ldrapenning och A-kassa avst\u00e5s. Intyg fr\u00e5n sjuksk\u00f6terska eller l\u00e4kare m\u00e5ste bifogas vid ans\u00f6kan om tillf\u00e4llig f\u00f6r\u00e4ldrapenning.<br \/>\nEn tillf\u00e4llig f\u00f6r\u00e4ldrapenning kan tas ut d\u00e5 barnet v\u00e5rdas p\u00e5 sjukhus, till exempel f\u00f6r dagen f\u00f6r kataraktoperationen och d\u00e5 barnet ligger kvar efter operationen. P\u00e5 detta s\u00e4tt \u00e4r det m\u00f6jligt f\u00f6r b\u00e5da f\u00f6r\u00e4ldrarna att vara med under dessa dagar.<\/p>\n<h2>Fri sjukv\u00e5rd<\/h2>\n<p>All sjukv\u00e5rd och sjukv\u00e5rdande behandling f\u00f6r barn och ungdomar \u00e4r kostnadsfri. Vad g\u00e4ller l\u00e4kemedel finns ett h\u00f6gkostnadsskydd, men vissa apoteksvaror som till exempel linsreng\u00f6ringsv\u00e4tskor ing\u00e5r inte i h\u00f6gkostnadsskyddet.<\/p>\n<h2>Sjukresor<\/h2>\n<p>Sjukreseers\u00e4ttning kan f\u00e5s vid resa till och fr\u00e5n sjukhus eller \u00f6ppenv\u00e5rdsbes\u00f6k. Ers\u00e4ttningen varierar mellan olika regioner. N\u00e4r kostnader f\u00f6r egenavgifter som sammanlagt motsvarar h\u00f6gkostnadsskyddet f\u00f6r sjukresor uppn\u00e5tts ges sedan ers\u00e4ttning f\u00f6r hela resan. F\u00f6r att f\u00e5 ut ers\u00e4ttningen m\u00e5ste du sj\u00e4lv ans\u00f6ka om frikort. Du m\u00e5ste d\u00e5 kunna uppvisa bes\u00f6kskvitton eller intyg fr\u00e5n v\u00e5rdinr\u00e4ttningen. Ers\u00e4ttningen betalas ut f\u00f6r innevarande \u00e5r och ett \u00e5r tillbaka i tiden av hemregionen.<\/p>\n<p>Det \u00e4r bra att sj\u00e4lv ta kontakt med sjukresekontoret f\u00f6r att unders\u00f6ka de aktuella reglerna f\u00f6r sjukresor. Det som r\u00e4knas som sjukresor \u00e4r<\/p>\n<ul>\n<li>resor f\u00f6r \u00e5terbes\u00f6k och efterkontroller f\u00f6r barnet, till exempel efter kataraktoperationen d\u00e5 barnet f\u00f6ljs upp av barn\u00f6gonkirurg och barn\u00f6gonl\u00e4kare, eller annan yrkeskategori i teamet runt barnet.<\/li>\n<\/ul>\n<p>Det som inte r\u00e4knas som sjukresor \u00e4r<\/p>\n<ul>\n<li>h\u00e4lsokontroller<\/li>\n<li>vaccinationer<\/li>\n<li>bes\u00f6k p\u00e5 m\u00f6drav\u00e5rdscentralen\/barnav\u00e5rdscentralen<\/li>\n<li>permissionsresor d\u00e5 barnet \u00e4r inskrivet p\u00e5 sjukhus, men till exempel f\u00e5r komma hem p\u00e5 helgerna.<\/li>\n<\/ul>\n<h2>Finansiering av kontaktlinser och glas\u00f6gon<\/h2>\n<p>Det finns ekonomiska bidrag att s\u00f6ka fr\u00e5n regionerna f\u00f6r finansiering av kontaktlinser och glas\u00f6gon. Bidragen kan i dagsl\u00e4get skilja sig \u00e5t beroende p\u00e5 var i landet man bor. Prata med din optiker f\u00f6r att f\u00e5 veta mer.<\/p>\n<h2>V\u00e5rdbidrag f\u00f6r merkostnader<\/h2>\n<p>En f\u00f6r\u00e4lder som har extra arbete eller kostnader f\u00f6r ett barn som \u00e4r sjukt eller har en funktionsneds\u00e4ttning kan f\u00e5 v\u00e5rdbidrag. Extra arbete och extra kostnader bed\u00f6ms i f\u00f6rh\u00e5llande till friska barn i motsvarande \u00e5lder. Ans\u00f6kan g\u00f6rs till F\u00f6rs\u00e4kringskassan och ett l\u00e4karutl\u00e5tande om barnets sjukdom fr\u00e5n l\u00e4kare kr\u00e4vs. Vid merkostnader \u00f6ver en viss summa per m\u00e5nad g\u00e5r det att s\u00f6ka v\u00e5rdbidrag f\u00f6r kostnader f\u00f6r linsv\u00e4tskor och \u00f6vriga produkter som ej ing\u00e5r i h\u00f6gkostnadsskyddet. F\u00f6r f\u00f6rlorad arbetsinkomst i samband med barnets sjukhusv\u00e5rd ges inte ers\u00e4ttning.<\/p>\n<h2>Barnf\u00f6rs\u00e4kringar<\/h2>\n<p>Det kan vara sv\u00e5rt att f\u00e5 en helt\u00e4ckande f\u00f6rs\u00e4kring p\u00e5 sitt barn n\u00e4r barnet har n\u00e5gon form av sjukdom eller funktionsneds\u00e4ttning. I m\u00e5nga fall en barnf\u00f6rs\u00e4kring tecknas inom en egen grupplivf\u00f6rs\u00e4kring via arbetsgivare eller fackf\u00f6rbund. Ett bra tips kan vara att g\u00e5 in p\u00e5 hemsidan f\u00f6r Konsumenternas F\u00f6rs\u00e4kringsbyr\u00e5 f\u00f6r mer information. Du kan \u00e4ven prata med andra f\u00f6r\u00e4ldrar i samma situation.<br \/>\n<a href=\"https:\/\/www.konsumenternas.se\/\" target=\"_blank\" rel=\"noopener noreferrer\">Klicka h\u00e4r f\u00f6r att komma till Konsumenternas F\u00f6rs\u00e4kringsbyr\u00e5<\/a>.<\/p>\n","protected":false},"excerpt":{"rendered":"<p>Kostnadsers\u00e4ttning Ett barn som f\u00f6tts med kongenital katarakt kommer att beh\u00f6va regelbundna uppf\u00f6ljningsbes\u00f6k p\u00e5 barn\u00f6gonmottagningen. Dessutom beh\u00f6ver alla barn med kongenital katarakt glas\u00f6gon och\/eller kontaktlinser f\u00f6r att optimera synsk\u00e4rpan. Om barnet opererats f\u00f6r sin katarakt g\u00f6rs t\u00e4ta uppf\u00f6ljningar tiden direkt efter operationen. F\u00f6r resekostnader och kostnader f\u00f6r kontaktlinser och glas\u00f6gon kan viss ers\u00e4ttning utbetalas. F\u00f6r&#8230; <a class=\"read-more\" href=\"https:\/\/rcsyd.se\/pecare\/patientinformation\/kostnadsersattning\">L\u00e4s mer<\/a><\/p>\n","protected":false},"author":3,"featured_media":0,"parent":548,"menu_order":0,"comment_status":"closed","ping_status":"closed","template":"","meta":{"_acf_changed":false,"footnotes":""},"acf":[],"_links":{"self":[{"href":"https:\/\/rcsyd.se\/pecare\/wp-json\/wp\/v2\/pages\/1094"}],"collection":[{"href":"https:\/\/rcsyd.se\/pecare\/wp-json\/wp\/v2\/pages"}],"about":[{"href":"https:\/\/rcsyd.se\/pecare\/wp-json\/wp\/v2\/types\/page"}],"author":[{"embeddable":true,"href":"https:\/\/rcsyd.se\/pecare\/wp-json\/wp\/v2\/users\/3"}],"replies":[{"embeddable":true,"href":"https:\/\/rcsyd.se\/pecare\/wp-json\/wp\/v2\/comments?post=1094"}],"version-history":[{"count":8,"href":"https:\/\/rcsyd.se\/pecare\/wp-json\/wp\/v2\/pages\/1094\/revisions"}],"predecessor-version":[{"id":1846,"href":"https:\/\/rcsyd.se\/pecare\/wp-json\/wp\/v2\/pages\/1094\/revisions\/1846"}],"up":[{"embeddable":true,"href":"https:\/\/rcsyd.se\/pecare\/wp-json\/wp\/v2\/pages\/548"}],"wp:attachment":[{"href":"https:\/\/rcsyd.se\/pecare\/wp-json\/wp\/v2\/media?parent=1094"}],"curies":[{"name":"wp","href":"https:\/\/api.w.org\/{rel}","templated":true}]}}