{"id":1090,"date":"2018-05-07T08:37:06","date_gmt":"2018-05-07T08:37:06","guid":{"rendered":"https:\/\/rcsyd.se\/pecare\/?page_id=1090"},"modified":"2020-09-04T11:19:32","modified_gmt":"2020-09-04T11:19:32","slug":"pa-ogonmottagningen","status":"publish","type":"page","link":"https:\/\/rcsyd.se\/pecare\/patientinformation\/pa-ogonmottagningen","title":{"rendered":"P\u00e5 \u00f6gonmottagningen"},"content":{"rendered":"<h1>P\u00e5 \u00f6gonmottagningen<\/h1>\n<h2>V\u00e5rdpersonal<\/h2>\n<p>Nedan syns de yrkesgrupper som du som f\u00f6r\u00e4lder kommer att m\u00f6ta tillsammans med ditt barn.<\/p>\n<h3>Barn\u00f6gonkirurg<\/h3>\n<p>Barn\u00f6gonkirurgen \u00e4r den l\u00e4kare som utf\u00f6r kataraktoperationen p\u00e5 ditt barn. Man tr\u00e4ffar barn\u00f6gonkirurgen inf\u00f6r operationen och vid de f\u00f6rsta uppf\u00f6ljande \u00e5terbes\u00f6ken efter operationen.<\/p>\n<h3>Barn\u00f6gonl\u00e4kare<\/h3>\n<p>Ditt barn kommer att f\u00f6ljas av barn\u00f6gonl\u00e4kare fram till 17 \u00e5rs \u00e5lder och d\u00e4refter p\u00e5 \u00f6gonmottagning f\u00f6r vuxna. Hur ofta \u00e5terbes\u00f6ken sker beror p\u00e5 hur gammalt barnet \u00e4r samt vilka typer av problem som finns med synen. Barn\u00f6gonl\u00e4karen ansvarar f\u00f6r uppf\u00f6ljningen av barnets allm\u00e4nna \u00f6gonbehandling och f\u00f6ljer \u00f6gats utveckling.<\/p>\n<h3>Ortoptist och \u00f6gonsk\u00f6terska<\/h3>\n<p>Ortoptist och \u00f6gonsk\u00f6terska f\u00f6ljer upp synens utveckling med synpr\u00f6vning och ger r\u00e5d ang\u00e5ende lappbehandling. Ortoptisten kan ocks\u00e5 bed\u00f6ma eventuell skelning.<\/p>\n<h3>Optiker<\/h3>\n<p>Optikern provar ut kontaktlinser och glas\u00f6gon utifr\u00e5n ditt barns behov och informerar om hantering av kontaktlinser.<\/p>\n<h3>Kurator<\/h3>\n<p>Kuratorn finns till f\u00f6r f\u00f6r\u00e4ldrar som beh\u00f6ver samtal och st\u00f6d runt tankar, k\u00e4nslor och reaktioner som uppkommer i samband med barnets sjukdom. Man kan \u00e4ven ta kontakt med kuratorn f\u00f6r hj\u00e4lp i ekonomiska och juridiska fr\u00e5gor samt f\u00e5 v\u00e4gledning om de r\u00e4ttigheter man har i samh\u00e4llet och sjukv\u00e5rden. Detta g\u00e4ller framf\u00f6rallt m\u00f6jligheten till kostnadsers\u00e4ttningar eller v\u00e5rdnadsbidrag.<\/p>\n<h2>Syncentralen<\/h2>\n<p>Syncentralens uppgift \u00e4r att hj\u00e4lpa personer med synskada att klara sig s\u00e5 bra som m\u00f6jligt i det dagliga livet. N\u00e4r ett litet barn opererats f\u00f6r katarakt vet vi inte hur bra synen kommer att utvecklas och det kommer att ta m\u00e5nga \u00e5r innan synsk\u00e4rpan kan pr\u00f6vas p\u00e5 ett tillf\u00f6rlitligt s\u00e4tt. D\u00e4rf\u00f6r remitteras alla barn som opererats f\u00f6r medf\u00f6dd katarakt p\u00e5 b\u00e4gge \u00f6gonen till syncentralen. Senare kan m\u00e5nga avskrivas n\u00e4r det visar sig att synen utvecklats bra. P\u00e5 syncentralen kan synskadade barn f\u00e5 hj\u00e4lp med utprovning och utl\u00e5ning av hj\u00e4lpmedel f\u00f6r skolg\u00e5ng och vardagsliv. Syncentralen kan ocks\u00e5 hj\u00e4lpa till med information till ber\u00f6rd personal p\u00e5 dagis och skola.<\/p>\n<h2>Unders\u00f6kningar<\/h2>\n<p>D\u00e5 man kommer med sitt barn till \u00f6gonmottagningen g\u00f6rs olika typer av unders\u00f6kningar av \u00f6gat och dess funktion. Nedanst\u00e5ende \u00e4r exempel p\u00e5 unders\u00f6kningar som kan komma att utf\u00f6ras p\u00e5 barnet vid mottagningsbes\u00f6ken.<\/p>\n<h3>Synpr\u00f6vning<\/h3>\n<p>Det dr\u00f6jer m\u00e5nga \u00e5r innan man f\u00e5r reda p\u00e5 hur bra synen blir. F\u00f6r de allra yngsta patienterna observerar man synbeteendet och ser om de kan f\u00e4sta blicken p\u00e5 ett f\u00f6rem\u00e5l och f\u00f6lja det med blicken med vartdera \u00f6gat. Synsk\u00e4rpan kan testas genom att barnet f\u00e5r se p\u00e5 en tavla med symboler eller bokst\u00e4ver. Den l\u00e4ttaste bokstavstavlan \u00e4r HVOT-tavlan, en tavla som har bokst\u00e4verna H, V, O och T placerade i rader i olika storlekar. Bokst\u00e4verna har valts s\u00e5 att de inte p\u00e5verkas av sammanblandning mellan h\u00f6ger och v\u00e4nster. Barn som inte kan bokst\u00e4verna f\u00e5r peka p\u00e5 likadana bokst\u00e4ver p\u00e5 en tavla i kn\u00e4t. Ju mindre bokst\u00e4ver barnet kan identifiera, desto b\u00e4ttre synsk\u00e4rpa har det. Man m\u00e4ter synsk\u00e4rpan p\u00e5 ett \u00f6ga i taget medan det andra \u00f6gat \u00e4r t\u00e4ckt med en klistrad lapp.<br \/>\nJu \u00e4ldre barnen blir desto l\u00e4ttare g\u00e5r det att m\u00e4ta synsk\u00e4rpan. Vid tre till fyra \u00e5rs \u00e5lder brukar de flesta barn medverka bra. Den syn man uppm\u00e4ter d\u00e5 \u00e4r dock inte den man kan f\u00f6rv\u00e4nta sig i vuxen \u00e5lder eftersom synsk\u00e4rpan kan f\u00f6rb\u00e4ttras i l\u00e5ngsammare takt p\u00e5 barn som opererats f\u00f6r kongenital katarakt \u00e4n andra.<\/p>\n<h3>M\u00e4tning av \u00f6gats brytkraft<\/h3>\n<p>F\u00f6r att veta vilken styrka som beh\u00f6vs p\u00e5 linser eller glas\u00f6gon finns olika m\u00e4tmetoder. F\u00f6r att m\u00e4ta ett \u00f6gas brytningsf\u00f6rm\u00e5ga kan man anv\u00e4nda sig av s\u00e5 kallad skiaskopi, vilket inneb\u00e4r att man lyser in i \u00f6gat medan ljusbrytande linser av olika styrka h\u00e5lls framf\u00f6r det. Man kan \u00e4ven anv\u00e4nda en automatisk s\u00e5 kallad autorefraktor. Barn\u00f6gon som inte \u00e4r opererade f\u00f6r katarakt m\u00e5ste droppas med en droppe som g\u00f6r pupillen stor innan m\u00e4tning kan g\u00f6ras.<\/p>\n<h3>\u00d6gontrycksm\u00e4tning<\/h3>\n<p>Man m\u00e4ter regelbundet \u00f6gats tryck p\u00e5 \u00f6gonmottagningen f\u00f6r att tidigt uppt\u00e4cka tecken p\u00e5 glaukom. Detta utf\u00f6rs med hj\u00e4lp av en speciell tryckm\u00e4tare som inneh\u00e5ller en liten rund plastkula som l\u00e4tt studsar mot \u00f6gat. Unders\u00f6kningen g\u00f6r inte ont och barnet kan sitta i f\u00f6r\u00e4lderns kn\u00e4 eller p\u00e5 egen stol beroende p\u00e5 \u00e5lder. Vid unders\u00f6kningen \u00e4r det viktigt att barnet \u00e4r avslappnat eftersom trycket kan \u00f6ka om man sp\u00e4nner sig.<\/p>\n<h3>Skelningstest<\/h3>\n<p>P\u00e5 barnen g\u00f6r man ocks\u00e5 ett skelningstest d\u00e4r man t\u00e4cker f\u00f6r omv\u00e4xlande h\u00f6ger och v\u00e4nster \u00f6ga, ofta med en svart spatel, och ser hur \u00f6gonen r\u00f6r sig. Man kan d\u00e5 se om barnet skelar. Ensidig skelning kan orsaka amblyopi (f\u00f6rs\u00e4mrad synsk\u00e4rpa utan synliga tecken p\u00e5 \u00f6gonsjukdomar).<\/p>\n<h3>Synf\u00e4ltspr\u00f6vning<\/h3>\n<p>Ett \u00f6gas synf\u00e4lt \u00e4r allt det \u00f6gat ser och allts\u00e5 inte bara det som man direkt tittar p\u00e5. Vid glaukom skadas nervtr\u00e5dar i synnerven, vilket leder till att synen i vissa delar av synf\u00e4ltet f\u00f6rs\u00e4mras. Det finns olika s\u00e4tt att m\u00e4ta synf\u00e4lt p\u00e5 och den teknik man anv\u00e4nder beror p\u00e5 barnets \u00e5lder och mognad. Fr\u00e5n och med skol\u00e5ldern \u00e4r det m\u00f6jligt att utf\u00f6ra en tillf\u00f6rlitlig synf\u00e4ltspr\u00f6vning p\u00e5 de flesta barn. Ingen av unders\u00f6kningsteknikerna inneb\u00e4r obehag f\u00f6r barnet. Barnet sitter i ett m\u00f6rkt rum och tittar fram\u00e5t p\u00e5 en punkt p\u00e5 en vit sk\u00e4rm eller datorsk\u00e4rm. Ljuspunkter presenteras sen p\u00e5 olika st\u00e4llen i synf\u00e4ltet och barnet trycker p\u00e5 en knapp n\u00e4r ljuspunkten uppt\u00e4cks. P\u00e5 s\u00e5 vis kan synf\u00f6rm\u00e5gan i olika delar av synf\u00e4ltet kartl\u00e4ggas. Synf\u00e4ltet kan p\u00e5verkas av olika sjukdomstillst\u00e5nd, men p\u00e5 barn som behandlats f\u00f6r kongenital katarakt unders\u00f6ker man framf\u00f6r allt f\u00f6r att ta reda p\u00e5 om barnet har glaukom. Unders\u00f6kningen tar ungef\u00e4r 15 minuter.<\/p>\n<h3>Unders\u00f6kning i mikroskop<\/h3>\n<p>Med hj\u00e4lp av ett speciellt mikroskop kan \u00f6gats fr\u00e4mre delar unders\u00f6kas. Man kan se hur kontaktlinsen sitter, om hornhinnan \u00e4r disig eller ser infekterad ut, om \u00f6gat \u00e4r inflammerat p\u00e5 utsidan eller inuti och om det \u00e4r klart i pupillen.<\/p>\n<h3>Unders\u00f6kning med oftalmoskop<\/h3>\n<p>Genom att lysa p\u00e5 \u00f6gat med ett oftalmoskop f\u00e5r man en reflex fr\u00e5n n\u00e4thinnan tillbaka om det \u00e4r klart i pupillen. F\u00f6r att \u00f6gonl\u00e4karen ska kunna unders\u00f6ka \u00f6gats inre beh\u00f6ver barnets pupiller vidgas med speciella \u00f6gondroppar. Man f\u00e5r v\u00e4nta en stund medan dropparna verkar och d\u00e4refter kan \u00f6gonl\u00e4karen inspektera n\u00e4thinnan och synnerven.<\/p>\n","protected":false},"excerpt":{"rendered":"<p>P\u00e5 \u00f6gonmottagningen V\u00e5rdpersonal Nedan syns de yrkesgrupper som du som f\u00f6r\u00e4lder kommer att m\u00f6ta tillsammans med ditt barn. Barn\u00f6gonkirurg Barn\u00f6gonkirurgen \u00e4r den l\u00e4kare som utf\u00f6r kataraktoperationen p\u00e5 ditt barn. Man tr\u00e4ffar barn\u00f6gonkirurgen inf\u00f6r operationen och vid de f\u00f6rsta uppf\u00f6ljande \u00e5terbes\u00f6ken efter operationen. Barn\u00f6gonl\u00e4kare Ditt barn kommer att f\u00f6ljas av barn\u00f6gonl\u00e4kare fram till 17 \u00e5rs \u00e5lder&#8230; <a class=\"read-more\" href=\"https:\/\/rcsyd.se\/pecare\/patientinformation\/pa-ogonmottagningen\">L\u00e4s mer<\/a><\/p>\n","protected":false},"author":3,"featured_media":0,"parent":548,"menu_order":0,"comment_status":"closed","ping_status":"closed","template":"","meta":{"_acf_changed":false,"footnotes":""},"acf":[],"_links":{"self":[{"href":"https:\/\/rcsyd.se\/pecare\/wp-json\/wp\/v2\/pages\/1090"}],"collection":[{"href":"https:\/\/rcsyd.se\/pecare\/wp-json\/wp\/v2\/pages"}],"about":[{"href":"https:\/\/rcsyd.se\/pecare\/wp-json\/wp\/v2\/types\/page"}],"author":[{"embeddable":true,"href":"https:\/\/rcsyd.se\/pecare\/wp-json\/wp\/v2\/users\/3"}],"replies":[{"embeddable":true,"href":"https:\/\/rcsyd.se\/pecare\/wp-json\/wp\/v2\/comments?post=1090"}],"version-history":[{"count":8,"href":"https:\/\/rcsyd.se\/pecare\/wp-json\/wp\/v2\/pages\/1090\/revisions"}],"predecessor-version":[{"id":1428,"href":"https:\/\/rcsyd.se\/pecare\/wp-json\/wp\/v2\/pages\/1090\/revisions\/1428"}],"up":[{"embeddable":true,"href":"https:\/\/rcsyd.se\/pecare\/wp-json\/wp\/v2\/pages\/548"}],"wp:attachment":[{"href":"https:\/\/rcsyd.se\/pecare\/wp-json\/wp\/v2\/media?parent=1090"}],"curies":[{"name":"wp","href":"https:\/\/api.w.org\/{rel}","templated":true}]}}