{"id":1088,"date":"2018-05-07T08:38:36","date_gmt":"2018-05-07T08:38:36","guid":{"rendered":"https:\/\/rcsyd.se\/pecare\/?page_id=1088"},"modified":"2024-02-22T14:15:47","modified_gmt":"2024-02-22T14:15:47","slug":"behandling","status":"publish","type":"page","link":"https:\/\/rcsyd.se\/pecare\/patientinformation\/behandling","title":{"rendered":"Behandling"},"content":{"rendered":"<h1>Behandling<\/h1>\n<h2>Behandlingsmetoder<\/h2>\n<p>Behandling av kongenital katarakt skall s\u00e4ttas in s\u00e5 tidigt som m\u00f6jligt f\u00f6r att uppn\u00e5 b\u00e4sta resultat. Valet av behandlingsmetoder kan skilja sig \u00e5t beroende p\u00e5 om katarakten \u00e4r ensidig eller dubbelsidig, samt beroende p\u00e5 vilken t\u00e4thetsgrad av katarakt barnet har. Vid t\u00e4t katarakt p\u00e5 ett eller b\u00e5da \u00f6gonen rekommenderas tidig operation. Vid mer diskreta grumlingar, eller grumlingar utanf\u00f6r det omr\u00e5de d\u00e4r skarpseendet sitter, kan man avvakta med operation eller avst\u00e5 helt. Om man v\u00e4ljer att avvakta med operation kallas barn och f\u00f6r\u00e4ldrar p\u00e5 regelbundna kontroller d\u00e4r man kontrollerar synutvecklingen, varp\u00e5 man tar ny st\u00e4llning till om operation beh\u00f6ver utf\u00f6ras eller inte.<\/p>\n<p>Om operation sker i r\u00e4tt tid och eventuella komplikationer kan bem\u00e4stras kan barn som f\u00f6ds med gr\u00e5 starr f\u00e5 en god synsk\u00e4rpa i vuxen \u00e5lder, men t\u00e4ta och noggranna kontroller \u00e4r n\u00f6dv\u00e4ndiga och risken f\u00f6r komplikationer dessv\u00e4rre alltid en realitet.<\/p>\n<h3>T\u00e4t dubbelsidig katarakt<\/h3>\n<p>Vid t\u00e4t katarakt p\u00e5 b\u00e5da \u00f6gonen f\u00e5r barnet ingen bild i \u00f6gat och kommer inte kunna se mer \u00e4n ljus och m\u00f6rker om man inte opererar bort den grumliga linsen. Dessa barn rekommenderas d\u00e4rf\u00f6r operation f\u00f6re tv\u00e5 till tre m\u00e5naders \u00e5lder f\u00f6r goda resultat. M\u00e5let \u00e4r att uppn\u00e5 en syn i vuxen \u00e5lder som r\u00e4cker till f\u00f6r k\u00f6rkort.<\/p>\n<h3>T\u00e4t ensidig katarakt<\/h3>\n<p>Denna typ av katarakt skall helst opereras redan f\u00f6re sex veckors \u00e5lder. Detta eftersom hj\u00e4rnan, i och med att ett friskt \u00f6ga finns, snabbt kommer att koppla bort synen p\u00e5 det drabbade \u00f6gat med minskad synutveckling (s\u00e5 kallad amblyopi) som f\u00f6ljd. Efter operationen kr\u00e4vs intensiv lappbehandling. Man lapptr\u00e4nar f\u00f6r att uppn\u00e5 s\u00e5 bra syn som m\u00f6jligt \u00e4ven om det kan vara sv\u00e5rare \u00e4n vid dubbelsidig katarakt.<\/p>\n<h3>Operation dubbelsidig katarakt<\/h3>\n<p>Om ett nyf\u00f6tt barn beh\u00f6ver operera b\u00e5da \u00f6gonen sker operationerna med kort intervall, ofta vid samma operationstillf\u00e4lle. P\u00e5 barn \u00f6ver sex m\u00e5naders \u00e5lder avg\u00f6rs detta fr\u00e5n fall till fall.<br \/>\nHos riktigt sm\u00e5 barn avl\u00e4gsnas den grumliga linsen och det brytningsfel som uppst\u00e5r f\u00e5r korrigeras med kontaktlinser. Hos barn under sex m\u00e5nader upp till ett \u00e5rs \u00e5lder korrigeras brytningsfelet genom att man l\u00e4gger in en plastlins i \u00f6gat p\u00e5 samma s\u00e4tt som hos vuxna.<\/p>\n<p>Efter operationen behandlas barnet under en tid med kortisondroppar f\u00f6r att minska den inflammation som alltid uppst\u00e5r i \u00f6gat efter en operation.<br \/>\nN\u00e4r barnet \u00e4r cirka ett \u00e5r gammalt p\u00e5b\u00f6rjas behandling med dubbelslipade glas\u00f6gon som komplement till kontaktlinser eller den i \u00f6gat inlagda linsen. Detta eftersom f\u00f6rm\u00e5gan till n\u00e4rinst\u00e4llning (ackommodation) g\u00e5r f\u00f6rlorad n\u00e4r \u00f6gats egen lins tas bort. De dubbelslipade glas\u00f6gonen m\u00f6jligg\u00f6r god syn b\u00e5de p\u00e5 l\u00e5ngt och n\u00e4ra h\u00e5ll.<\/p>\n<h2>Komplikationer<\/h2>\n<p>De vanligaste komplikationerna efter behandling \u00e4r efterstarr och glaukom.<\/p>\n<h3>Efterstarr<\/h3>\n<p>Detta inneb\u00e4r att mycket sm\u00e5 linsceller v\u00e4xer in \u00f6ver pupillen och \u00e5ter skapar grumling av synen f\u00f6r barnet. Efterstarr behandlas med laser eller operation.<\/p>\n<h3>Glaukom<\/h3>\n<p>Glaukom, eller gr\u00f6n starr som det ocks\u00e5 kallas, inneb\u00e4r att trycket i \u00f6gat blir h\u00f6gre \u00e4n normalt, vilket kan skada synnerven. Glaukom uppt\u00e4cks genom att man m\u00e4ter \u00f6gontrycket p\u00e5 barnets b\u00e5da \u00f6gon vid \u00e5terbes\u00f6ken hos \u00f6gonl\u00e4karen. Denna komplikation kan behandlas med \u00f6gondroppar som s\u00e4nker trycket i \u00f6gat och ibland kan man beh\u00f6va g\u00f6ra en trycks\u00e4nkande operation. Barnet kan f\u00e5 h\u00f6gt tryck av de kortisondroppar som ges efter operationen f\u00f6r att minska inflammationen. Trycket kan normaliseras n\u00e4r man slutar med kortisondropparna.<\/p>\n<h2>Information och st\u00f6d fr\u00e5n patientf\u00f6retr\u00e4dare<\/h2>\n<p>P\u00e5 v\u00e5r hemsida finns en sektion d\u00e4r delregistret PECARE:s (The Pediatric Cataract Register) patientf\u00f6retr\u00e4dare Kim Scharafinski samlar information, tips och st\u00f6d. Bland annat kan du l\u00e4sa patientber\u00e4ttelser och se p\u00e5 filmer d\u00e4r linsis\u00e4ttning och -uttagning g\u00f6rs.<\/p>\n<p><a href=\"https:\/\/rcsyd.se\/pecare\/patientinformation\/information-och-stod-fran-patientforetradare\">Klicka h\u00e4r f\u00f6r att komma till patientf\u00f6retr\u00e4darens informationssida<\/a>.<\/p>\n","protected":false},"excerpt":{"rendered":"<p>Behandling Behandlingsmetoder Behandling av kongenital katarakt skall s\u00e4ttas in s\u00e5 tidigt som m\u00f6jligt f\u00f6r att uppn\u00e5 b\u00e4sta resultat. Valet av behandlingsmetoder kan skilja sig \u00e5t beroende p\u00e5 om katarakten \u00e4r ensidig eller dubbelsidig, samt beroende p\u00e5 vilken t\u00e4thetsgrad av katarakt barnet har. Vid t\u00e4t katarakt p\u00e5 ett eller b\u00e5da \u00f6gonen rekommenderas tidig operation. Vid mer&#8230; <a class=\"read-more\" href=\"https:\/\/rcsyd.se\/pecare\/patientinformation\/behandling\">L\u00e4s mer<\/a><\/p>\n","protected":false},"author":3,"featured_media":0,"parent":548,"menu_order":0,"comment_status":"closed","ping_status":"closed","template":"","meta":{"_acf_changed":false,"footnotes":""},"acf":[],"_links":{"self":[{"href":"https:\/\/rcsyd.se\/pecare\/wp-json\/wp\/v2\/pages\/1088"}],"collection":[{"href":"https:\/\/rcsyd.se\/pecare\/wp-json\/wp\/v2\/pages"}],"about":[{"href":"https:\/\/rcsyd.se\/pecare\/wp-json\/wp\/v2\/types\/page"}],"author":[{"embeddable":true,"href":"https:\/\/rcsyd.se\/pecare\/wp-json\/wp\/v2\/users\/3"}],"replies":[{"embeddable":true,"href":"https:\/\/rcsyd.se\/pecare\/wp-json\/wp\/v2\/comments?post=1088"}],"version-history":[{"count":8,"href":"https:\/\/rcsyd.se\/pecare\/wp-json\/wp\/v2\/pages\/1088\/revisions"}],"predecessor-version":[{"id":1828,"href":"https:\/\/rcsyd.se\/pecare\/wp-json\/wp\/v2\/pages\/1088\/revisions\/1828"}],"up":[{"embeddable":true,"href":"https:\/\/rcsyd.se\/pecare\/wp-json\/wp\/v2\/pages\/548"}],"wp:attachment":[{"href":"https:\/\/rcsyd.se\/pecare\/wp-json\/wp\/v2\/media?parent=1088"}],"curies":[{"name":"wp","href":"https:\/\/api.w.org\/{rel}","templated":true}]}}