{"id":3413,"date":"2024-08-27T10:26:48","date_gmt":"2024-08-27T10:26:48","guid":{"rendered":"https:\/\/rcsyd.se\/konsdysforiregistret\/?page_id=3413"},"modified":"2024-08-27T10:29:30","modified_gmt":"2024-08-27T10:29:30","slug":"registerplattform","status":"publish","type":"page","link":"https:\/\/rcsyd.se\/konsdysforiregistret\/registrering\/registerplattform","title":{"rendered":"Registerplattform"},"content":{"rendered":"<h1>Registerplattform<\/h1>\n<p>Registerplattformen f\u00f6r K\u00f6nsdysforiregistret heter 3C.<\/p>\n<p><a href=\"https:\/\/rcsyd.se\/om-register\/it-losningar-och-driftinformation\/teknik-och-registerplattformar\" target=\"_blank\" rel=\"noopener noreferrer\">Klicka h\u00e4r f\u00f6r att komma till mer information om plattformen p\u00e5 Registercentrum Syds hemsida<\/a>.<\/p>\n<h2>Inloggning<\/h2>\n<p><a href=\"https:\/\/www.eyenetreg.se\/PLP\/\" target=\"_blank\" rel=\"noopener\">Klicka h\u00e4r f\u00f6r att komma till registrets inloggningssida<\/a>.<\/p>\n","protected":false},"excerpt":{"rendered":"<p>Registerplattform Registerplattformen f\u00f6r K\u00f6nsdysforiregistret heter 3C. Klicka h\u00e4r f\u00f6r att komma till mer information om plattformen p\u00e5 Registercentrum Syds hemsida. Inloggning Klicka h\u00e4r f\u00f6r att komma till registrets inloggningssida.<\/p>\n","protected":false},"author":3,"featured_media":0,"parent":3411,"menu_order":0,"comment_status":"closed","ping_status":"closed","template":"","meta":{"_acf_changed":false,"footnotes":""},"acf":[],"_links":{"self":[{"href":"https:\/\/rcsyd.se\/konsdysforiregistret\/wp-json\/wp\/v2\/pages\/3413"}],"collection":[{"href":"https:\/\/rcsyd.se\/konsdysforiregistret\/wp-json\/wp\/v2\/pages"}],"about":[{"href":"https:\/\/rcsyd.se\/konsdysforiregistret\/wp-json\/wp\/v2\/types\/page"}],"author":[{"embeddable":true,"href":"https:\/\/rcsyd.se\/konsdysforiregistret\/wp-json\/wp\/v2\/users\/3"}],"replies":[{"embeddable":true,"href":"https:\/\/rcsyd.se\/konsdysforiregistret\/wp-json\/wp\/v2\/comments?post=3413"}],"version-history":[{"count":1,"href":"https:\/\/rcsyd.se\/konsdysforiregistret\/wp-json\/wp\/v2\/pages\/3413\/revisions"}],"predecessor-version":[{"id":3414,"href":"https:\/\/rcsyd.se\/konsdysforiregistret\/wp-json\/wp\/v2\/pages\/3413\/revisions\/3414"}],"up":[{"embeddable":true,"href":"https:\/\/rcsyd.se\/konsdysforiregistret\/wp-json\/wp\/v2\/pages\/3411"}],"wp:attachment":[{"href":"https:\/\/rcsyd.se\/konsdysforiregistret\/wp-json\/wp\/v2\/media?parent=3413"}],"curies":[{"name":"wp","href":"https:\/\/api.w.org\/{rel}","templated":true}]}}