{"id":3373,"date":"2024-08-27T08:18:38","date_gmt":"2024-08-27T08:18:38","guid":{"rendered":"https:\/\/rcsyd.se\/konsdysforiregistret\/?page_id=3373"},"modified":"2024-08-27T08:30:15","modified_gmt":"2024-08-27T08:30:15","slug":"styrgrupp","status":"publish","type":"page","link":"https:\/\/rcsyd.se\/konsdysforiregistret\/om-konsdysforiregistret\/styrgrupp","title":{"rendered":"Styrgrupp"},"content":{"rendered":"<h1>Styrgrupp<\/h1>\n<h2>Registerh\u00e5llare<\/h2>\n<p><strong>Fotios Papadopoulos<\/strong><br \/>\nPsykiater, Psykiatriska kliniken, Uppsala Akademiska Sjukhus, Uppsala<\/p>\n<h2>\u00d6vriga styrgruppsmedlemmar<\/h2>\n<p><strong>Attila Fazekas<\/strong><br \/>\nPsykiater, Vuxenpsykiatrimottagning K\u00f6nsidentitet Lund, Psykiatri, habilitering och hj\u00e4lpmedel, Region Sk\u00e5ne<\/p>\n<p><strong>Marie Degerblad<\/strong><br \/>\nEndokrinolog, Kliniken f\u00f6r endokrinologi, diabetes och metabolism, Karolinska Universitetssjukhuset och Karolinska Institutet, Stockholm<\/p>\n<p><strong>Cecilia Dhejne<\/strong><br \/>\nPsykiater, ANOVA, Karolinska Universitetssjukhuset och Karolinska Institutet, Stockholm<\/p>\n<p><strong>Gabor Bacskulin<\/strong><br \/>\nEndokrinolog, Universitetssjukhuset i Link\u00f6ping, Link\u00f6ping<\/p>\n<p><strong>Gennaro Selvaggi<\/strong><br \/>\nPlastikkirurg, Plastikkirurgiska kliniken, Sahlgrenska Universitetssjukhuset och Sahlgrenska Akademin, G\u00f6teborg<\/p>\n<p><strong>Jenny Holmberg<\/strong><br \/>\nLogoped, Universitetssjukhuset Ume\u00e5, Universitetsadjunkt, Ume\u00e5 Universitet<\/p>\n<p><strong>Malin Indremo<\/strong><br \/>\nPsykolog, K\u00f6nsidentitetsmottagningen f\u00f6r barn och ungdom, Akademiska Sjukhuset, Uppsala<\/p>\n<p><strong>Maria Stenlid Halldin<\/strong><br \/>\nBarnendokrinolog, Karolinska Universitetssjukhuset och Karolinska Institutet, Stockholm och Akademiska Barnsjukhuset, Uppsala<\/p>\n<p><strong>Maria Tingb\u00e4ck<\/strong><br \/>\nSjuksk\u00f6terska, Plastikkirurgiska kliniken, Sahlgrenska Universitetssjukhuset och Sahlgrenska Akademin, G\u00f6teborg<\/p>\n<h2>Patientrepresentant<\/h2>\n<p><strong>Edward Summanen<br \/>\n<\/strong>Verksamhetsutvecklare, Transammans<\/p>\n<p><strong>Vakant<\/strong><br \/>\nPatientrepresentant, sakkunnig i transfr\u00e5gor, RFSL Ungdom \u2013 Ungdomsf\u00f6rbundet f\u00f6r homosexuellas, bisexuellas, transpersoners, queeras och intersexpersoners r\u00e4ttigheter<\/p>\n","protected":false},"excerpt":{"rendered":"<p>Styrgrupp Registerh\u00e5llare Fotios Papadopoulos Psykiater, Psykiatriska kliniken, Uppsala Akademiska Sjukhus, Uppsala \u00d6vriga styrgruppsmedlemmar Attila Fazekas Psykiater, Vuxenpsykiatrimottagning K\u00f6nsidentitet Lund, Psykiatri, habilitering och hj\u00e4lpmedel, Region Sk\u00e5ne Marie Degerblad Endokrinolog, Kliniken f\u00f6r endokrinologi, diabetes och metabolism, Karolinska Universitetssjukhuset och Karolinska Institutet, Stockholm Cecilia Dhejne Psykiater, ANOVA, Karolinska Universitetssjukhuset och Karolinska Institutet, Stockholm Gabor Bacskulin Endokrinolog, Universitetssjukhuset i&#8230; <a class=\"read-more\" href=\"https:\/\/rcsyd.se\/konsdysforiregistret\/om-konsdysforiregistret\/styrgrupp\">L\u00e4s mer<\/a><\/p>\n","protected":false},"author":3,"featured_media":0,"parent":3375,"menu_order":0,"comment_status":"closed","ping_status":"closed","template":"","meta":{"_acf_changed":false,"footnotes":""},"acf":[],"_links":{"self":[{"href":"https:\/\/rcsyd.se\/konsdysforiregistret\/wp-json\/wp\/v2\/pages\/3373"}],"collection":[{"href":"https:\/\/rcsyd.se\/konsdysforiregistret\/wp-json\/wp\/v2\/pages"}],"about":[{"href":"https:\/\/rcsyd.se\/konsdysforiregistret\/wp-json\/wp\/v2\/types\/page"}],"author":[{"embeddable":true,"href":"https:\/\/rcsyd.se\/konsdysforiregistret\/wp-json\/wp\/v2\/users\/3"}],"replies":[{"embeddable":true,"href":"https:\/\/rcsyd.se\/konsdysforiregistret\/wp-json\/wp\/v2\/comments?post=3373"}],"version-history":[{"count":1,"href":"https:\/\/rcsyd.se\/konsdysforiregistret\/wp-json\/wp\/v2\/pages\/3373\/revisions"}],"predecessor-version":[{"id":3374,"href":"https:\/\/rcsyd.se\/konsdysforiregistret\/wp-json\/wp\/v2\/pages\/3373\/revisions\/3374"}],"up":[{"embeddable":true,"href":"https:\/\/rcsyd.se\/konsdysforiregistret\/wp-json\/wp\/v2\/pages\/3375"}],"wp:attachment":[{"href":"https:\/\/rcsyd.se\/konsdysforiregistret\/wp-json\/wp\/v2\/media?parent=3373"}],"curies":[{"name":"wp","href":"https:\/\/api.w.org\/{rel}","templated":true}]}}