{"id":3223,"date":"2024-06-17T13:01:29","date_gmt":"2024-06-17T13:01:29","guid":{"rendered":"https:\/\/rcsyd.se\/hakir\/?page_id=3223"},"modified":"2026-01-09T12:36:51","modified_gmt":"2026-01-09T12:36:51","slug":"vetenskapliga-publikationer-dar-hakir-medverkat","status":"publish","type":"page","link":"https:\/\/rcsyd.se\/hakir\/publikationer\/vetenskapliga-publikationer\/vetenskapliga-publikationer-dar-hakir-medverkat","title":{"rendered":"Vetenskapliga publikationer d\u00e4r HAKIR medverkat"},"content":{"rendered":"<h1>Vetenskapliga publikationer d\u00e4r HAKIR medverkat<\/h1>\n<h2>2024<\/h2>\n<p>Long-term subjective and objective outcomes after digital nerve repair; a cohort study.Evertsson L, Bj\u00f6rkman A, Turesson C, Arner M, Mellstrand Navarro C, 2024 oct. DOI: 10.1177\/17531934241286116. Journals.sagepub.com. JHS E<br \/>\n<a href=\"http:\/\/doi.org\/10.1177\/17531934241286116\" target=\"_blank\" rel=\"noopener\">Klicka h\u00e4r f\u00f6r att komma till publikationen.<\/a><\/p>\n<p>Range of Motion Following Flexor Tendon repair. Comparing active flexion and extension with passive flexion using rubberbands followed by active extension Renberg M, Svingen J, Arner M, Farnebo S. J Hans surg Am. 2024 09. DOI: 10.1016\/j.jhsa.2024.08.003<br \/>\n<a href=\"https:\/\/doi.org\/10.1016\/j.jhsa.2024.08.003\" target=\"_blank\" rel=\"noopener\">Klicka h\u00e4r f\u00f6r att komma till publikationen.<\/a><\/p>\n<h2>2023<\/h2>\n<p>Effects of socioeconomic status on patient reported outcome after surgically treated trigger finger, a retrospective national registry based study, Lesand L, Dahlin L B, Rydberg M, Zimmerman M, BMJ Open 2023;13:e077101. doi:10.1136\/bmjopen-2023-077101<br \/>\n<a href=\"http:\/\/doi.org\/10.1136\/bmjopen-2023-077101\" target=\"_blank\" rel=\"noopener\">Klicka h\u00e4r f\u00f6r att komma till publikationen.<\/a><\/p>\n<p>Mental and behavioural disorders increase the risk of tendon rupture after flexor tendon repair in zone I and II. Svingen J, Arner M. Hand Therapy 2023, Vol. 0(0) 1\u20136, DOI: 10.1177\/17589983231222832<br \/>\n<a href=\"http:\/\/doi.org\/10.1177\/17589983231222832\" target=\"_blank\" rel=\"noopener\">Klicka h\u00e4r f\u00f6r att komma till publikationen.<\/a><\/p>\n<p>Patient reported symptoms and disabilities before and after neuroma surgery: a register based study. Dahlin E, Zimmerman M, Nyman E. Sci Rep. (2023) dec 13; 17226. doi.org\/10.1038\/s41598-023-44027-4<br \/>\n<a href=\"http:\/\/doi.org\/10.1038\/s41598-023-44027-4\" target=\"_blank\" rel=\"noopener\">Klicka h\u00e4r f\u00f6r att komma till publikationen.<\/a><\/p>\n<p>Benign nerve tumours in the upper limb: A registry\u2011based study of symptoms and surgical outcome. Istefan E, Zimmerman M, Dahlin L B, Nyman. E. Sci Rep. 2023 Jul 17;13(1):11500. doi: 10.1038\/s41598-023-38184-9. PMID: 37460574<br \/>\n<a href=\"http:\/\/doi.org\/10.1038\/s41598-023-38184-9\" target=\"_blank\" rel=\"noopener\">Klicka h\u00e4r f\u00f6r att komma till publikationen.<\/a><\/p>\n<p>Patient-reported outcome in Dupuytren&#8217;s disease treated with fasciectomy, collagenase or needle fasciotomy. A Swedish registry study. M. Harryson. M Eklund et al. JHS Global Jun 2023<br \/>\n<a href=\"https:\/\/doi.org\/10.1016\/j.jhsg.2023.06.009\" target=\"_blank\" rel=\"noopener\">Klicka h\u00e4r f\u00f6r att komma till publikationen.<\/a><\/p>\n<p>Patient Experiences after Open Trigger Finger Release in patients with type 1 and type 2 diabetes. A retrospective study using outcome measures. Rydberg M, Zimmerman M, Gotts\u00e4ter A, \u00c5kesson A, Eeg-Olofsson K, Arner M, Dahlin LB. Plast Reconstr Surg Glob Open. 2023 Jun 21;11(6):e5037. doi:10.1097\/GOX.0000000000005037. eCollection 2023 Jun. PMID: 37351117 PMCID: PMC10284330<br \/>\n<a href=\"http:\/\/doi.org\/10.1097\/GOX.0000000000005037\" target=\"_blank\" rel=\"noopener\">Klicka h\u00e4r f\u00f6r att komma till publikationen.<\/a><\/p>\n<p>Inflammatory reaction to suture materials after flexor tendon repair. A retrospective study of 594 patient. Arner M, Unge L, Frasnko MA, Svingen J. Case Reports Plast Surg Hand Surg. 2023 Jun 20;10(1):2222807. doi:10.1080\/23320885.2023.2222807. eCollection 2023. PMID: 37351525 PMCID: PMC10283439<br \/>\n<a href=\"https:\/\/doi.org\/10.1080\/23320885.2023.2222807\" target=\"_blank\" rel=\"noopener\">Klicka h\u00e4r f\u00f6r att komma till publikationen.<\/a><\/p>\n<p>Incidence, demographics and rehabilitation after digital nerve injury. A population-based study of 1004 adult patients in Sweden. Evertsson L, Carlsson C, Turesson C, Ezer MS, Arner M, Navarro CM (2023) PLoS ONE 18(4): e0283907. doi: 10.1371\/journal.pone.0283907. eCollection 2023. PMID: 37027435 PMCID: PMC10081734<br \/>\n<a href=\"https:\/\/doi.org\/10.1371\/journal.pone.0283907\" target=\"_blank\" rel=\"noopener\">Klicka h\u00e4r f\u00f6r att komma till publikationen.<\/a><\/p>\n<p>Patient-reported outcome measures and their association to the Strickland classification after flexor tendon repair. Renberg M, Svingen J, Arner M, Farnebo S, J Hand Surg Eur Vol 2023 Jul;48(7):661-667. doi: 10.1177\/17531934231161453. Epub 2023 Apr 2. PMID: 37005733<br \/>\n<a href=\"https:\/\/doi.org\/10.1177\/17531934231161453\" target=\"_blank\" rel=\"noopener\">Klicka h\u00e4r f\u00f6r att komma till publikationen.<\/a><\/p>\n<h2>2022<\/h2>\n<p>Cold sensitivity and its association to functional disability following a major nerve trunk injury in the upper extremity. A national registry-based study. Frostadottir D, Ekman L, Zimmerman M, Dahlin LB. PLoS One. 2022 Jul 12;17(7):e0270059. doi: 10.1371\/journal.pone.0270059. eCollection 2022. PMID: 35819958 PMCID: PMC9275699<br \/>\n<a href=\"https:\/\/doi.org\/10.1371\/journal.pone.0270059\" target=\"_blank\" rel=\"noopener\">Klicka h\u00e4r f\u00f6r att komma till publikationen.<\/a><\/p>\n<p>Socioeconomic Differences between Sexes in Surgically Treated Carpal Tunnel Syndrome and Ulnar Nerve Entrapment. Zimmerman M, Anker I, Nyman E. Epidemiologia (Basel). 2022 Jul 15;3(3):353-362. doi:10.3390\/epidemiologia3030027. PMID: 36417243 PMCID: PMC9620911<br \/>\n<a href=\"https:\/\/doi.org\/10.3390\/epidemiologia3030027\" target=\"_blank\" rel=\"noopener\">Klicka h\u00e4r f\u00f6r att komma till publikationen.<\/a><\/p>\n<p>Surgically Treated Carpal Tunnel Syndrome and Ulnar Nerve Entrapment at the Elbow in Different Occupations and their Effect on Surgical Outcome. Linde F, Rydberg M, Zimmerman M. J Occup Environ Med. 2022 Jun 1;64(6):e369-e373. doi: 10.1097\/JOM.0000000000002539. Epub 2022 May 4. PMID: 35543630 PMCID: PMC9275840<br \/>\n<a href=\"http:\/\/doi.org\/10.1097\/JOM.0000000000002539\" target=\"_blank\" rel=\"noopener\">Klicka h\u00e4r f\u00f6r att komma till publikationen.<\/a><\/p>\n<p>Risk factors for reoperation after flexor tendon repair. A registry study. Svingen, J, Farnebo, S, Turesson C, Wiig, M, Arner M. J Hand Surg Eur Vol 2022 Nov;47(10):1071-1076. doi: 10.1177\/17531934221101563. Epub 2022 May 17. PMID: 35579214 PMCID: PMC9634328<br \/>\n<a href=\"http:\/\/doi.org\/10.1177\/17531934221101563\" target=\"_blank\" rel=\"noopener\">Klicka h\u00e4r f\u00f6r att komma till publikationen.<\/a><\/p>\n<p>Preoperative electrophysiology in patients with ulnar nerve entrapment at the elbow \u2013 prediction of surgical outcome and influence of age, sex and diabetes. Anker I, Nyman E, Zimmerman M, Svensson A-M, Andersson G S, Dahlin LB. Front Clin Diabetes Healthc 2022 Mar 16;3:756022. doi: 10.3389\/fcdhc.2022.756022. eCollection 2022. PMID: 36992728 PMCID: PMC10012145<br \/>\n<a href=\"http:\/\/doi.org\/10.3389\/fcdhc.2022.756022\" target=\"_blank\" rel=\"noopener\">Klicka h\u00e4r f\u00f6r att komma till publikationen.<\/a><\/p>\n<p>Trapeziectomy with or without a tendon-based adjunct: A registry-based study of 650 thumbs. Wilcke MK, Evans K, Franko MA, Arner M. J Hand Surg Eur Vol. 2022 Jul;47(7):728-733. doi: 10.1177\/17531934221086220. Epub 2022 Mar 22. PMID: 35313770<br \/>\n<a href=\"http:\/\/doi.org\/10.1177\/17531934221086220\" target=\"_blank\" rel=\"noopener\">Klicka h\u00e4r f\u00f6r att komma till publikationen.<\/a><\/p>\n<p>Cold sensitivity, functional disability and predicting factors after a repaired digital nerve injury. Frostadottir D, Ekman L, Zimmerman M, Andersson S, Arner M, Brogren E, Dahlin LB. Sci Rep. 2022 Mar 22;12(1):4847. PMID: 35318398 PMCID: PMC8941129 DOI: 10.1038\/s41598-022-08926-2<br \/>\n<a href=\"http:\/\/doi.org\/10.1038\/s41598-022-08926-2\" target=\"_blank\" rel=\"noopener\">Klicka h\u00e4r f\u00f6r att komma till publikationen.<\/a><\/p>\n<h2>2021<\/h2>\n<p>Ulnar nerve dislocation in ulnar nerve entrapment at the elbow. Influence on surgical outcome. Anker I, Zimmerman M, Nyman E, Dahlin LB. Hand Surg Rehabil. 2022 Feb;41(1):96-102. doi: 10.1016\/j.hansur.2021.09.003. Epub 2021 Sep 25. PMID: 34583086.<br \/>\n<a href=\"http:\/\/doi.org\/10.1016\/j.hansur.2021.09.003\" target=\"_blank\" rel=\"noopener\">Klicka h\u00e4r f\u00f6r att komma till publikationen.<\/a><\/p>\n<p>Cold sensitivity in ulnar neuropathy at the elbow \u2013 relation to symptoms and disability, influence of diabetes and impact on surgical outcome. Zimmerman, M, Peyron, H, Svensson, A-M, Eeg-Olofsson K, Nyman, E, Dahlin, LB. Frontiers in Clin Diabetes and Healthcare. 2021 Aug 16;2:719104. doi: 10.3389\/fcdhc. 2021.719104. eCollection 2021. PMID: 36994349. PMCID: PMC10012061<br \/>\n<a href=\"http:\/\/doi.org\/10.3389\/fcdhc.2021.719104\" target=\"_blank\" rel=\"noopener\">Klicka h\u00e4r f\u00f6r att komma till publikationen.<\/a><\/p>\n<p>What are the Patient-reported Outcomes of Trapeziectomy and Tendon Suspension at Long-term Follow-up? Wolf JM, Turkiewicz A, Englund M, Karlsson J, Arner M, Atroshi I. Clin Orthop Relat Res. 2021 Sep 1;479(9): :2009-2018. doi: 10.1097\/CORR.0000000000001795. PMID: 34014846 PMCID: PMC8373541<br \/>\n<a href=\"http:\/\/doi.org\/10.1097\/CORR.0000000000001795\" target=\"_blank\" rel=\"noopener\">Klicka h\u00e4r f\u00f6r att komma till publikationen.<\/a><\/p>\n<p>Socioeconomic factors predicting outcome in surgically treated carpal tunnel syndrome: a national registry-based study. Zimmerman M, Hall E, Carlsson KS, Nyman E, Dahlin LB. Sci Rep. 2021 Jan 28;11(1):2581. doi: 10.1038\/s41598-021-82012-x. PMID: 33510278 PMCID: PMC7844239<br \/>\n<a href=\"http:\/\/doi.org\/10.1038\/s41598-021-82012-x\" target=\"_blank\" rel=\"noopener\">Klicka h\u00e4r f\u00f6r att komma till publikationen.<\/a><\/p>\n<h2>2020<\/h2>\n<p>Current national hand surgery registries worldwide. Vakalopoulos K, Arner M, Denissen G, Rodrigues J, Sch\u00e4del-H\u00f6pfner M, Krukhaug Y, Page R, L\u00fcbbeke A. J Hand Surg Eur Vol. 2021 Jan;46(1):103-106. Epub 2020 Nov 17. doi: 10.1177\/1753193420970155. PMID: 33203308<br \/>\n<a href=\"http:\/\/doi.org\/10.1177\/1753193420970155\" target=\"_blank\" rel=\"noopener\">Klicka h\u00e4r f\u00f6r att komma till publikationen.<\/a><\/p>\n<p>Construct validity, floor and ceiling effects, data completeness and magnitude of change for the eight-item HAKIR questionnaire \u2013 A patient reported outcome in the Swedish national healthcare quality registry for hand surgery. Carlsson IK, Ekstrand E, \u00c5str\u00f6m M, Stihl K, Arner M. Hand Therapy. online November 3, 2020:1-14. Volume 26 Issue 1, March 2021. doi.org\/10.1177\/1758998320966018<br \/>\n<a href=\"http:\/\/doi.org\/10.1177\/1758998320966018\" target=\"_blank\" rel=\"noopener\">Klicka h\u00e4r f\u00f6r att komma till publikationen.<\/a><\/p>\n<p>Occurrence of cold sensitivity in carpal tunnel syndrome and its effects on surgical outcome following open carpal tunnel release. Zimmerman M, Nyman E, Dahlin LB. Sci Rep. 2020 Aug 10;10(1):13472. doi: 10.1038\/s41598-020-70543-8. PMID: 32778796 PMCID: PMC7417569<br \/>\n<a href=\"http:\/\/doi.org\/10.1038\/s41598-020-70543-8\" target=\"_blank\" rel=\"noopener\">Klicka h\u00e4r f\u00f6r att komma till publikationen.<\/a><\/p>\n<p>A smartphone application to facilitate adherence to home-based exercise after flexor tendon repair: A randomised controlled trial. Svingen J, Rosengren J, Turesson C, Arner M. Clinical rehabilitation. 2021 Feb;35(2):266-275. doi:10.1177\/0269215520962287. Epub 2020 Oct 11. PMID: 33040590 PMCID: PMC7874382<br \/>\n<a href=\"http:\/\/doi.org\/10.1177\/0269215520962287\" target=\"_blank\" rel=\"noopener\">Klicka h\u00e4r f\u00f6r att komma till publikationen.<\/a><\/p>\n<p>Socioeconomic Factors in Patients with Ulnar Nerve Compression at the Elbow: A National Registry-Based Study. Zimmerman M, Nyman E, Steen Carlsson K, Dahlin LB. Biomed Res Int. 2020 Dec 18;2020:5928649. doi: 10.1155\/2020\/5928649. eCollection 2020. PMID: 33381560. PMCID: PMC7762664<br \/>\n<a href=\"http:\/\/doi.org\/10.1155\/2020\/5928649\" target=\"_blank\" rel=\"noopener\">Klicka h\u00e4r f\u00f6r att komma till publikationen.<\/a><\/p>\n<p>Ulnar nerve entrapment in diabetes: Patient reported outcome after surgery in national quality registries. Zimmerman M, Anker I, Karlsson A, Arner M, Svensson AM, Eeg-Olofsson K, Nyman E, Dahlin LB. PRS Global Open, 2020:8e2740. doi: 10.1097\/GOX.0000000000002740. eCollection 2020 Apr. PMID: 32440410 PMCID: PMC7209826<br \/>\n<a href=\"http:\/\/doi.org\/10.1097\/GOX.0000000000002740\" target=\"_blank\" rel=\"noopener\">Klicka h\u00e4r f\u00f6r att komma till publikationen.<\/a><\/p>\n<p>A registry-based analysis of the patient reported outcome after surgery for trapezio-metacarpal joint osteoarthritis. Wilcke M, Roginski M, \u00c5str\u00f6m M, Arner M. BMC Musculoskelet Disord. 2020 Feb 1;21(1):63. doi: 10.1186\/s12891-020-3045-7. PMID: 32007093 PMCID: PMC6995059<br \/>\n<a href=\"http:\/\/doi.org\/10.1186\/s12891-020-3045-7\" target=\"_blank\" rel=\"noopener\">Klicka h\u00e4r f\u00f6r att komma till publikationen.<\/a><\/p>\n<h2>2019<\/h2>\n<p>Open carpal tunnel release and diabetes: a retrospective study using PROMs and national quality registries. Zimmerman M, Eeg-Olofsson K M.D, PhD, Svensson AM RN, PhD, \u00c5str\u00f6m M, Arner M, Dahlin L. BMJ Open. 2019 Sep 4;9(9) :e030179. doi: 10.1136\/bmjopen-2019-030179. PMID: 31488486 PMCID: PMC6731852<br \/>\n<a href=\"http:\/\/doi.org\/10.1136\/bmjopen-2019-030179\" target=\"_blank\" rel=\"noopener\">Klicka h\u00e4r f\u00f6r att komma till publikationen.<\/a><\/p>\n<h2>2017<\/h2>\n<p>Reoperations and postoperative complications after osteosynthesis of phalangeal fractures: a retrospective cohort study. von Kieseritzky J, Nordstr\u00f6m J, Arner M. J Plast Surg Hand Surg. 2017 Dec;51(6):458-462. doi:10.1080\/2000656X.2017.1313261. Epub 2017 May 2. PMID: 28460605<br \/>\n<a href=\"http:\/\/doi.org\/10.1080\/2000656X.2017.1313261\" target=\"_blank\" rel=\"noopener\">Klicka h\u00e4r f\u00f6r att komma till publikationen.<\/a><\/p>\n<h2>2016<\/h2>\n<p>Developing a national quality registry for hand surgery: challenges and opportunities. Arner M. EFORT Open Rev. 2017 Mar 13;1(4):100-106. doi: 10.1302\/2058-5241.1.000045. eCollection 2016 Apr. PMID: 28461935. PMCID: PMC5367535<br \/>\n<a href=\"http:\/\/doi.org\/10.1302\/2058-5241.1.000045\" target=\"_blank\" rel=\"noopener\">Klicka h\u00e4r f\u00f6r att komma till publikationen.<\/a><\/p>\n","protected":false},"excerpt":{"rendered":"<p>Vetenskapliga publikationer d\u00e4r HAKIR medverkat 2024 Long-term subjective and objective outcomes after digital nerve repair; a cohort study.Evertsson L, Bj\u00f6rkman A, Turesson C, Arner M, Mellstrand Navarro C, 2024 oct. DOI: 10.1177\/17531934241286116. Journals.sagepub.com. JHS E Klicka h\u00e4r f\u00f6r att komma till publikationen. Range of Motion Following Flexor Tendon repair. Comparing active flexion and extension with&#8230; <a class=\"read-more\" href=\"https:\/\/rcsyd.se\/hakir\/publikationer\/vetenskapliga-publikationer\/vetenskapliga-publikationer-dar-hakir-medverkat\">L\u00e4s mer<\/a><\/p>\n","protected":false},"author":3,"featured_media":0,"parent":3593,"menu_order":0,"comment_status":"closed","ping_status":"closed","template":"","meta":{"_acf_changed":false,"footnotes":""},"acf":[],"_links":{"self":[{"href":"https:\/\/rcsyd.se\/hakir\/wp-json\/wp\/v2\/pages\/3223"}],"collection":[{"href":"https:\/\/rcsyd.se\/hakir\/wp-json\/wp\/v2\/pages"}],"about":[{"href":"https:\/\/rcsyd.se\/hakir\/wp-json\/wp\/v2\/types\/page"}],"author":[{"embeddable":true,"href":"https:\/\/rcsyd.se\/hakir\/wp-json\/wp\/v2\/users\/3"}],"replies":[{"embeddable":true,"href":"https:\/\/rcsyd.se\/hakir\/wp-json\/wp\/v2\/comments?post=3223"}],"version-history":[{"count":20,"href":"https:\/\/rcsyd.se\/hakir\/wp-json\/wp\/v2\/pages\/3223\/revisions"}],"predecessor-version":[{"id":4106,"href":"https:\/\/rcsyd.se\/hakir\/wp-json\/wp\/v2\/pages\/3223\/revisions\/4106"}],"up":[{"embeddable":true,"href":"https:\/\/rcsyd.se\/hakir\/wp-json\/wp\/v2\/pages\/3593"}],"wp:attachment":[{"href":"https:\/\/rcsyd.se\/hakir\/wp-json\/wp\/v2\/media?parent=3223"}],"curies":[{"name":"wp","href":"https:\/\/api.w.org\/{rel}","templated":true}]}}