{"id":4063,"date":"2024-08-12T09:23:16","date_gmt":"2024-08-12T09:23:16","guid":{"rendered":"https:\/\/rcsyd.se\/emq\/?page_id=4063"},"modified":"2025-12-30T22:59:13","modified_gmt":"2025-12-30T22:59:13","slug":"aterkommande-uppgifter-och-aktiviteter","status":"publish","type":"page","link":"https:\/\/rcsyd.se\/emq\/registrering\/aterkommande-uppgifter-och-aktiviteter","title":{"rendered":"\u00c5terkommande uppgifter och aktiviteter"},"content":{"rendered":"<h1>\u00c5terkommande uppgifter och aktiviteter<\/h1>\n<p>P\u00e5 denna sida finns information om de \u00e5terkommande uppgifter och aktiviteter som ska g\u00f6ras av anslutna kommuner och privata v\u00e5rdgivare.<\/p>\n<h2>Checklista<\/h2>\n<ol>\n<li>Kommuner och privata v\u00e5rdgivare ska vid varje l\u00e4s\u00e5rstart, senast den 1 oktober, tillhandah\u00e5lla information om elevantalet f\u00f6r respektive skola. Fyll i Mall Elevlista f\u00f6r PMO och Prorenata som finns i nedladdningsboxen p\u00e5 denna sida. Maila den ifyllda mallen till Omdas supportadress: <a href=\"mailto:support.compos@omda.com\">support.compos@omda.com<\/a><\/li>\n<li>G\u00e5 in p\u00e5 Omdas portal och rapportera antal skolsk\u00f6terskor, skoll\u00e4kare och skolsk\u00f6terskor som genomg\u00e5tt utbildning i Motiverande samtal (MI).<br \/>\n<a href=\"https:\/\/emqportal.compos.se\/emq\/careBurden\" target=\"_blank\" rel=\"noopener\">Klicka h\u00e4r f\u00f6r att komma till portalen.<\/a><br \/>\nKontakta Omdas support via <a href=\"mailto:support.compos@omda.com\">support.compos@omda.com<\/a> f\u00f6r att f\u00e5 inloggning till portalen.<\/li>\n<li>Eleven och elevens v\u00e5rdnadshavare ska informeras om att vissa uppgifter fr\u00e5n elevens journal samlas i ett nationellt kvalitetsregister. De ska ocks\u00e5 informeras om att deltagandet \u00e4r frivilligt och att man kan tacka nej till att finnas med i registret n\u00e4r som helst. Informationsblad om EMQ till v\u00e5rdnadshavare och elev finns p\u00e5 svenska och flera andra spr\u00e5k. Informationsbladet ska tillg\u00e4ngligg\u00f6ras f\u00f6r v\u00e5rdnadshavare och elev. V\u00e5rdgivaren kan i informationsbladet l\u00e4gga till sin logotyp.<br \/>\n<a href=\"https:\/\/rcsyd.se\/emq\/registrering\/informationsblad-om-emq-pa-olika-sprak\">Klicka h\u00e4r f\u00f6r att komma till informationsblad om EMQ p\u00e5 olika spr\u00e5k.<\/a><\/li>\n<li>Rutiner och blankett att anv\u00e4nda om v\u00e5rdnadshavare eller elev beg\u00e4r tillg\u00e5ng till, r\u00e4ttelse i, begr\u00e4nsning av eller uttr\u00e4de ur registret finns p\u00e5 sidan Rutiner enligt GDPR (dataskyddsf\u00f6rordningen).<br \/>\n<a href=\"https:\/\/rcsyd.se\/emq\/registrering\/rutiner-enligt-gdpr\">Klicka h\u00e4r f\u00f6r att komma till sidan.<\/a><\/li>\n<\/ol>\n","protected":false},"excerpt":{"rendered":"<p>\u00c5terkommande uppgifter och aktiviteter P\u00e5 denna sida finns information om de \u00e5terkommande uppgifter och aktiviteter som ska g\u00f6ras av anslutna kommuner och privata v\u00e5rdgivare. Checklista Kommuner och privata v\u00e5rdgivare ska vid varje l\u00e4s\u00e5rstart, senast den 1 oktober, tillhandah\u00e5lla information om elevantalet f\u00f6r respektive skola. Fyll i Mall Elevlista f\u00f6r PMO och Prorenata som finns i&#8230; <a class=\"read-more\" href=\"https:\/\/rcsyd.se\/emq\/registrering\/aterkommande-uppgifter-och-aktiviteter\">L\u00e4s mer<\/a><\/p>\n","protected":false},"author":3,"featured_media":0,"parent":3694,"menu_order":0,"comment_status":"closed","ping_status":"closed","template":"","meta":{"_acf_changed":false,"footnotes":""},"acf":[],"_links":{"self":[{"href":"https:\/\/rcsyd.se\/emq\/wp-json\/wp\/v2\/pages\/4063"}],"collection":[{"href":"https:\/\/rcsyd.se\/emq\/wp-json\/wp\/v2\/pages"}],"about":[{"href":"https:\/\/rcsyd.se\/emq\/wp-json\/wp\/v2\/types\/page"}],"author":[{"embeddable":true,"href":"https:\/\/rcsyd.se\/emq\/wp-json\/wp\/v2\/users\/3"}],"replies":[{"embeddable":true,"href":"https:\/\/rcsyd.se\/emq\/wp-json\/wp\/v2\/comments?post=4063"}],"version-history":[{"count":7,"href":"https:\/\/rcsyd.se\/emq\/wp-json\/wp\/v2\/pages\/4063\/revisions"}],"predecessor-version":[{"id":4076,"href":"https:\/\/rcsyd.se\/emq\/wp-json\/wp\/v2\/pages\/4063\/revisions\/4076"}],"up":[{"embeddable":true,"href":"https:\/\/rcsyd.se\/emq\/wp-json\/wp\/v2\/pages\/3694"}],"wp:attachment":[{"href":"https:\/\/rcsyd.se\/emq\/wp-json\/wp\/v2\/media?parent=4063"}],"curies":[{"name":"wp","href":"https:\/\/api.w.org\/{rel}","templated":true}]}}