{"id":3694,"date":"2024-08-12T09:33:16","date_gmt":"2024-08-12T09:33:16","guid":{"rendered":"https:\/\/rcsyd.se\/emq\/?page_id=3694"},"modified":"2026-03-24T14:30:09","modified_gmt":"2026-03-24T14:30:09","slug":"registrering","status":"publish","type":"page","link":"https:\/\/rcsyd.se\/emq\/registrering","title":{"rendered":"Registrering"},"content":{"rendered":"<h1>Registrering<\/h1>\n<p>Via menyn till v\u00e4nster finner du formul\u00e4r, manualer och information om registrering i EMQ (Nationellt kvalitetsregister f\u00f6r elevh\u00e4lsans medicinska insats).<\/p>\n<p>P\u00e5 sidorna finns information b\u00e5de f\u00f6r redan anslutna kommuner och f\u00f6r dig som jobbar inom verksamhet som r\u00f6r EMI (elevh\u00e4lsans medicinska insats) och vill ansluta din verksamhet.<\/p>\n","protected":false},"excerpt":{"rendered":"<p>Registrering Via menyn till v\u00e4nster finner du formul\u00e4r, manualer och information om registrering i EMQ (Nationellt kvalitetsregister f\u00f6r elevh\u00e4lsans medicinska insats). P\u00e5 sidorna finns information b\u00e5de f\u00f6r redan anslutna kommuner och f\u00f6r dig som jobbar inom verksamhet som r\u00f6r EMI (elevh\u00e4lsans medicinska insats) och vill ansluta din verksamhet.<\/p>\n","protected":false},"author":3,"featured_media":0,"parent":0,"menu_order":0,"comment_status":"closed","ping_status":"closed","template":"","meta":{"_acf_changed":false,"footnotes":""},"acf":[],"_links":{"self":[{"href":"https:\/\/rcsyd.se\/emq\/wp-json\/wp\/v2\/pages\/3694"}],"collection":[{"href":"https:\/\/rcsyd.se\/emq\/wp-json\/wp\/v2\/pages"}],"about":[{"href":"https:\/\/rcsyd.se\/emq\/wp-json\/wp\/v2\/types\/page"}],"author":[{"embeddable":true,"href":"https:\/\/rcsyd.se\/emq\/wp-json\/wp\/v2\/users\/3"}],"replies":[{"embeddable":true,"href":"https:\/\/rcsyd.se\/emq\/wp-json\/wp\/v2\/comments?post=3694"}],"version-history":[{"count":6,"href":"https:\/\/rcsyd.se\/emq\/wp-json\/wp\/v2\/pages\/3694\/revisions"}],"predecessor-version":[{"id":4307,"href":"https:\/\/rcsyd.se\/emq\/wp-json\/wp\/v2\/pages\/3694\/revisions\/4307"}],"wp:attachment":[{"href":"https:\/\/rcsyd.se\/emq\/wp-json\/wp\/v2\/media?parent=3694"}],"curies":[{"name":"wp","href":"https:\/\/api.w.org\/{rel}","templated":true}]}}