{"id":3522,"date":"2024-08-19T12:31:16","date_gmt":"2024-08-19T12:31:16","guid":{"rendered":"https:\/\/rcsyd.se\/cornea\/?page_id=3522"},"modified":"2025-09-19T12:48:57","modified_gmt":"2025-09-19T12:48:57","slug":"arsrapporter","status":"publish","type":"page","link":"https:\/\/rcsyd.se\/cornea\/publikationer\/arsrapporter","title":{"rendered":"\u00c5rsrapporter"},"content":{"rendered":"<h1>\u00c5rsrapporter<\/h1>\n<p>I nedladdningsboxen p\u00e5 denna sida hittar du nedladdningsbara \u00e5rsrapporter fr\u00e5n Svenska Cornearegistret.<\/p>\n","protected":false},"excerpt":{"rendered":"<p>\u00c5rsrapporter I nedladdningsboxen p\u00e5 denna sida hittar du nedladdningsbara \u00e5rsrapporter fr\u00e5n Svenska Cornearegistret.<\/p>\n","protected":false},"author":3,"featured_media":0,"parent":3523,"menu_order":0,"comment_status":"closed","ping_status":"closed","template":"","meta":{"_acf_changed":false,"footnotes":""},"acf":[],"_links":{"self":[{"href":"https:\/\/rcsyd.se\/cornea\/wp-json\/wp\/v2\/pages\/3522"}],"collection":[{"href":"https:\/\/rcsyd.se\/cornea\/wp-json\/wp\/v2\/pages"}],"about":[{"href":"https:\/\/rcsyd.se\/cornea\/wp-json\/wp\/v2\/types\/page"}],"author":[{"embeddable":true,"href":"https:\/\/rcsyd.se\/cornea\/wp-json\/wp\/v2\/users\/3"}],"replies":[{"embeddable":true,"href":"https:\/\/rcsyd.se\/cornea\/wp-json\/wp\/v2\/comments?post=3522"}],"version-history":[{"count":4,"href":"https:\/\/rcsyd.se\/cornea\/wp-json\/wp\/v2\/pages\/3522\/revisions"}],"predecessor-version":[{"id":3684,"href":"https:\/\/rcsyd.se\/cornea\/wp-json\/wp\/v2\/pages\/3522\/revisions\/3684"}],"up":[{"embeddable":true,"href":"https:\/\/rcsyd.se\/cornea\/wp-json\/wp\/v2\/pages\/3523"}],"wp:attachment":[{"href":"https:\/\/rcsyd.se\/cornea\/wp-json\/wp\/v2\/media?parent=3522"}],"curies":[{"name":"wp","href":"https:\/\/api.w.org\/{rel}","templated":true}]}}