{"id":3361,"date":"2023-12-19T12:02:54","date_gmt":"2023-12-19T12:02:54","guid":{"rendered":"https:\/\/rcsyd.se\/cornea\/?page_id=3361"},"modified":"2024-08-12T12:58:05","modified_gmt":"2024-08-12T12:58:05","slug":"svensk-cornealkirurgisk-forening","status":"publish","type":"page","link":"https:\/\/rcsyd.se\/cornea\/om-svenska-cornearegistret\/svensk-cornealkirurgisk-forening","title":{"rendered":"Svensk Cornealkirurgisk F\u00f6rening"},"content":{"rendered":"<h1>Svensk Cornealkirurgisk F\u00f6rening<\/h1>\n<p>Svensk Cornealkirurgisk F\u00f6rening \u00e4r en informell sammanslutning av Sveriges Cornealkirurger. F\u00f6reningen bildades och hade sitt f\u00f6rsta m\u00f6te 1994. Det f\u00f6rsta syftet med f\u00f6reningen var att utarbeta ett uppf\u00f6ljningsregister f\u00f6r hornhinnetransplantationer. Detta register startade 1996.<\/p>\n<p>F\u00f6reningen och registret \u00e4r sammanl\u00e4nkade, men f\u00f6reningen har ocks\u00e5 andra syften. F\u00f6reningen har en styrgrupp som best\u00e5r av sex ordinarie ledam\u00f6ter och tre adjungerade, varav en \u00e4r patientrepresentant. Styrgruppsm\u00f6ten anordnas cirka tv\u00e5 g\u00e5nger per \u00e5r. Styrgruppen arbetar med ans\u00f6kningar om ekonomiska medel, forskningsprojekt utg\u00e5ende fr\u00e5n registret, validering och analys av registerdata samt anordnande av anv\u00e4ndarm\u00f6ten.<\/p>\n<p>Till anv\u00e4ndarm\u00f6tena inbjuds alla medlemmar i Svensk Cornealkirurgisk F\u00f6rening. Antalet medlemmar v\u00e4xlar beroende p\u00e5 hur m\u00e5nga hornhinnekirurger som \u00e4r aktiva i landet, men siffran ligger p\u00e5 cirka 20. Gruppen tr\u00e4ffas vid ett \u00e5rligt m\u00f6te under tv\u00e5 till tre dagar. De olika medlemsorterna turas om att anordna m\u00f6tet. Styrgruppen \u00e4r behj\u00e4lplig med att inbjuda f\u00f6rel\u00e4sare med expertis inom ett eller tv\u00e5 omr\u00e5den som man beslutat att fokusera runt. En tyngdpunkt f\u00f6r dessa \u00e5rliga m\u00f6ten \u00e4r ocks\u00e5 falldiskussioner, d\u00e4r alla deltar med egna sv\u00e5rl\u00f6sta patientproblem.<\/p>\n<p>F\u00f6reningen fungerar ocks\u00e5 under resten av \u00e5ret som ett st\u00f6d, d\u00e4r medlemmarna via e-post kan kontakta gruppen och f\u00e5 hj\u00e4lp med olika hornhinneproblem.<\/p>\n<p>Under senare \u00e5r har samtliga danska samt en norsk cornealkirurg anslutit sig till f\u00f6reningen och till registret.<\/p>\n","protected":false},"excerpt":{"rendered":"<p>Svensk Cornealkirurgisk F\u00f6rening Svensk Cornealkirurgisk F\u00f6rening \u00e4r en informell sammanslutning av Sveriges Cornealkirurger. F\u00f6reningen bildades och hade sitt f\u00f6rsta m\u00f6te 1994. Det f\u00f6rsta syftet med f\u00f6reningen var att utarbeta ett uppf\u00f6ljningsregister f\u00f6r hornhinnetransplantationer. Detta register startade 1996. F\u00f6reningen och registret \u00e4r sammanl\u00e4nkade, men f\u00f6reningen har ocks\u00e5 andra syften. F\u00f6reningen har en styrgrupp som best\u00e5r av&#8230; <a class=\"read-more\" href=\"https:\/\/rcsyd.se\/cornea\/om-svenska-cornearegistret\/svensk-cornealkirurgisk-forening\">L\u00e4s mer<\/a><\/p>\n","protected":false},"author":3,"featured_media":0,"parent":3503,"menu_order":0,"comment_status":"closed","ping_status":"closed","template":"","meta":{"_acf_changed":false,"footnotes":""},"acf":[],"_links":{"self":[{"href":"https:\/\/rcsyd.se\/cornea\/wp-json\/wp\/v2\/pages\/3361"}],"collection":[{"href":"https:\/\/rcsyd.se\/cornea\/wp-json\/wp\/v2\/pages"}],"about":[{"href":"https:\/\/rcsyd.se\/cornea\/wp-json\/wp\/v2\/types\/page"}],"author":[{"embeddable":true,"href":"https:\/\/rcsyd.se\/cornea\/wp-json\/wp\/v2\/users\/3"}],"replies":[{"embeddable":true,"href":"https:\/\/rcsyd.se\/cornea\/wp-json\/wp\/v2\/comments?post=3361"}],"version-history":[{"count":1,"href":"https:\/\/rcsyd.se\/cornea\/wp-json\/wp\/v2\/pages\/3361\/revisions"}],"predecessor-version":[{"id":3362,"href":"https:\/\/rcsyd.se\/cornea\/wp-json\/wp\/v2\/pages\/3361\/revisions\/3362"}],"up":[{"embeddable":true,"href":"https:\/\/rcsyd.se\/cornea\/wp-json\/wp\/v2\/pages\/3503"}],"wp:attachment":[{"href":"https:\/\/rcsyd.se\/cornea\/wp-json\/wp\/v2\/media?parent=3361"}],"curies":[{"name":"wp","href":"https:\/\/api.w.org\/{rel}","templated":true}]}}