{"id":3262,"date":"2023-12-04T14:35:24","date_gmt":"2023-12-04T14:35:24","guid":{"rendered":"https:\/\/rcsyd.se\/cornea\/?page_id=3262"},"modified":"2024-11-25T08:01:41","modified_gmt":"2024-11-25T08:01:41","slug":"bullos-keratopati","status":"publish","type":"page","link":"https:\/\/rcsyd.se\/cornea\/patientinformation\/hornhinnesjukdomar\/bullos-keratopati","title":{"rendered":"Bull\u00f6s keratopati"},"content":{"rendered":"<h1>Bull\u00f6s keratopati<\/h1>\n<p>Bull\u00f6s keratopati \u00e4r ett tillst\u00e5nd med svullnad och sm\u00e5 bl\u00e5sor (bullae) i hornhinnan som kan uppst\u00e5 i samband med intraokul\u00e4r kirurgi. Den vanligaste orsaken \u00e4r kataraktoperation. Svullnaden uppst\u00e5r till f\u00f6ljd av f\u00f6rs\u00e4mrad pumpfunktion i hornhinnans innersta lager, endotelet. Normalt pumpar endotelcellerna ut v\u00e4tska fr\u00e5n hornhinnan i syfte att bibeh\u00e5lla hornhinnans genomskinlighet, vilket \u00e4r n\u00f6dv\u00e4ndigt f\u00f6r synfunktionen. Endotelcellerna kan ej nybildas, d\u00e4rf\u00f6r f\u00f6rs\u00e4mras pumpf\u00f6rm\u00e5gan n\u00e4r cellerna skadas och f\u00f6ljden blir suddig syn eftersom hornhinnan grumlas. De sm\u00e5 bl\u00e5sorna i hornhinnan kan brista och orsaka sm\u00e4rtsamma hornhinnes\u00e5r.<\/p>\n<p>En riskfaktor f\u00f6r att utveckla bull\u00f6s keratopati efter kirurgi \u00e4r guttata (Fuchs endoteliala korneala dystrofi), det vill s\u00e4ga ett tillst\u00e5nd av minskat antal endotelceller, f\u00f6re operation.<\/p>\n<p>Bull\u00f6s keratopati kan behandlas med hornhinnetransplantation och idag beror cirka 20 % av de transplantationer som utf\u00f6rs i Sverige p\u00e5 bull\u00f6s keratopati.<br \/>\n<a href=\"https:\/\/rcsyd.se\/cornea\/om-cornea-hornhinna\/hornhinnekirurgi\/hornhinnetransplantationer\">Klicka h\u00e4r f\u00f6r att komma till mer information om hornhinnetransplantationer.<\/a><\/p>\n<figure id=\"attachment_3284\" aria-describedby=\"caption-attachment-3284\" style=\"width: 768px\" class=\"wp-caption aligncenter\"><a href=\"https:\/\/rcsyd.se\/cornea\/wp-content\/uploads\/sites\/18\/2023\/12\/Bullos-keratopati-1.jpg\" target=\"_blank\" rel=\"noopener\"><img loading=\"lazy\" decoding=\"async\" class=\"wp-image-3284 size-full\" src=\"https:\/\/rcsyd.se\/cornea\/wp-content\/uploads\/sites\/18\/2023\/12\/Bullos-keratopati-1.jpg\" alt=\"\u00d6ga med bull\u00f6s keropati.\" width=\"768\" height=\"512\" srcset=\"https:\/\/rcsyd.se\/cornea\/wp-content\/uploads\/sites\/18\/2023\/12\/Bullos-keratopati-1.jpg 768w, https:\/\/rcsyd.se\/cornea\/wp-content\/uploads\/sites\/18\/2023\/12\/Bullos-keratopati-1-300x200.jpg 300w\" sizes=\"(max-width: 768px) 100vw, 768px\" \/><\/a><figcaption id=\"caption-attachment-3284\" class=\"wp-caption-text\">Bull\u00f6s keropati.<\/figcaption><\/figure>\n<figure id=\"attachment_3285\" aria-describedby=\"caption-attachment-3285\" style=\"width: 768px\" class=\"wp-caption aligncenter\"><a href=\"https:\/\/rcsyd.se\/cornea\/wp-content\/uploads\/sites\/18\/2023\/12\/Bullos-keratopati-2.jpg\" target=\"_blank\" rel=\"noopener\"><img loading=\"lazy\" decoding=\"async\" class=\"wp-image-3285 size-full\" src=\"https:\/\/rcsyd.se\/cornea\/wp-content\/uploads\/sites\/18\/2023\/12\/Bullos-keratopati-2.jpg\" alt=\"\u00d6ga med bull\u00f6s keropati.\" width=\"768\" height=\"512\" srcset=\"https:\/\/rcsyd.se\/cornea\/wp-content\/uploads\/sites\/18\/2023\/12\/Bullos-keratopati-2.jpg 768w, https:\/\/rcsyd.se\/cornea\/wp-content\/uploads\/sites\/18\/2023\/12\/Bullos-keratopati-2-300x200.jpg 300w\" sizes=\"(max-width: 768px) 100vw, 768px\" \/><\/a><figcaption id=\"caption-attachment-3285\" class=\"wp-caption-text\">Bull\u00f6s keropati.<\/figcaption><\/figure>\n","protected":false},"excerpt":{"rendered":"<p>Bull\u00f6s keratopati Bull\u00f6s keratopati \u00e4r ett tillst\u00e5nd med svullnad och sm\u00e5 bl\u00e5sor (bullae) i hornhinnan som kan uppst\u00e5 i samband med intraokul\u00e4r kirurgi. Den vanligaste orsaken \u00e4r kataraktoperation. Svullnaden uppst\u00e5r till f\u00f6ljd av f\u00f6rs\u00e4mrad pumpfunktion i hornhinnans innersta lager, endotelet. Normalt pumpar endotelcellerna ut v\u00e4tska fr\u00e5n hornhinnan i syfte att bibeh\u00e5lla hornhinnans genomskinlighet, vilket \u00e4r&#8230; <a class=\"read-more\" href=\"https:\/\/rcsyd.se\/cornea\/patientinformation\/hornhinnesjukdomar\/bullos-keratopati\">L\u00e4s mer<\/a><\/p>\n","protected":false},"author":3,"featured_media":0,"parent":3242,"menu_order":0,"comment_status":"closed","ping_status":"closed","template":"","meta":{"_acf_changed":false,"footnotes":""},"acf":[],"_links":{"self":[{"href":"https:\/\/rcsyd.se\/cornea\/wp-json\/wp\/v2\/pages\/3262"}],"collection":[{"href":"https:\/\/rcsyd.se\/cornea\/wp-json\/wp\/v2\/pages"}],"about":[{"href":"https:\/\/rcsyd.se\/cornea\/wp-json\/wp\/v2\/types\/page"}],"author":[{"embeddable":true,"href":"https:\/\/rcsyd.se\/cornea\/wp-json\/wp\/v2\/users\/3"}],"replies":[{"embeddable":true,"href":"https:\/\/rcsyd.se\/cornea\/wp-json\/wp\/v2\/comments?post=3262"}],"version-history":[{"count":8,"href":"https:\/\/rcsyd.se\/cornea\/wp-json\/wp\/v2\/pages\/3262\/revisions"}],"predecessor-version":[{"id":3563,"href":"https:\/\/rcsyd.se\/cornea\/wp-json\/wp\/v2\/pages\/3262\/revisions\/3563"}],"up":[{"embeddable":true,"href":"https:\/\/rcsyd.se\/cornea\/wp-json\/wp\/v2\/pages\/3242"}],"wp:attachment":[{"href":"https:\/\/rcsyd.se\/cornea\/wp-json\/wp\/v2\/media?parent=3262"}],"curies":[{"name":"wp","href":"https:\/\/api.w.org\/{rel}","templated":true}]}}