{"id":3512,"date":"2025-11-25T09:45:47","date_gmt":"2025-11-25T09:45:47","guid":{"rendered":"https:\/\/rcsyd.se\/ambureg\/?page_id=3512"},"modified":"2025-11-25T09:45:47","modified_gmt":"2025-11-25T09:45:47","slug":"utlamnande-av-data-ur-registret","status":"publish","type":"page","link":"https:\/\/rcsyd.se\/ambureg\/forbattringsarbete-och-forskning\/utlamnande-av-data-ur-registret","title":{"rendered":"Utl\u00e4mnande av data ur registret"},"content":{"rendered":"<h1>Utl\u00e4mnande av data ur registret<\/h1>\n<p><strong>\u00c4r du forskare och vill ha information om hur du anv\u00e4nder kvalitetsregisterdata i forskning? H\u00e4r finns tips p\u00e5 st\u00f6d f\u00f6r ditt arbete.<\/strong><\/p>\n<h2>Processfigur f\u00f6r utl\u00e4mnande av kvalitetsregisterdata<\/h2>\n<p>Mer detaljerad information finns via l\u00e4nkarna l\u00e4ngre ner p\u00e5 sidan, men i korthet g\u00e5r processen f\u00f6r utl\u00e4mnande av data till enligt f\u00f6ljande figur:<\/p>\n<h2><a href=\"https:\/\/rcsyd.se\/swetrau\/wp-content\/uploads\/sites\/10\/2025\/11\/Figur-for-utlamnande-av-registerdata.png\"><img loading=\"lazy\" decoding=\"async\" class=\"aligncenter size-large wp-image-3863\" src=\"https:\/\/rcsyd.se\/swetrau\/wp-content\/uploads\/sites\/10\/2025\/11\/Figur-for-utlamnande-av-registerdata-1024x465.png\" alt=\"Figur som visar processen f\u00f6r utl\u00e4mnande av kvalitetsregisterdata. Stegen i figuren \u00e4r i tur och ordning 1. Dialog med registerorganisation (registerh\u00e5llare\/styrgrupp) 2. Ans\u00f6kan till Etikpr\u00f6vningsmyndigheten 3. Ans\u00f6kan till den myndighet som \u00e4r CPUA (centralt personuppgiftsansvarig) f\u00f6r registret 4. Godk\u00e4nd ans\u00f6kan till registerorganisation eller st\u00f6djande registercentrum f\u00f6r utl\u00e4mnande av data.\" width=\"640\" height=\"291\" \/><\/a><\/h2>\n<h2>Guide f\u00f6r utl\u00e4mnande av data och v\u00e4gledning vid forskning<\/h2>\n<p>Om du vill anv\u00e4nda data fr\u00e5n kvalitetsregister i din forskning kan du hos Kunskapsstyrning h\u00e4lso- och sjukv\u00e5rd l\u00e4sa om hur det g\u00e5r till vid utl\u00e4mnande av data och en v\u00e4gledning g\u00e4llande registerdata i forskning.<br \/>\n<a href=\"https:\/\/kunskapsstyrningvard.se\/kunskapsstyrningvard\/datauppfoljningochanalys\/kvalitetsregister\/medarbetareikvalitetsregister\/datahantering\/lamnautkvalitetsregisterdata.77644.html\" target=\"_blank\" rel=\"noopener noreferrer\">Klicka h\u00e4r f\u00f6r att komma till mer information hos Kunskapsstyrning h\u00e4lso- och sjukv\u00e5rd<\/a>.<\/p>\n<h2>Etikpr\u00f6vningsmyndigheten<\/h2>\n<p><a href=\"https:\/\/etikprovningsmyndigheten.se\/\" target=\"_blank\" rel=\"noopener\">Klicka h\u00e4r f\u00f6r att komma till Etikpr\u00f6vningsmyndighetens hemsida.<\/a><\/p>\n<h2>Vetenskapsr\u00e5dets metadatabasverktyg RUT (Register Utiliser Tool).<\/h2>\n<p><a href=\"https:\/\/rut.registerforskning.se\/\" target=\"_blank\" rel=\"noopener\">Klicka h\u00e4r f\u00f6r att komma till mer information om RUT.<\/a><\/p>\n<h2>Ans\u00f6kan om datauttag f\u00f6r forskning<\/h2>\n<p>Du som \u00e4r forskare och \u00f6nskar g\u00f6ra datauttag f\u00f6r forskning ur registret beh\u00f6ver g\u00f6ra en ans\u00f6kan om detta hos Region Sk\u00e5ne.<br \/>\n<a href=\"https:\/\/www.skane.se\/om-region-skane\/forskning\/for-dig-som-forskar\/personuppgifter-och-patientdata\/kvb-ansokan-for-utlamnande-av-patientdata\/\" target=\"_blank\" rel=\"noopener\">Klicka h\u00e4r f\u00f6r att komma till mer information hos Region Sk\u00e5ne.<\/a><\/p>\n","protected":false},"excerpt":{"rendered":"<p>Utl\u00e4mnande av data ur registret \u00c4r du forskare och vill ha information om hur du anv\u00e4nder kvalitetsregisterdata i forskning? H\u00e4r finns tips p\u00e5 st\u00f6d f\u00f6r ditt arbete. Processfigur f\u00f6r utl\u00e4mnande av kvalitetsregisterdata Mer detaljerad information finns via l\u00e4nkarna l\u00e4ngre ner p\u00e5 sidan, men i korthet g\u00e5r processen f\u00f6r utl\u00e4mnande av data till enligt f\u00f6ljande figur:&#8230; <a class=\"read-more\" href=\"https:\/\/rcsyd.se\/ambureg\/forbattringsarbete-och-forskning\/utlamnande-av-data-ur-registret\">L\u00e4s mer<\/a><\/p>\n","protected":false},"author":3,"featured_media":0,"parent":2561,"menu_order":0,"comment_status":"closed","ping_status":"closed","template":"","meta":{"_acf_changed":false,"footnotes":""},"acf":[],"_links":{"self":[{"href":"https:\/\/rcsyd.se\/ambureg\/wp-json\/wp\/v2\/pages\/3512"}],"collection":[{"href":"https:\/\/rcsyd.se\/ambureg\/wp-json\/wp\/v2\/pages"}],"about":[{"href":"https:\/\/rcsyd.se\/ambureg\/wp-json\/wp\/v2\/types\/page"}],"author":[{"embeddable":true,"href":"https:\/\/rcsyd.se\/ambureg\/wp-json\/wp\/v2\/users\/3"}],"replies":[{"embeddable":true,"href":"https:\/\/rcsyd.se\/ambureg\/wp-json\/wp\/v2\/comments?post=3512"}],"version-history":[{"count":1,"href":"https:\/\/rcsyd.se\/ambureg\/wp-json\/wp\/v2\/pages\/3512\/revisions"}],"predecessor-version":[{"id":3513,"href":"https:\/\/rcsyd.se\/ambureg\/wp-json\/wp\/v2\/pages\/3512\/revisions\/3513"}],"up":[{"embeddable":true,"href":"https:\/\/rcsyd.se\/ambureg\/wp-json\/wp\/v2\/pages\/2561"}],"wp:attachment":[{"href":"https:\/\/rcsyd.se\/ambureg\/wp-json\/wp\/v2\/media?parent=3512"}],"curies":[{"name":"wp","href":"https:\/\/api.w.org\/{rel}","templated":true}]}}