{"id":2787,"date":"0215-01-13T13:39:47","date_gmt":"0215-01-13T13:39:47","guid":{"rendered":"https:\/\/rcsyd.se\/ambureg\/?page_id=2787"},"modified":"2025-10-24T10:21:12","modified_gmt":"2025-10-24T10:21:12","slug":"datafangst","status":"publish","type":"page","link":"https:\/\/rcsyd.se\/ambureg\/registrering\/datafangst","title":{"rendered":"Dataf\u00e5ngst"},"content":{"rendered":"<h1>Dataf\u00e5ngst<\/h1>\n<h2>Pilottestinsamling<\/h2>\n<p>Vid pilottestinsamlingen genomf\u00f6rdes dataf\u00e5ngsten via en direkt SQL (Structured Query Language)-fr\u00e5ga till driftservern i de medverkande verksamheterna i testinsamlingen. Fr\u00e5gan konstruerades utifr\u00e5n de variabler som beslutades i projektgruppen samt under ett \u00e5r som avgr\u00e4nsningsperiod (2015). Data p\u00e5 respektive region\/l\u00e4ns driftserver \u00e4r en direkt spegling av inmatningar ambulanssjuksk\u00f6terskan matar in till driftservern via journalprogramvaran.<br \/>\nInmatningen sker &#8221;bedside&#8221; hos patient till ankomst till mottagande v\u00e5rdenhet.<\/p>\n<h2>Framtida insamlingsmetod<\/h2>\n<p>Dataf\u00e5ngsten inom registret \u00e4r fram\u00f6ver t\u00e4nkt att ske genom automatisk \u00f6verf\u00f6ring av data fr\u00e5n respektive verksamhets statistikserver. Respektive statistikserver \u00e4r en spegling av driftservern med samma variabler som i testinsamlingen. S\u00e5ledes \u00e4r dataf\u00e5ngsten en avbild av inkluderade m\u00e4tpunkter av data som sjuksk\u00f6terskan i ambulans f\u00f6r in i ambulansjournal. En automatisk \u00f6verf\u00f6ring fr\u00e5n verksamhetens statistikdatabas planeras ske regelbundet till Registercenter Syd via nationell tj\u00e4nsteplattform eller p\u00e5 annat s\u00e4tt och tj\u00e4nstekontrakt uppr\u00e4ttas med medverkande l\u00e4n\/regioner. Den automatiska dataf\u00e5ngsten kommer att ske i bakgrunden och \u00e4ndrar eller p\u00e5verkar inte arbetsmetoden f\u00f6r sk\u00f6terskan i ambulansen.<\/p>\n<h2>\u00c5terkoppling<\/h2>\n<p>F\u00f6r ambulansregistret \u00e4r det viktigt att ha online\u00e5terkoppling. Som anv\u00e4ndare av registret \u00e4r det viktigt att s\u00e5 snabbt som m\u00f6jligt f\u00e5 \u00e5terkoppling p\u00e5 data som registrerats och ambitionen \u00e4r att registret ska tillhandah\u00e5lla denna funktion p\u00e5 samma s\u00e4tt som till exempel landets f\u00f6rlossningskliniker har d\u00e4r man f\u00e5r \u00e5terkoppling p\u00e5 senaste dygnets registrering redan dygnet efter.<\/p>\n","protected":false},"excerpt":{"rendered":"<p>Dataf\u00e5ngst Pilottestinsamling Vid pilottestinsamlingen genomf\u00f6rdes dataf\u00e5ngsten via en direkt SQL (Structured Query Language)-fr\u00e5ga till driftservern i de medverkande verksamheterna i testinsamlingen. Fr\u00e5gan konstruerades utifr\u00e5n de variabler som beslutades i projektgruppen samt under ett \u00e5r som avgr\u00e4nsningsperiod (2015). Data p\u00e5 respektive region\/l\u00e4ns driftserver \u00e4r en direkt spegling av inmatningar ambulanssjuksk\u00f6terskan matar in till driftservern via journalprogramvaran&#8230;. <a class=\"read-more\" href=\"https:\/\/rcsyd.se\/ambureg\/registrering\/datafangst\">L\u00e4s mer<\/a><\/p>\n","protected":false},"author":3,"featured_media":0,"parent":260,"menu_order":0,"comment_status":"closed","ping_status":"closed","template":"","meta":{"_acf_changed":false,"footnotes":""},"acf":[],"_links":{"self":[{"href":"https:\/\/rcsyd.se\/ambureg\/wp-json\/wp\/v2\/pages\/2787"}],"collection":[{"href":"https:\/\/rcsyd.se\/ambureg\/wp-json\/wp\/v2\/pages"}],"about":[{"href":"https:\/\/rcsyd.se\/ambureg\/wp-json\/wp\/v2\/types\/page"}],"author":[{"embeddable":true,"href":"https:\/\/rcsyd.se\/ambureg\/wp-json\/wp\/v2\/users\/3"}],"replies":[{"embeddable":true,"href":"https:\/\/rcsyd.se\/ambureg\/wp-json\/wp\/v2\/comments?post=2787"}],"version-history":[{"count":4,"href":"https:\/\/rcsyd.se\/ambureg\/wp-json\/wp\/v2\/pages\/2787\/revisions"}],"predecessor-version":[{"id":3495,"href":"https:\/\/rcsyd.se\/ambureg\/wp-json\/wp\/v2\/pages\/2787\/revisions\/3495"}],"up":[{"embeddable":true,"href":"https:\/\/rcsyd.se\/ambureg\/wp-json\/wp\/v2\/pages\/260"}],"wp:attachment":[{"href":"https:\/\/rcsyd.se\/ambureg\/wp-json\/wp\/v2\/media?parent=2787"}],"curies":[{"name":"wp","href":"https:\/\/api.w.org\/{rel}","templated":true}]}}