{"id":2520,"date":"2015-01-13T13:41:26","date_gmt":"2015-01-13T13:41:26","guid":{"rendered":"https:\/\/rcsyd.se\/ambureg\/?page_id=2520"},"modified":"2025-10-24T11:04:02","modified_gmt":"2025-10-24T11:04:02","slug":"variabellistor-och-inmatningsinformation","status":"publish","type":"page","link":"https:\/\/rcsyd.se\/ambureg\/registrering\/variabellistor-och-inmatningsinformation","title":{"rendered":"Variabellistor och inmatningsinformation"},"content":{"rendered":"<h1>Variabellistor och inmatningsinformation<\/h1>\n<p>I nedladdningsboxen p\u00e5 denna sida finner du nedladdningsbara filer g\u00e4llande variabler och inmatning i Ambulansregistret.<\/p>\n<p>F\u00f6r XSD-filerna och XML-filen h\u00f6gerklickar du p\u00e5 respektive fill\u00e4nk och v\u00e4ljer &#8221;Spara l\u00e4nk som&#8221; f\u00f6r att spara ner.<\/p>\n","protected":false},"excerpt":{"rendered":"<p>Variabellistor och inmatningsinformation I nedladdningsboxen p\u00e5 denna sida finner du nedladdningsbara filer g\u00e4llande variabler och inmatning i Ambulansregistret. F\u00f6r XSD-filerna och XML-filen h\u00f6gerklickar du p\u00e5 respektive fill\u00e4nk och v\u00e4ljer &#8221;Spara l\u00e4nk som&#8221; f\u00f6r att spara ner.<\/p>\n","protected":false},"author":3,"featured_media":0,"parent":260,"menu_order":0,"comment_status":"closed","ping_status":"closed","template":"","meta":{"_acf_changed":false,"footnotes":""},"acf":[],"_links":{"self":[{"href":"https:\/\/rcsyd.se\/ambureg\/wp-json\/wp\/v2\/pages\/2520"}],"collection":[{"href":"https:\/\/rcsyd.se\/ambureg\/wp-json\/wp\/v2\/pages"}],"about":[{"href":"https:\/\/rcsyd.se\/ambureg\/wp-json\/wp\/v2\/types\/page"}],"author":[{"embeddable":true,"href":"https:\/\/rcsyd.se\/ambureg\/wp-json\/wp\/v2\/users\/3"}],"replies":[{"embeddable":true,"href":"https:\/\/rcsyd.se\/ambureg\/wp-json\/wp\/v2\/comments?post=2520"}],"version-history":[{"count":36,"href":"https:\/\/rcsyd.se\/ambureg\/wp-json\/wp\/v2\/pages\/2520\/revisions"}],"predecessor-version":[{"id":3280,"href":"https:\/\/rcsyd.se\/ambureg\/wp-json\/wp\/v2\/pages\/2520\/revisions\/3280"}],"up":[{"embeddable":true,"href":"https:\/\/rcsyd.se\/ambureg\/wp-json\/wp\/v2\/pages\/260"}],"wp:attachment":[{"href":"https:\/\/rcsyd.se\/ambureg\/wp-json\/wp\/v2\/media?parent=2520"}],"curies":[{"name":"wp","href":"https:\/\/api.w.org\/{rel}","templated":true}]}}