{"id":2190,"date":"2020-11-18T10:24:33","date_gmt":"2020-11-18T10:24:33","guid":{"rendered":"https:\/\/rcsyd.se\/ambureg\/?page_id=2190"},"modified":"2026-04-01T13:23:43","modified_gmt":"2026-04-01T13:23:43","slug":"arsrapporter","status":"publish","type":"page","link":"https:\/\/rcsyd.se\/ambureg\/publikationer\/arsrapporter","title":{"rendered":"\u00c5rsrapporter"},"content":{"rendered":"<h1>\u00c5rsrapporter<\/h1>\n<p>Via nedladdningsboxen p\u00e5 denna sida hittar du nedladdningsbara \u00e5rsrapporter fr\u00e5n Ambulansregistret.<\/p>\n","protected":false},"excerpt":{"rendered":"<p>\u00c5rsrapporter Via nedladdningsboxen p\u00e5 denna sida hittar du nedladdningsbara \u00e5rsrapporter fr\u00e5n Ambulansregistret.<\/p>\n","protected":false},"author":3,"featured_media":0,"parent":16,"menu_order":0,"comment_status":"closed","ping_status":"closed","template":"","meta":{"_acf_changed":false,"footnotes":""},"acf":[],"_links":{"self":[{"href":"https:\/\/rcsyd.se\/ambureg\/wp-json\/wp\/v2\/pages\/2190"}],"collection":[{"href":"https:\/\/rcsyd.se\/ambureg\/wp-json\/wp\/v2\/pages"}],"about":[{"href":"https:\/\/rcsyd.se\/ambureg\/wp-json\/wp\/v2\/types\/page"}],"author":[{"embeddable":true,"href":"https:\/\/rcsyd.se\/ambureg\/wp-json\/wp\/v2\/users\/3"}],"replies":[{"embeddable":true,"href":"https:\/\/rcsyd.se\/ambureg\/wp-json\/wp\/v2\/comments?post=2190"}],"version-history":[{"count":16,"href":"https:\/\/rcsyd.se\/ambureg\/wp-json\/wp\/v2\/pages\/2190\/revisions"}],"predecessor-version":[{"id":3555,"href":"https:\/\/rcsyd.se\/ambureg\/wp-json\/wp\/v2\/pages\/2190\/revisions\/3555"}],"up":[{"embeddable":true,"href":"https:\/\/rcsyd.se\/ambureg\/wp-json\/wp\/v2\/pages\/16"}],"wp:attachment":[{"href":"https:\/\/rcsyd.se\/ambureg\/wp-json\/wp\/v2\/media?parent=2190"}],"curies":[{"name":"wp","href":"https:\/\/api.w.org\/{rel}","templated":true}]}}