{"id":176,"date":"2014-12-18T10:05:31","date_gmt":"2014-12-18T10:05:31","guid":{"rendered":"https:\/\/rcsyd.se\/ambureg\/?page_id=176"},"modified":"2022-10-20T08:18:04","modified_gmt":"2022-10-20T08:18:04","slug":"lankar","status":"publish","type":"page","link":"https:\/\/rcsyd.se\/ambureg\/lankar","title":{"rendered":"L\u00e4nkar"},"content":{"rendered":"<h1 align=\"left\">L\u00e4nkar<\/h1>\n<h2 align=\"left\">Organisationer och myndigheter<\/h2>\n<p>Nationella Kvalitetsregister<br \/>\n<a href=\"http:\/\/www.kvalitetsregister.se\/\" target=\"_blank\" rel=\"noopener noreferrer\">www.kvalitetsregister.se<\/a><\/p>\n<p>1177 V\u00e5rdguiden<br \/>\n<a href=\"http:\/\/www.1177.se\" target=\"_blank\" rel=\"noopener noreferrer\">www.1177.se<\/a><\/p>\n<p>Landstingens\/regionernas \u00f6msesidiga f\u00f6rs\u00e4kringsbolag (L\u00f6f)<br \/>\n<a href=\"https:\/\/lof.se\/patientsakerhet\" target=\"_blank\" rel=\"noopener\">www.lof.se\/patientsakerhet<\/a><\/p>\n<p>Socialstyrelsen (SoS)<br \/>\n<a href=\"http:\/\/www.socialstyrelsen.se\" target=\"_blank\" rel=\"noopener noreferrer\">www.socialstyrelsen.se<\/a><\/p>\n<p>Sveriges Kommuner och Regioner (SKR)<br \/>\n<a href=\"http:\/\/www.skr.se\/\" target=\"_blank\" rel=\"noopener noreferrer\">www.skr.se<\/a><\/p>\n<h2>Nationella Registercentrum<\/h2>\n<p>QRC Stockholm<br \/>\n<a href=\"http:\/\/www.qrcstockholm.se\/\" target=\"_blank\" rel=\"noopener noreferrer\">www.qrcstockholm.se<\/a><\/p>\n<p>Registercentrum Norr (RC Norr)<br \/>\n<a href=\"https:\/\/rcnorr.se\" target=\"_blank\" rel=\"noopener noreferrer\">www.rcnorr.se<\/a><\/p>\n<p>Registercentrum Syd (RC Syd)<br \/>\n<a href=\"https:\/\/rcsyd.se\" target=\"_blank\" rel=\"noopener noreferrer\">www.rcsyd.se<\/a><\/p>\n<p>Registercentrum SydOst (RCSO)<br \/>\n<a href=\"http:\/\/www.rcso.se\" target=\"_blank\" rel=\"noopener noreferrer\">www.rcso.se<\/a><\/p>\n<p>Registercentrum V\u00e4stra G\u00f6taland (RC VGR)<br \/>\n<a href=\"http:\/\/www.registercentrum.se\/\" target=\"_blank\" rel=\"noopener noreferrer\">www.registercentrum.se<\/a><\/p>\n<p>Uppsala Clinical Research (UCR)<br \/>\n<a href=\"http:\/\/www.ucr.uu.se\/\" target=\"_blank\" rel=\"noopener noreferrer\">www.ucr.uu.se<\/a><\/p>\n<h2>Andra register<\/h2>\n<p>Svenska Hj\u00e4rt-Lungr\u00e4ddningsregistret (HLR-registret)<br \/>\n<a href=\"https:\/\/shlr.registercentrum.se\/\" target=\"_blank\" rel=\"noopener\">https:\/\/shlr.registercentrum.se\/<\/a><\/p>\n<p>Svenska Traumaregistret (SweTrau)<br \/>\n<a href=\"http:\/\/www.swetrau.se\" target=\"_blank\" rel=\"noopener\">www.swetrau.se<\/a><\/p>\n","protected":false},"excerpt":{"rendered":"<p>L\u00e4nkar Organisationer och myndigheter Nationella Kvalitetsregister www.kvalitetsregister.se 1177 V\u00e5rdguiden www.1177.se Landstingens\/regionernas \u00f6msesidiga f\u00f6rs\u00e4kringsbolag (L\u00f6f) www.lof.se\/patientsakerhet Socialstyrelsen (SoS) www.socialstyrelsen.se Sveriges Kommuner och Regioner (SKR) www.skr.se Nationella Registercentrum QRC Stockholm www.qrcstockholm.se Registercentrum Norr (RC Norr) www.rcnorr.se Registercentrum Syd (RC Syd) www.rcsyd.se Registercentrum SydOst (RCSO) www.rcso.se Registercentrum V\u00e4stra G\u00f6taland (RC VGR) www.registercentrum.se Uppsala Clinical Research (UCR) www.ucr.uu.se Andra&#8230; <a class=\"read-more\" href=\"https:\/\/rcsyd.se\/ambureg\/lankar\">L\u00e4s mer<\/a><\/p>\n","protected":false},"author":3,"featured_media":0,"parent":0,"menu_order":0,"comment_status":"open","ping_status":"open","template":"","meta":{"_acf_changed":false,"footnotes":""},"acf":[],"_links":{"self":[{"href":"https:\/\/rcsyd.se\/ambureg\/wp-json\/wp\/v2\/pages\/176"}],"collection":[{"href":"https:\/\/rcsyd.se\/ambureg\/wp-json\/wp\/v2\/pages"}],"about":[{"href":"https:\/\/rcsyd.se\/ambureg\/wp-json\/wp\/v2\/types\/page"}],"author":[{"embeddable":true,"href":"https:\/\/rcsyd.se\/ambureg\/wp-json\/wp\/v2\/users\/3"}],"replies":[{"embeddable":true,"href":"https:\/\/rcsyd.se\/ambureg\/wp-json\/wp\/v2\/comments?post=176"}],"version-history":[{"count":36,"href":"https:\/\/rcsyd.se\/ambureg\/wp-json\/wp\/v2\/pages\/176\/revisions"}],"predecessor-version":[{"id":2917,"href":"https:\/\/rcsyd.se\/ambureg\/wp-json\/wp\/v2\/pages\/176\/revisions\/2917"}],"wp:attachment":[{"href":"https:\/\/rcsyd.se\/ambureg\/wp-json\/wp\/v2\/media?parent=176"}],"curies":[{"name":"wp","href":"https:\/\/api.w.org\/{rel}","templated":true}]}}